{"id":29652,"date":"2020-10-12T07:00:00","date_gmt":"2020-10-12T10:00:00","guid":{"rendered":"http:\/\/sme.goiania.go.gov.br\/conexaoescola\/?post_type=eaja&#038;p=29652"},"modified":"2021-11-16T15:51:21","modified_gmt":"2021-11-16T17:51:21","slug":"29652","status":"publish","type":"eaja","link":"https:\/\/sme.goiania.go.gov.br\/conexaoescola\/eaja\/29652\/","title":{"rendered":"Arte &#8211; \u00c1gua, Fonte de Vida"},"content":{"rendered":"\n<p class=\"has-medium-font-size\">Reflita sobre a import\u00e2ncia da \u00e1gua em nossa vida, e depois em como transformar esse tema num ve\u00edculo de comunica\u00e7\u00e3o muito simples e importante que \u00e9 o \u201ccartaz\u201d. A \u00e1gua \u00e9 fonte de vida! N\u00e3o importa quem somos ou fazemos, onde vivemos, n\u00f3s dependemos dela para viver. \u00c1gua \u00e9 condi\u00e7\u00e3o essencial de vida para todo ser vivo, seja ele animal ou vegetal, mas, as pessoas poluem e destroem os rios e suas nascentes.<\/p>\n\n\n\n<hr class=\"wp-block-separator\"\/>\n\n\n\n<h2 class=\"wp-block-heading\"><strong>Atividade 1<\/strong><\/h2>\n\n\n\n<p class=\"has-medium-font-size\"><strong>&nbsp;<\/strong>Leia o Documento Declara\u00e7\u00e3o Universal dos Direito da \u00c1gua elaborado pela ONU (Organiza\u00e7\u00e3o das Na\u00e7\u00f5es Unidas) no site da PUC\/SP e fa\u00e7a uma ilustra\u00e7\u00e3o bem legal no seu caderno de Arte.<\/p>\n\n\n\n<p class=\"has-text-align-center has-vivid-purple-color has-very-light-gray-background-color has-text-color has-background has-medium-font-size\"><a href=\"https:\/\/www.pucsp.br\/ecopolitica\/documentos\/seguranca\/docs\/declaracao_direitos_agua_onu.pdf\" target=\"_blank\" rel=\"noreferrer noopener\">https:\/\/www.pucsp.br\/ecopolitica\/documentos\/seguranca\/docs\/declaracao_direitos_agua_onu.pdf<\/a><\/p>\n\n\n\n<hr class=\"wp-block-separator\"\/>\n\n\n\n<h2 class=\"wp-block-heading\"><strong>Atividade 2<\/strong><\/h2>\n\n\n\n<p class=\"has-medium-font-size\">Ap\u00f3s a leitura, reflex\u00e3o e ilustra\u00e7\u00e3o do Documento: \u201cDeclara\u00e7\u00e3o Universal dos Direitos da \u00c1gua\u201d assista ao v\u00eddeo \u201cAgua &#8211; Fonte da vida\u201d e em seguida, usando sua criatividade, elabore um bonito cartaz sobre o tema. Use imagens e uma frase de impacto referente ao assunto. Providencie o material de sua prefer\u00eancia, pode ser cartolina, papel chamex ou mesmo uma folha do seu caderno de desenho ou da disciplina.&nbsp;<strong><\/strong><\/p>\n\n\n\n<p class=\"has-medium-font-size\"><strong>OBS.: Use para ilustrar o cartaz figuras ou desenhos feitos por voc\u00ea.<\/strong><\/p>\n\n\n\n<figure class=\"wp-block-embed is-type-video is-provider-youtube wp-block-embed-youtube wp-embed-aspect-4-3 wp-has-aspect-ratio\"><div class=\"wp-block-embed__wrapper\">\n<p class=\"responsive-video-wrap clr\"><iframe title=\"Agua - Fonte da vida\" width=\"1200\" height=\"900\" src=\"https:\/\/www.youtube.com\/embed\/ZKuPR658kZw?feature=oembed\" frameborder=\"0\" allow=\"accelerometer; autoplay; clipboard-write; encrypted-media; gyroscope; picture-in-picture\" allowfullscreen><\/iframe><\/p>\n<\/div><figcaption>&#8220;Agua &#8211; Fonte da vida&#8221; &#8211; Canal: <a href=\"https:\/\/www.youtube.com\/channel\/UCQUX2jiHP9gzapQdovkKq7w\">JoseGomesKGS<\/a> &#8211;<br>Link: <a rel=\"noreferrer noopener\" href=\"https:\/\/www.youtube.com\/watch?v=ZKuPR658kZw\" target=\"_blank\">https:\/\/www.youtube.com\/watch?v=ZKuPR658kZw<\/a><\/figcaption><\/figure>\n\n\n\n<hr class=\"wp-block-separator\"\/>\n\n\n\n<p class=\"has-very-light-gray-color has-vivid-cyan-blue-background-color has-text-color has-background has-medium-font-size\">Saiba Mais | Refer\u00eancias:<\/p>\n\n\n\n<p class=\"has-medium-font-size\">Texto complementar \u2013 enriquecendo conhecimentos<\/p>\n\n\n\n<p class=\"has-medium-font-size\">Uma reflex\u00e3o sobre a \u00e1gua: ontem, hoje e amanh\u00e3<strong><\/strong><\/p>\n\n\n\n<p class=\"has-text-align-center has-vivid-purple-color has-very-light-gray-background-color has-text-color has-background has-medium-font-size\"><a href=\"http:\/\/unisal.br\/hotsite\/recicle\/uma-reflexao-sobre-a-agua-ontem-hoje-e-amanha\/\" target=\"_blank\" rel=\"noreferrer noopener\">http:\/\/unisal.br\/hotsite\/recicle\/uma-reflexao-sobre-a-agua-ontem-hoje-e-amanha\/<\/a><\/p>\n\n\n\n<p class=\"has-medium-font-size\">Imagens de cartazes educativos<\/p>\n\n\n\n<p class=\"has-text-align-center has-vivid-purple-color has-very-light-gray-background-color has-text-color has-background has-medium-font-size\"><a rel=\"noreferrer noopener\" href=\"https:\/\/www.google.com\/search?q=CARTAZ+SOBRE+AGUA&amp;tbm=isch&amp;chips=q:cartaz+sobre+agua,g_1:educativo&amp;rlz=1C1AVFA_enBR787BR787&amp;hl=pt-BR&amp;sa=X&amp;ved=2ahUKEwj7nYnp-4zrAhVGAbkGHfy3B94Q4lYoCXoECAEQIw&amp;biw=1349&amp;bih=657\" target=\"_blank\">https:\/\/www.google.com\/search?q=CARTAZ+SOBRE+AGUA&amp;tbm=isch&amp;chips=q:cartaz+sobre+agua,g_1:educativo&amp;rlz=1C1AVFA_enBR787BR787&amp;hl=pt-BR&amp;sa=X&amp;ved=2ahUKEwj7nYnp-4zrAhVGAbkGHfy3B94Q4lYoCXoECAEQIw&amp;biw=1349&amp;bih=657<\/a><\/p>\n\n\n\n<figure class=\"wp-block-table alignfull is-style-regular\"><table><tbody><tr><td>Componente(s) Curricular(res)<\/td><td>Artes Visuais<\/td><\/tr><tr><td>Objetivos de Aprendizagem e Desenvolvimento<\/td><td>(EAJAAR0505) Identificar e explorar as visualidades presentes na vida cotidiana, reconhecendo as intera\u00e7\u00f5es e conex\u00f5es entre os elementos da linguagem visual que os constitui: fotografia, cartazes, televis\u00e3o, publicidade, desenho industrial, entre outros.<\/td><\/tr><tr><td>Professor<\/td><td>Eunice<\/td><\/tr><tr><td>Institui\u00e7\u00e3o Educacional<\/td><td>C\u00e9sar da Cunha Bastos<\/td><\/tr><tr><td>CRE<\/td><td>&nbsp;Jarbas Jayme<\/td><\/tr><\/tbody><\/table><\/figure>\n\n\n\n<hr class=\"wp-block-separator\"\/>\n\n\n\n<p class=\"has-text-align-center has-medium-font-size\">EAJA \u2013Educa\u00e7\u00e3o Ambiental e Sa\u00fade \u2013 2\u00b0 Segmento \u2013 7\u00aa a 8\u00aa s\u00e9ries<\/p>\n","protected":false},"author":27,"featured_media":29656,"template":"","meta":{"_acf_changed":false,"ocean_post_layout":"","ocean_both_sidebars_style":"","ocean_both_sidebars_content_width":0,"ocean_both_sidebars_sidebars_width":0,"ocean_sidebar":"","ocean_second_sidebar":"","ocean_disable_margins":"enable","ocean_add_body_class":"","ocean_shortcode_before_top_bar":"","ocean_shortcode_after_top_bar":"","ocean_shortcode_before_header":"","ocean_shortcode_after_header":"","ocean_has_shortcode":"","ocean_shortcode_after_title":"","ocean_shortcode_before_footer_widgets":"","ocean_shortcode_after_footer_widgets":"","ocean_shortcode_before_footer_bottom":"","ocean_shortcode_after_footer_bottom":"","ocean_display_top_bar":"default","ocean_display_header":"default","ocean_header_style":"","ocean_center_header_left_menu":"","ocean_custom_header_template":"","ocean_custom_logo":0,"ocean_custom_retina_logo":0,"ocean_custom_logo_max_width":0,"ocean_custom_logo_tablet_max_width":0,"ocean_custom_logo_mobile_max_width":0,"ocean_custom_logo_max_height":0,"ocean_custom_logo_tablet_max_height":0,"ocean_custom_logo_mobile_max_height":0,"ocean_header_custom_menu":"","ocean_menu_typo_font_family":"","ocean_menu_typo_font_subset":"","ocean_menu_typo_font_size":0,"ocean_menu_typo_font_size_tablet":0,"ocean_menu_typo_font_size_mobile":0,"ocean_menu_typo_font_size_unit":"px","ocean_menu_typo_font_weight":"","ocean_menu_typo_font_weight_tablet":"","ocean_menu_typo_font_weight_mobile":"","ocean_menu_typo_transform":"","ocean_menu_typo_transform_tablet":"","ocean_menu_typo_transform_mobile":"","ocean_menu_typo_line_height":0,"ocean_menu_typo_line_height_tablet":0,"ocean_menu_typo_line_height_mobile":0,"ocean_menu_typo_line_height_unit":"","ocean_menu_typo_spacing":0,"ocean_menu_typo_spacing_tablet":0,"ocean_menu_typo_spacing_mobile":0,"ocean_menu_typo_spacing_unit":"","ocean_menu_link_color":"","ocean_menu_link_color_hover":"","ocean_menu_link_color_active":"","ocean_menu_link_background":"","ocean_menu_link_hover_background":"","ocean_menu_link_active_background":"","ocean_menu_social_links_bg":"","ocean_menu_social_hover_links_bg":"","ocean_menu_social_links_color":"","ocean_menu_social_hover_links_color":"","ocean_disable_title":"default","ocean_disable_heading":"default","ocean_post_title":"","ocean_post_subheading":"","ocean_post_title_style":"","ocean_post_title_background_color":"","ocean_post_title_background":0,"ocean_post_title_bg_image_position":"","ocean_post_title_bg_image_attachment":"","ocean_post_title_bg_image_repeat":"","ocean_post_title_bg_image_size":"","ocean_post_title_height":0,"ocean_post_title_bg_overlay":0.5,"ocean_post_title_bg_overlay_color":"","ocean_disable_breadcrumbs":"default","ocean_breadcrumbs_color":"","ocean_breadcrumbs_separator_color":"","ocean_breadcrumbs_links_color":"","ocean_breadcrumbs_links_hover_color":"","ocean_display_footer_widgets":"default","ocean_display_footer_bottom":"default","ocean_custom_footer_template":""},"eaja_categoria":[69],"serie":[76],"eaja_componente":[83],"class_list":["post-29652","eaja","type-eaja","status-publish","has-post-thumbnail","hentry","eaja_categoria-2o-segmento-7a-e-8a-serie","serie-7a-serie","eaja_componente-arte","entry","has-media"],"acf":[],"_links":{"self":[{"href":"https:\/\/sme.goiania.go.gov.br\/conexaoescola\/wp-json\/wp\/v2\/eaja\/29652","targetHints":{"allow":["GET"]}}],"collection":[{"href":"https:\/\/sme.goiania.go.gov.br\/conexaoescola\/wp-json\/wp\/v2\/eaja"}],"about":[{"href":"https:\/\/sme.goiania.go.gov.br\/conexaoescola\/wp-json\/wp\/v2\/types\/eaja"}],"author":[{"embeddable":true,"href":"https:\/\/sme.goiania.go.gov.br\/conexaoescola\/wp-json\/wp\/v2\/users\/27"}],"wp:featuredmedia":[{"embeddable":true,"href":"https:\/\/sme.goiania.go.gov.br\/conexaoescola\/wp-json\/wp\/v2\/media\/29656"}],"wp:attachment":[{"href":"https:\/\/sme.goiania.go.gov.br\/conexaoescola\/wp-json\/wp\/v2\/media?parent=29652"}],"wp:term":[{"taxonomy":"eaja_categoria","embeddable":true,"href":"https:\/\/sme.goiania.go.gov.br\/conexaoescola\/wp-json\/wp\/v2\/eaja_categoria?post=29652"},{"taxonomy":"serie","embeddable":true,"href":"https:\/\/sme.goiania.go.gov.br\/conexaoescola\/wp-json\/wp\/v2\/serie?post=29652"},{"taxonomy":"eaja_componente","embeddable":true,"href":"https:\/\/sme.goiania.go.gov.br\/conexaoescola\/wp-json\/wp\/v2\/eaja_componente?post=29652"}],"curies":[{"name":"wp","href":"https:\/\/api.w.org\/{rel}","templated":true}]}}

Arte &#8211; Água, Fonte de Vida

<p class="has-medium-font-size">Reflita sobre a importância da água em nossa vida, e depois em como transformar esse tema num veículo de comunicação muito simples e importante que é o “cartaz”. A água é fonte de vida! Não importa quem somos ou fazemos, onde vivemos, nós dependemos dela para viver. Água é condição essencial de vida para todo ser vivo, seja ele animal ou vegetal, mas, as pessoas poluem e destroem os rios e suas nascentes.</p>



<hr class="wp-block-separator"/>



<h2 class="wp-block-heading"><strong>Atividade 1</strong></h2>



<p class="has-medium-font-size"><strong>&nbsp;</strong>Leia o Documento Declaração Universal dos Direito da Água elaborado pela ONU (Organização das Nações Unidas) no site da PUC/SP e faça uma ilustração bem legal no seu caderno de Arte.</p>



<p class="has-text-align-center has-vivid-purple-color has-very-light-gray-background-color has-text-color has-background has-medium-font-size"><a href="https://www.pucsp.br/ecopolitica/documentos/seguranca/docs/declaracao_direitos_agua_onu.pdf" target="_blank" rel="noreferrer noopener">https://www.pucsp.br/ecopolitica/documentos/seguranca/docs/declaracao_direitos_agua_onu.pdf</a></p>



<hr class="wp-block-separator"/>



<h2 class="wp-block-heading"><strong>Atividade 2</strong></h2>



<p class="has-medium-font-size">Após a leitura, reflexão e ilustração do Documento: “Declaração Universal dos Direitos da Água” assista ao vídeo “Agua &#8211; Fonte da vida” e em seguida, usando sua criatividade, elabore um bonito cartaz sobre o tema. Use imagens e uma frase de impacto referente ao assunto. Providencie o material de sua preferência, pode ser cartolina, papel chamex ou mesmo uma folha do seu caderno de desenho ou da disciplina.&nbsp;<strong></strong></p>



<p class="has-medium-font-size"><strong>OBS.: Use para ilustrar o cartaz figuras ou desenhos feitos por você.</strong></p>



<figure class="wp-block-embed is-type-video is-provider-youtube wp-block-embed-youtube wp-embed-aspect-4-3 wp-has-aspect-ratio"><div class="wp-block-embed__wrapper">
<p class="responsive-video-wrap clr"><iframe title="Agua - Fonte da vida" width="1200" height="900" src="https://www.youtube.com/embed/ZKuPR658kZw?feature=oembed" frameborder="0" allow="accelerometer; autoplay; clipboard-write; encrypted-media; gyroscope; picture-in-picture" allowfullscreen></iframe></p>
</div><figcaption>&#8220;Agua &#8211; Fonte da vida&#8221; &#8211; Canal: <a href="https://www.youtube.com/channel/UCQUX2jiHP9gzapQdovkKq7w">JoseGomesKGS</a> &#8211;<br>Link: <a rel="noreferrer noopener" href="https://www.youtube.com/watch?v=ZKuPR658kZw" target="_blank">https://www.youtube.com/watch?v=ZKuPR658kZw</a></figcaption></figure>



<hr class="wp-block-separator"/>



<p class="has-very-light-gray-color has-vivid-cyan-blue-background-color has-text-color has-background has-medium-font-size">Saiba Mais | Referências:</p>



<p class="has-medium-font-size">Texto complementar – enriquecendo conhecimentos</p>



<p class="has-medium-font-size">Uma reflexão sobre a água: ontem, hoje e amanhã<strong></strong></p>



<p class="has-text-align-center has-vivid-purple-color has-very-light-gray-background-color has-text-color has-background has-medium-font-size"><a href="http://unisal.br/hotsite/recicle/uma-reflexao-sobre-a-agua-ontem-hoje-e-amanha/" target="_blank" rel="noreferrer noopener">http://unisal.br/hotsite/recicle/uma-reflexao-sobre-a-agua-ontem-hoje-e-amanha/</a></p>



<p class="has-medium-font-size">Imagens de cartazes educativos</p>



<p class="has-text-align-center has-vivid-purple-color has-very-light-gray-background-color has-text-color has-background has-medium-font-size"><a rel="noreferrer noopener" href="https://www.google.com/search?q=CARTAZ+SOBRE+AGUA&amp;tbm=isch&amp;chips=q:cartaz+sobre+agua,g_1:educativo&amp;rlz=1C1AVFA_enBR787BR787&amp;hl=pt-BR&amp;sa=X&amp;ved=2ahUKEwj7nYnp-4zrAhVGAbkGHfy3B94Q4lYoCXoECAEQIw&amp;biw=1349&amp;bih=657" target="_blank">https://www.google.com/search?q=CARTAZ+SOBRE+AGUA&amp;tbm=isch&amp;chips=q:cartaz+sobre+agua,g_1:educativo&amp;rlz=1C1AVFA_enBR787BR787&amp;hl=pt-BR&amp;sa=X&amp;ved=2ahUKEwj7nYnp-4zrAhVGAbkGHfy3B94Q4lYoCXoECAEQIw&amp;biw=1349&amp;bih=657</a></p>



<figure class="wp-block-table alignfull is-style-regular"><table><tbody><tr><td>Componente(s) Curricular(res)</td><td>Artes Visuais</td></tr><tr><td>Objetivos de Aprendizagem e Desenvolvimento</td><td>(EAJAAR0505) Identificar e explorar as visualidades presentes na vida cotidiana, reconhecendo as interações e conexões entre os elementos da linguagem visual que os constitui: fotografia, cartazes, televisão, publicidade, desenho industrial, entre outros.</td></tr><tr><td>Professor</td><td>Eunice</td></tr><tr><td>Instituição Educacional</td><td>César da Cunha Bastos</td></tr><tr><td>CRE</td><td>&nbsp;Jarbas Jayme</td></tr></tbody></table></figure>



<hr class="wp-block-separator"/>



<p class="has-text-align-center has-medium-font-size">EAJA –Educação Ambiental e Saúde – 2° Segmento – 7ª a 8ª séries</p>
