{"id":25669,"date":"2020-10-12T07:00:00","date_gmt":"2020-10-12T10:00:00","guid":{"rendered":"http:\/\/sme.goiania.go.gov.br\/conexaoescola\/?post_type=eaja&#038;p=25669"},"modified":"2020-10-07T14:57:23","modified_gmt":"2020-10-07T17:57:23","slug":"ser-cidadao","status":"publish","type":"eaja","link":"https:\/\/sme.goiania.go.gov.br\/conexaoescola\/eaja\/ser-cidadao\/","title":{"rendered":"Ser cidad\u00e3o"},"content":{"rendered":"\n<p class=\"has-medium-font-size\">Ol\u00e1! Voc\u00ea sabe o que \u00e9 Cidadania? E democracia? Nesta aula voc\u00ea vai conhecer diversas formas de governo, bem como algumas das principais caracter\u00edsticas a elas inerentes, refletindo e reconhecendo a necessidade de o cidad\u00e3o comum intervir em suas realidades local, regional e nacional.<\/p>\n\n\n\n<h2 class=\"wp-block-heading\"><strong>Atividade 1<\/strong><\/h2>\n\n\n\n<p class=\"has-medium-font-size\"><strong> <\/strong>Assista ao v\u00eddeo: \u00a8O que \u00e9 cidadania?\u00a8no link:<\/p>\n\n\n\n<figure class=\"wp-block-embed-youtube wp-block-embed is-type-video is-provider-youtube wp-embed-aspect-4-3 wp-has-aspect-ratio\"><div class=\"wp-block-embed__wrapper\">\n<p class=\"responsive-video-wrap clr\"><iframe title=\"O que \u00e9 cidadania?\" width=\"1200\" height=\"900\" src=\"https:\/\/www.youtube.com\/embed\/xF0JJ-fosys?feature=oembed\" frameborder=\"0\" allow=\"accelerometer; autoplay; clipboard-write; encrypted-media; gyroscope; picture-in-picture\" allowfullscreen><\/iframe><\/p>\n<\/div><figcaption>&#8220;O que \u00e9 cidadania?&#8221; &#8211; Canal: <a href=\"https:\/\/www.youtube.com\/channel\/UCFXSjINWXSBC4Ul68FZouhQ\">EVC &#8211; CAMARA DOS DEPUTADOS<\/a> &#8211; <br>Link: <a rel=\"noreferrer noopener\" href=\"https:\/\/www.youtube.com\/watch?v=xF0JJ-fosys&amp;feature=youtu.be\" target=\"_blank\">https:\/\/www.youtube.com\/watch?v=xF0JJ-fosys&amp;feature=youtu.be<\/a><\/figcaption><\/figure>\n\n\n\n<p class=\"has-medium-font-size\">Como voc\u00ea viu no v\u00eddeo o conceito de cidadania muda conforme a \u00e9poca e tipo de governo. Em Atenas na Gr\u00e9cia no s\u00e9culo V, somente homens nascidos na cidade eram cidad\u00e3os, e tinham o direito de participar das decis\u00f5es da cidade.<\/p>\n\n\n\n<p class=\"has-medium-font-size\">Atualmente no Brasil, vivemos numa democracia representativa, ou, seja todos os cidad\u00e3os aptos a votar, escolhem seus representantes municipais (prefeitos e vereadores), estaduais (governadores e deputados estaduais) e federais (presidente, deputados federais e senadores).<\/p>\n\n\n\n<hr class=\"wp-block-separator\"\/>\n\n\n\n<h2 class=\"wp-block-heading\"><strong>Atividade 2<\/strong><\/h2>\n\n\n\n<p class=\"has-medium-font-size\">Assista ao v\u00eddeo abaixo sobre o que \u00e9, e qual a import\u00e2ncia de uma democracia.<\/p>\n\n\n\n<figure class=\"wp-block-embed-youtube wp-block-embed is-type-video is-provider-youtube wp-embed-aspect-16-9 wp-has-aspect-ratio\"><div class=\"wp-block-embed__wrapper\">\n<p class=\"responsive-video-wrap clr\"><iframe title=\"O que \u00e9 democracia?\" width=\"1200\" height=\"675\" src=\"https:\/\/www.youtube.com\/embed\/jBKhYAFWQQk?feature=oembed\" frameborder=\"0\" allow=\"accelerometer; autoplay; clipboard-write; encrypted-media; gyroscope; picture-in-picture\" allowfullscreen><\/iframe><\/p>\n<\/div><figcaption>&#8220;O que \u00e9 democracia?&#8221; &#8211; Canal: <a href=\"https:\/\/www.youtube.com\/channel\/UCFXSjINWXSBC4Ul68FZouhQ\">EVC &#8211; CAMARA DOS DEPUTADOS<\/a> &#8211;<br>Link: <a rel=\"noreferrer noopener\" href=\"https:\/\/www.youtube.com\/watch?v=jBKhYAFWQQk&amp;feature=youtu.be\" target=\"_blank\">https:\/\/www.youtube.com\/watch?v=jBKhYAFWQQk&amp;feature=youtu.be<\/a><\/figcaption><\/figure>\n\n\n\n<p class=\"has-medium-font-size\">Neste v\u00eddeo voc\u00ea aprendeu sobre a diferen\u00e7a entre democracia, que \u00e9 o governo do povo, e monarquia.<\/p>\n\n\n\n<p class=\"has-medium-font-size\">No Brasi,l todos os nossos governantes e legisladores s\u00e3o eleitos pelo voto direto e secreto. Devemos conhecer as ideias, proposta e o passado dos candidatos, e sempre tratar o voto com responsabilidade.<\/p>\n\n\n\n<hr class=\"wp-block-separator\"\/>\n\n\n\n<h2 class=\"wp-block-heading\"><strong>Atividade 3 <\/strong><\/h2>\n\n\n\n<p class=\"has-medium-font-size\">Comparando os v\u00eddeos sugeridos, responda no seu caderno de Hist\u00f3ria, converse com familiares ou amigos se precisar.<\/p>\n\n\n\n<p class=\"has-medium-font-size\">Que mensagem os v\u00eddeos nos levam a entender e praticar?<\/p>\n\n\n\n<p class=\"has-medium-font-size\">Voc\u00ea pratica o ato de votar e escolher seus representantes com consci\u00eancia?<\/p>\n\n\n\n<p class=\"has-medium-font-size\">Elabore um pequeno texto dissertativo com o tema: \u201cA import\u00e2ncia das elei\u00e7\u00f5es para a democracia de um pa\u00eds\u201d.<\/p>\n\n\n\n<hr class=\"wp-block-separator\"\/>\n\n\n\n<p class=\"has-text-color has-background has-medium-font-size has-very-light-gray-color has-vivid-purple-background-color\">Saiba Mais | Refer\u00eancias:<\/p>\n\n\n\n<p class=\"has-medium-font-size\">Conhe\u00e7a os sites.<\/p>\n\n\n\n<figure class=\"wp-block-embed-wordpress wp-block-embed is-type-wp-embed is-provider-evc-escola-virtual-de-cidadania-camara-dos-deputados\"><div class=\"wp-block-embed__wrapper\">\n<div class=\"oceanwp-oembed-wrap clr\"><blockquote class=\"wp-embedded-content\" data-secret=\"OMu1rXDBDa\"><a href=\"https:\/\/escolavirtualdecidadania.camara.leg.br\/site\/\">Escola Virtual de Cidadania<\/a><\/blockquote><iframe class=\"wp-embedded-content\" sandbox=\"allow-scripts\" security=\"restricted\" style=\"position: absolute; clip: rect(1px, 1px, 1px, 1px);\" title=\"&#8220;Escola Virtual de Cidadania&#8221; &#8212; EVC - Escola Virtual de Cidadania - C\u00e2mara dos Deputados\" src=\"https:\/\/escolavirtualdecidadania.camara.leg.br\/site\/embed\/#?secret=OMu1rXDBDa\" data-secret=\"OMu1rXDBDa\" width=\"600\" height=\"338\" frameborder=\"0\" marginwidth=\"0\" marginheight=\"0\" scrolling=\"no\"><\/iframe><\/div>\n<\/div><\/figure>\n\n\n\n<figure class=\"wp-block-embed-youtube wp-block-embed is-type-video is-provider-youtube wp-embed-aspect-16-9 wp-has-aspect-ratio\"><div class=\"wp-block-embed__wrapper\">\n<p class=\"responsive-video-wrap clr\"><iframe title=\"CONCEITO DE CIDADANIA DIREITOS E DEVERES\" width=\"1200\" height=\"675\" src=\"https:\/\/www.youtube.com\/embed\/wZcskBctAPQ?feature=oembed\" frameborder=\"0\" allow=\"accelerometer; autoplay; clipboard-write; encrypted-media; gyroscope; picture-in-picture\" allowfullscreen><\/iframe><\/p>\n<\/div><figcaption>&#8220;CONCEITO DE CIDADANIA DIREITOS E DEVERES&#8221; &#8211; Canal: Frank Dias Ferreira &#8211;<br>Link: <a rel=\"noreferrer noopener\" href=\"https:\/\/www.youtube.com\/watch?v=wZcskBctAPQ&amp;feature=youtu.b\" target=\"_blank\">https:\/\/www.youtube.com\/watch?v=wZcskBctAPQ&amp;feature=youtu.be<\/a><\/figcaption><\/figure>\n\n\n\n<hr class=\"wp-block-separator\"\/>\n\n\n\n<figure class=\"wp-block-table alignfull is-style-regular\"><table><tbody><tr><td>Componente(s) Curricular(res)<\/td><td>Historia L\u00edngua portuguesa\/produ\u00e7\u00e3o de texto.<\/td><\/tr><tr><td>Objetivos de Aprendizagem e Desenvolvimento<\/td><td>(EAJAHI0503) Discutir a origem do Estado e seu papel social historicamente constru\u00eddo pelas sociedades humanas. (EAJAHI0504).Identificar o homem como ser social e politico e a rela\u00e7\u00e3o dessas duas dimens\u00f5es na forma\u00e7\u00e3o das pluralidades identificadas.<br><br>(EAJALP0541) Debater os problemas da comunidade a partir da legisla\u00e7\u00e3o vigente. . (EAJALP0540) Dialogar sobre o car\u00e1ter interpretativo das leis e suas v\u00e1rias perspectivas. (EAJALP0543) Propor entrevistas e debates a partir de assuntos relacionados \u00e0s pesquisas.<\/td><\/tr><tr><td>Professor<\/td><td>Marcial Ferreira da Silva<\/td><\/tr><tr><td>Institui\u00e7\u00e3o Educacional<\/td><td>Escola Municipal Nova Conquista e Escola Municipal Joel Marcelino.<\/td><\/tr><tr><td>CRE<\/td><td>Maria Helena Bretas.<\/td><\/tr><\/tbody><\/table><\/figure>\n\n\n\n<hr class=\"wp-block-separator\"\/>\n\n\n\n<p class=\"has-text-align-center has-medium-font-size\">EAJA \u2013 \u00c9tica e Cidadania \u2013 2\u00b0 Segmento \u2013 5\u00aa a 6\u00aa s\u00e9ries<\/p>\n","protected":false},"author":27,"featured_media":25742,"template":"","meta":{"_acf_changed":false,"ocean_post_layout":"","ocean_both_sidebars_style":"","ocean_both_sidebars_content_width":0,"ocean_both_sidebars_sidebars_width":0,"ocean_sidebar":"","ocean_second_sidebar":"","ocean_disable_margins":"enable","ocean_add_body_class":"","ocean_shortcode_before_top_bar":"","ocean_shortcode_after_top_bar":"","ocean_shortcode_before_header":"","ocean_shortcode_after_header":"","ocean_has_shortcode":"","ocean_shortcode_after_title":"","ocean_shortcode_before_footer_widgets":"","ocean_shortcode_after_footer_widgets":"","ocean_shortcode_before_footer_bottom":"","ocean_shortcode_after_footer_bottom":"","ocean_display_top_bar":"default","ocean_display_header":"default","ocean_header_style":"","ocean_center_header_left_menu":"","ocean_custom_header_template":"","ocean_custom_logo":0,"ocean_custom_retina_logo":0,"ocean_custom_logo_max_width":0,"ocean_custom_logo_tablet_max_width":0,"ocean_custom_logo_mobile_max_width":0,"ocean_custom_logo_max_height":0,"ocean_custom_logo_tablet_max_height":0,"ocean_custom_logo_mobile_max_height":0,"ocean_header_custom_menu":"","ocean_menu_typo_font_family":"","ocean_menu_typo_font_subset":"","ocean_menu_typo_font_size":0,"ocean_menu_typo_font_size_tablet":0,"ocean_menu_typo_font_size_mobile":0,"ocean_menu_typo_font_size_unit":"px","ocean_menu_typo_font_weight":"","ocean_menu_typo_font_weight_tablet":"","ocean_menu_typo_font_weight_mobile":"","ocean_menu_typo_transform":"","ocean_menu_typo_transform_tablet":"","ocean_menu_typo_transform_mobile":"","ocean_menu_typo_line_height":0,"ocean_menu_typo_line_height_tablet":0,"ocean_menu_typo_line_height_mobile":0,"ocean_menu_typo_line_height_unit":"","ocean_menu_typo_spacing":0,"ocean_menu_typo_spacing_tablet":0,"ocean_menu_typo_spacing_mobile":0,"ocean_menu_typo_spacing_unit":"","ocean_menu_link_color":"","ocean_menu_link_color_hover":"","ocean_menu_link_color_active":"","ocean_menu_link_background":"","ocean_menu_link_hover_background":"","ocean_menu_link_active_background":"","ocean_menu_social_links_bg":"","ocean_menu_social_hover_links_bg":"","ocean_menu_social_links_color":"","ocean_menu_social_hover_links_color":"","ocean_disable_title":"default","ocean_disable_heading":"default","ocean_post_title":"","ocean_post_subheading":"","ocean_post_title_style":"","ocean_post_title_background_color":"","ocean_post_title_background":0,"ocean_post_title_bg_image_position":"","ocean_post_title_bg_image_attachment":"","ocean_post_title_bg_image_repeat":"","ocean_post_title_bg_image_size":"","ocean_post_title_height":0,"ocean_post_title_bg_overlay":0.5,"ocean_post_title_bg_overlay_color":"","ocean_disable_breadcrumbs":"default","ocean_breadcrumbs_color":"","ocean_breadcrumbs_separator_color":"","ocean_breadcrumbs_links_color":"","ocean_breadcrumbs_links_hover_color":"","ocean_display_footer_widgets":"default","ocean_display_footer_bottom":"default","ocean_custom_footer_template":""},"eaja_categoria":[],"serie":[],"eaja_componente":[],"class_list":["post-25669","eaja","type-eaja","status-publish","has-post-thumbnail","hentry","entry","has-media"],"acf":[],"_links":{"self":[{"href":"https:\/\/sme.goiania.go.gov.br\/conexaoescola\/wp-json\/wp\/v2\/eaja\/25669","targetHints":{"allow":["GET"]}}],"collection":[{"href":"https:\/\/sme.goiania.go.gov.br\/conexaoescola\/wp-json\/wp\/v2\/eaja"}],"about":[{"href":"https:\/\/sme.goiania.go.gov.br\/conexaoescola\/wp-json\/wp\/v2\/types\/eaja"}],"author":[{"embeddable":true,"href":"https:\/\/sme.goiania.go.gov.br\/conexaoescola\/wp-json\/wp\/v2\/users\/27"}],"wp:featuredmedia":[{"embeddable":true,"href":"https:\/\/sme.goiania.go.gov.br\/conexaoescola\/wp-json\/wp\/v2\/media\/25742"}],"wp:attachment":[{"href":"https:\/\/sme.goiania.go.gov.br\/conexaoescola\/wp-json\/wp\/v2\/media?parent=25669"}],"wp:term":[{"taxonomy":"eaja_categoria","embeddable":true,"href":"https:\/\/sme.goiania.go.gov.br\/conexaoescola\/wp-json\/wp\/v2\/eaja_categoria?post=25669"},{"taxonomy":"serie","embeddable":true,"href":"https:\/\/sme.goiania.go.gov.br\/conexaoescola\/wp-json\/wp\/v2\/serie?post=25669"},{"taxonomy":"eaja_componente","embeddable":true,"href":"https:\/\/sme.goiania.go.gov.br\/conexaoescola\/wp-json\/wp\/v2\/eaja_componente?post=25669"}],"curies":[{"name":"wp","href":"https:\/\/api.w.org\/{rel}","templated":true}]}}

Ser cidadão

<p class="has-medium-font-size">Olá! Você sabe o que é Cidadania? E democracia? Nesta aula você vai conhecer diversas formas de governo, bem como algumas das principais características a elas inerentes, refletindo e reconhecendo a necessidade de o cidadão comum intervir em suas realidades local, regional e nacional.</p>



<h2 class="wp-block-heading"><strong>Atividade 1</strong></h2>



<p class="has-medium-font-size"><strong> </strong>Assista ao vídeo: ¨O que é cidadania?¨no link:</p>



<figure class="wp-block-embed-youtube wp-block-embed is-type-video is-provider-youtube wp-embed-aspect-4-3 wp-has-aspect-ratio"><div class="wp-block-embed__wrapper">
<p class="responsive-video-wrap clr"><iframe title="O que é cidadania?" width="1200" height="900" src="https://www.youtube.com/embed/xF0JJ-fosys?feature=oembed" frameborder="0" allow="accelerometer; autoplay; clipboard-write; encrypted-media; gyroscope; picture-in-picture" allowfullscreen></iframe></p>
</div><figcaption>&#8220;O que é cidadania?&#8221; &#8211; Canal: <a href="https://www.youtube.com/channel/UCFXSjINWXSBC4Ul68FZouhQ">EVC &#8211; CAMARA DOS DEPUTADOS</a> &#8211; <br>Link: <a rel="noreferrer noopener" href="https://www.youtube.com/watch?v=xF0JJ-fosys&amp;feature=youtu.be" target="_blank">https://www.youtube.com/watch?v=xF0JJ-fosys&amp;feature=youtu.be</a></figcaption></figure>



<p class="has-medium-font-size">Como você viu no vídeo o conceito de cidadania muda conforme a época e tipo de governo. Em Atenas na Grécia no século V, somente homens nascidos na cidade eram cidadãos, e tinham o direito de participar das decisões da cidade.</p>



<p class="has-medium-font-size">Atualmente no Brasil, vivemos numa democracia representativa, ou, seja todos os cidadãos aptos a votar, escolhem seus representantes municipais (prefeitos e vereadores), estaduais (governadores e deputados estaduais) e federais (presidente, deputados federais e senadores).</p>



<hr class="wp-block-separator"/>



<h2 class="wp-block-heading"><strong>Atividade 2</strong></h2>



<p class="has-medium-font-size">Assista ao vídeo abaixo sobre o que é, e qual a importância de uma democracia.</p>



<figure class="wp-block-embed-youtube wp-block-embed is-type-video is-provider-youtube wp-embed-aspect-16-9 wp-has-aspect-ratio"><div class="wp-block-embed__wrapper">
<p class="responsive-video-wrap clr"><iframe title="O que é democracia?" width="1200" height="675" src="https://www.youtube.com/embed/jBKhYAFWQQk?feature=oembed" frameborder="0" allow="accelerometer; autoplay; clipboard-write; encrypted-media; gyroscope; picture-in-picture" allowfullscreen></iframe></p>
</div><figcaption>&#8220;O que é democracia?&#8221; &#8211; Canal: <a href="https://www.youtube.com/channel/UCFXSjINWXSBC4Ul68FZouhQ">EVC &#8211; CAMARA DOS DEPUTADOS</a> &#8211;<br>Link: <a rel="noreferrer noopener" href="https://www.youtube.com/watch?v=jBKhYAFWQQk&amp;feature=youtu.be" target="_blank">https://www.youtube.com/watch?v=jBKhYAFWQQk&amp;feature=youtu.be</a></figcaption></figure>



<p class="has-medium-font-size">Neste vídeo você aprendeu sobre a diferença entre democracia, que é o governo do povo, e monarquia.</p>



<p class="has-medium-font-size">No Brasi,l todos os nossos governantes e legisladores são eleitos pelo voto direto e secreto. Devemos conhecer as ideias, proposta e o passado dos candidatos, e sempre tratar o voto com responsabilidade.</p>



<hr class="wp-block-separator"/>



<h2 class="wp-block-heading"><strong>Atividade 3 </strong></h2>



<p class="has-medium-font-size">Comparando os vídeos sugeridos, responda no seu caderno de História, converse com familiares ou amigos se precisar.</p>



<p class="has-medium-font-size">Que mensagem os vídeos nos levam a entender e praticar?</p>



<p class="has-medium-font-size">Você pratica o ato de votar e escolher seus representantes com consciência?</p>



<p class="has-medium-font-size">Elabore um pequeno texto dissertativo com o tema: “A importância das eleições para a democracia de um país”.</p>



<hr class="wp-block-separator"/>



<p class="has-text-color has-background has-medium-font-size has-very-light-gray-color has-vivid-purple-background-color">Saiba Mais | Referências:</p>



<p class="has-medium-font-size">Conheça os sites.</p>



<figure class="wp-block-embed-wordpress wp-block-embed is-type-wp-embed is-provider-evc-escola-virtual-de-cidadania-camara-dos-deputados"><div class="wp-block-embed__wrapper">
<div class="oceanwp-oembed-wrap clr"><blockquote class="wp-embedded-content" data-secret="OMu1rXDBDa"><a href="https://escolavirtualdecidadania.camara.leg.br/site/">Escola Virtual de Cidadania</a></blockquote><iframe class="wp-embedded-content" sandbox="allow-scripts" security="restricted" style="position: absolute; clip: rect(1px, 1px, 1px, 1px);" title="&#8220;Escola Virtual de Cidadania&#8221; &#8212; EVC - Escola Virtual de Cidadania - Câmara dos Deputados" src="https://escolavirtualdecidadania.camara.leg.br/site/embed/#?secret=OMu1rXDBDa" data-secret="OMu1rXDBDa" width="600" height="338" frameborder="0" marginwidth="0" marginheight="0" scrolling="no"></iframe></div>
</div></figure>



<figure class="wp-block-embed-youtube wp-block-embed is-type-video is-provider-youtube wp-embed-aspect-16-9 wp-has-aspect-ratio"><div class="wp-block-embed__wrapper">
<p class="responsive-video-wrap clr"><iframe title="CONCEITO DE CIDADANIA DIREITOS E DEVERES" width="1200" height="675" src="https://www.youtube.com/embed/wZcskBctAPQ?feature=oembed" frameborder="0" allow="accelerometer; autoplay; clipboard-write; encrypted-media; gyroscope; picture-in-picture" allowfullscreen></iframe></p>
</div><figcaption>&#8220;CONCEITO DE CIDADANIA DIREITOS E DEVERES&#8221; &#8211; Canal: Frank Dias Ferreira &#8211;<br>Link: <a rel="noreferrer noopener" href="https://www.youtube.com/watch?v=wZcskBctAPQ&amp;feature=youtu.b" target="_blank">https://www.youtube.com/watch?v=wZcskBctAPQ&amp;feature=youtu.be</a></figcaption></figure>



<hr class="wp-block-separator"/>



<figure class="wp-block-table alignfull is-style-regular"><table><tbody><tr><td>Componente(s) Curricular(res)</td><td>Historia Língua portuguesa/produção de texto.</td></tr><tr><td>Objetivos de Aprendizagem e Desenvolvimento</td><td>(EAJAHI0503) Discutir a origem do Estado e seu papel social historicamente construído pelas sociedades humanas. (EAJAHI0504).Identificar o homem como ser social e politico e a relação dessas duas dimensões na formação das pluralidades identificadas.<br><br>(EAJALP0541) Debater os problemas da comunidade a partir da legislação vigente. . (EAJALP0540) Dialogar sobre o caráter interpretativo das leis e suas várias perspectivas. (EAJALP0543) Propor entrevistas e debates a partir de assuntos relacionados às pesquisas.</td></tr><tr><td>Professor</td><td>Marcial Ferreira da Silva</td></tr><tr><td>Instituição Educacional</td><td>Escola Municipal Nova Conquista e Escola Municipal Joel Marcelino.</td></tr><tr><td>CRE</td><td>Maria Helena Bretas.</td></tr></tbody></table></figure>



<hr class="wp-block-separator"/>



<p class="has-text-align-center has-medium-font-size">EAJA – Ética e Cidadania – 2° Segmento – 5ª a 6ª séries</p>
