{"id":24417,"date":"2020-10-12T07:00:23","date_gmt":"2020-10-12T10:00:23","guid":{"rendered":"http:\/\/sme.goiania.go.gov.br\/conexaoescola\/?post_type=eaja&#038;p=24417"},"modified":"2021-12-20T16:37:13","modified_gmt":"2021-12-20T18:37:13","slug":"arte-e-cultura-teatro-de-bonecos","status":"publish","type":"eaja","link":"https:\/\/sme.goiania.go.gov.br\/conexaoescola\/eaja\/arte-e-cultura-teatro-de-bonecos\/","title":{"rendered":"ARTE &#8211; Arte e Cultura: Teatro de bonecos"},"content":{"rendered":"\n<p class=\"has-pale-cyan-blue-background-color has-background has-medium-font-size\"><em>Ol\u00e1 estudante!\u00a0Esta aula de ARTE com a tem\u00e1tica \u2013 L\u00edngua Portuguesa e Teatro\u00a0\u00e9 destinada \u00e0 \u00a08\u00aa S\u00c9RIE\u00a0da EJA<strong>.<\/strong><\/em>\u00a0<em>E est\u00e1 dispon\u00edvel juntamente com a proposta de atividades.<\/em><\/p>\n\n\n\n<hr class=\"wp-block-separator\"\/>\n\n\n\n<p class=\"has-luminous-vivid-amber-background-color has-background has-medium-font-size\">Hoje, voc\u00ea vai assistir a um v\u00eddeo que conta a hist\u00f3ria de Maria, uma atriz e cantora do grupo de teatro de bonecos chamado \u201cCarro\u00e7a de Mamulengos\u201d. E esse grupo tem uma curiosidade: ele \u00e9 formado por todas as pessoas da fam\u00edlia de Maria: pai, m\u00e3e, irm\u00e3os e at\u00e9 a filha dela, que tem apenas dois anos.<\/p>\n\n\n\n<p class=\"has-cyan-bluish-gray-background-color has-background has-medium-font-size\">Voc\u00ea conhece algum teatro de bonecos? Voc\u00ea sabe como ele \u00e9 feito?&nbsp; J\u00e1 assistiu a algum espet\u00e1culo desse tipo? Voc\u00ea sabe o que quer dizer mamulengo?&nbsp;<\/p>\n\n\n\n<p class=\"has-light-green-cyan-background-color has-background has-medium-font-size\">Que tal descobrir um pouco da hist\u00f3ria dessa atriz e, ainda, aprender sobre essa arte milenar do teatro de bonecos, que encanta e diverte as pessoas por onde passa?<\/p>\n\n\n\n<p class=\"has-pale-pink-background-color has-background has-medium-font-size\">Durante o v\u00eddeo, tente descobrir, afinal, tudo o que essa companhia faz em seus espet\u00e1culos! Eles s\u00f3 trabalham com os bonecos? O que para essa fam\u00edlia \u00e9 arte?&nbsp;<\/p>\n\n\n\n<figure class=\"wp-block-embed is-type-video is-provider-youtube wp-block-embed-youtube wp-embed-aspect-16-9 wp-has-aspect-ratio\"><div class=\"wp-block-embed__wrapper\">\n<p class=\"responsive-video-wrap clr\"><iframe title=\"Minha Rua | 2\u00aa Temporada | Epis\u00f3dio 02: Maria Gomide\" width=\"1200\" height=\"675\" src=\"https:\/\/www.youtube.com\/embed\/TFcawa1OK5E?feature=oembed\" frameborder=\"0\" allow=\"accelerometer; autoplay; clipboard-write; encrypted-media; gyroscope; picture-in-picture\" allowfullscreen><\/iframe><\/p>\n<\/div><figcaption>Minha Rua | 2\u00aa Temporada | Epis\u00f3dio 02: Maria Gomide https:\/\/www.youtube.com\/watch?v=TFcawa1OK5E<\/figcaption><\/figure>\n\n\n\n<hr class=\"wp-block-separator\"\/>\n\n\n\n<p class=\"has-medium-font-size\"><strong>Quais outras manifesta\u00e7\u00f5es art\u00edsticas e culturais voc\u00ea conhece que representam a cultura brasileira? No lugar onde voc\u00ea mora h\u00e1 alguma manifesta\u00e7\u00e3o que seja t\u00edpica dessa regi\u00e3o? Qual? Como ela se caracteriza?<\/strong><\/p>\n\n\n\n<p class=\"has-luminous-vivid-orange-background-color has-background has-medium-font-size\">Ao assistir ao v\u00eddeo sobre a companhia Carro\u00e7a de Mamulengos, voc\u00ea viu que os bonecos s\u00e3o centrais nos espet\u00e1culos da trupe. Que tal convidar seus amigos para confeccionar alguns bonecos e montar um pequeno espet\u00e1culo? Lembre-se: voc\u00eas tamb\u00e9m v\u00e3o ter de escrever uma hist\u00f3ria que ser\u00e1 contada pelos personagens bonecos! Topa o desafio?<\/p>\n\n\n\n<hr class=\"wp-block-separator\"\/>\n\n\n\n<p><strong>Para saber mais<\/strong><\/p>\n\n\n\n<p>Acesse estes links\/v\u00eddeo\/livro&#8230;.<\/p>\n\n\n\n<p><a href=\"http:\/\/basilio.fundaj.gov.br\/pesquisaescolar\/index.php?option=com_content&amp;view=article&amp;id=715\">http:\/\/basilio.fundaj.gov.br\/pesquisaescolar\/index.php?option=com_content&amp;view=article&amp;id=715<\/a><\/p>\n\n\n\n<p><a href=\"https:\/\/www.encontroteca.com.br\/grupo\/45\/cia-carroca-de-mamulengos\">https:\/\/www.encontroteca.com.br\/grupo\/45\/cia-carroca-de-mamulengos<\/a><\/p>\n\n\n\n<p><a href=\"https:\/\/www.visitbrasil.com\/pt\/blog\/as-tradicoes-culturais-que-fazem-do-brasil-um-lugar-unico.html\">https:\/\/www.visitbrasil.com\/pt\/blog\/as-tradicoes-culturais-que-fazem-do-brasil-um-lugar-unico.html<\/a><\/p>\n\n\n\n<hr class=\"wp-block-separator\"\/>\n\n\n\n<p class=\"has-cyan-bluish-gray-background-color has-background has-medium-font-size\">Professor, essa aula segue a Matriz Estruturante para a Eaja 2021. Foi elaborada no ano de 2020, com a suspens\u00e3o das aulas presenciais devido \u00e0 pandemia da Covid-19 e segue as orienta\u00e7\u00f5es de flexibiliza\u00e7\u00e3o curricular para o bi\u00eanio 2020\/2021 (Of\u00edcio Circular 149\/2020 Dirped).<\/p>\n\n\n\n<figure class=\"wp-block-table alignfull\"><table><tbody><tr><td>Habilidade<\/td><td>(EF69LP44) Inferir a presen\u00e7a de valores sociais, culturais e humanos e de diferentes vis\u00f5es de mundo, em textos liter\u00e1rios, reconhecendo nesses textos formas de estabelecer m\u00faltiplos olhares sobre as identidades, sociedades e culturas e considerando a autoria e o contexto social e hist\u00f3rico de sua produ\u00e7\u00e3o.<\/td><\/tr><\/tbody><\/table><\/figure>\n\n\n\n<figure class=\"wp-block-table\"><table><tbody><tr><td><strong>Ficha T\u00e9cnica<\/strong><\/td><\/tr><tr><td><strong>T\u00edtulo:<\/strong> Minha Rua: Temp. 2015 | Ep. 2 Maria Gomide\/MG<\/td><\/tr><tr><td><strong>Parceiro realizador:&nbsp; <\/strong>Canal Futura<\/td><\/tr><tr><td>Dura\u00e7\u00e3o: 27<\/td><\/tr><tr><td><a href=\"http:\/\/www.futuraplay.org\/video\/maria-gomidemg\/59732\/\">http:\/\/www.futuraplay.org\/video\/maria-gomidemg\/59732\/<\/a><\/td><\/tr><\/tbody><\/table><\/figure>\n\n\n\n<p><\/p>\n","protected":false},"author":6,"featured_media":3043,"template":"","meta":{"_acf_changed":false,"ocean_post_layout":"","ocean_both_sidebars_style":"","ocean_both_sidebars_content_width":0,"ocean_both_sidebars_sidebars_width":0,"ocean_sidebar":"","ocean_second_sidebar":"","ocean_disable_margins":"enable","ocean_add_body_class":"","ocean_shortcode_before_top_bar":"","ocean_shortcode_after_top_bar":"","ocean_shortcode_before_header":"","ocean_shortcode_after_header":"","ocean_has_shortcode":"","ocean_shortcode_after_title":"","ocean_shortcode_before_footer_widgets":"","ocean_shortcode_after_footer_widgets":"","ocean_shortcode_before_footer_bottom":"","ocean_shortcode_after_footer_bottom":"","ocean_display_top_bar":"default","ocean_display_header":"default","ocean_header_style":"","ocean_center_header_left_menu":"","ocean_custom_header_template":"","ocean_custom_logo":0,"ocean_custom_retina_logo":0,"ocean_custom_logo_max_width":0,"ocean_custom_logo_tablet_max_width":0,"ocean_custom_logo_mobile_max_width":0,"ocean_custom_logo_max_height":0,"ocean_custom_logo_tablet_max_height":0,"ocean_custom_logo_mobile_max_height":0,"ocean_header_custom_menu":"","ocean_menu_typo_font_family":"","ocean_menu_typo_font_subset":"","ocean_menu_typo_font_size":0,"ocean_menu_typo_font_size_tablet":0,"ocean_menu_typo_font_size_mobile":0,"ocean_menu_typo_font_size_unit":"px","ocean_menu_typo_font_weight":"","ocean_menu_typo_font_weight_tablet":"","ocean_menu_typo_font_weight_mobile":"","ocean_menu_typo_transform":"","ocean_menu_typo_transform_tablet":"","ocean_menu_typo_transform_mobile":"","ocean_menu_typo_line_height":0,"ocean_menu_typo_line_height_tablet":0,"ocean_menu_typo_line_height_mobile":0,"ocean_menu_typo_line_height_unit":"","ocean_menu_typo_spacing":0,"ocean_menu_typo_spacing_tablet":0,"ocean_menu_typo_spacing_mobile":0,"ocean_menu_typo_spacing_unit":"","ocean_menu_link_color":"","ocean_menu_link_color_hover":"","ocean_menu_link_color_active":"","ocean_menu_link_background":"","ocean_menu_link_hover_background":"","ocean_menu_link_active_background":"","ocean_menu_social_links_bg":"","ocean_menu_social_hover_links_bg":"","ocean_menu_social_links_color":"","ocean_menu_social_hover_links_color":"","ocean_disable_title":"default","ocean_disable_heading":"default","ocean_post_title":"","ocean_post_subheading":"","ocean_post_title_style":"","ocean_post_title_background_color":"","ocean_post_title_background":0,"ocean_post_title_bg_image_position":"","ocean_post_title_bg_image_attachment":"","ocean_post_title_bg_image_repeat":"","ocean_post_title_bg_image_size":"","ocean_post_title_height":0,"ocean_post_title_bg_overlay":0.5,"ocean_post_title_bg_overlay_color":"","ocean_disable_breadcrumbs":"default","ocean_breadcrumbs_color":"","ocean_breadcrumbs_separator_color":"","ocean_breadcrumbs_links_color":"","ocean_breadcrumbs_links_hover_color":"","ocean_display_footer_widgets":"default","ocean_display_footer_bottom":"default","ocean_custom_footer_template":""},"eaja_categoria":[69],"serie":[100],"eaja_componente":[83,77],"class_list":["post-24417","eaja","type-eaja","status-publish","has-post-thumbnail","hentry","eaja_categoria-2o-segmento-7a-e-8a-serie","serie-8a-serie","eaja_componente-arte","eaja_componente-lingua-portuguesa","entry","has-media"],"acf":[],"_links":{"self":[{"href":"https:\/\/sme.goiania.go.gov.br\/conexaoescola\/wp-json\/wp\/v2\/eaja\/24417","targetHints":{"allow":["GET"]}}],"collection":[{"href":"https:\/\/sme.goiania.go.gov.br\/conexaoescola\/wp-json\/wp\/v2\/eaja"}],"about":[{"href":"https:\/\/sme.goiania.go.gov.br\/conexaoescola\/wp-json\/wp\/v2\/types\/eaja"}],"author":[{"embeddable":true,"href":"https:\/\/sme.goiania.go.gov.br\/conexaoescola\/wp-json\/wp\/v2\/users\/6"}],"wp:featuredmedia":[{"embeddable":true,"href":"https:\/\/sme.goiania.go.gov.br\/conexaoescola\/wp-json\/wp\/v2\/media\/3043"}],"wp:attachment":[{"href":"https:\/\/sme.goiania.go.gov.br\/conexaoescola\/wp-json\/wp\/v2\/media?parent=24417"}],"wp:term":[{"taxonomy":"eaja_categoria","embeddable":true,"href":"https:\/\/sme.goiania.go.gov.br\/conexaoescola\/wp-json\/wp\/v2\/eaja_categoria?post=24417"},{"taxonomy":"serie","embeddable":true,"href":"https:\/\/sme.goiania.go.gov.br\/conexaoescola\/wp-json\/wp\/v2\/serie?post=24417"},{"taxonomy":"eaja_componente","embeddable":true,"href":"https:\/\/sme.goiania.go.gov.br\/conexaoescola\/wp-json\/wp\/v2\/eaja_componente?post=24417"}],"curies":[{"name":"wp","href":"https:\/\/api.w.org\/{rel}","templated":true}]}}

<p class="has-pale-cyan-blue-background-color has-background has-medium-font-size"><em>Olá estudante! Esta aula de ARTE com a temática – Língua Portuguesa e Teatro é destinada à  8ª SÉRIE da EJA<strong>.</strong></em> <em>E está disponível juntamente com a proposta de atividades.</em></p>



<hr class="wp-block-separator"/>



<p class="has-luminous-vivid-amber-background-color has-background has-medium-font-size">Hoje, você vai assistir a um vídeo que conta a história de Maria, uma atriz e cantora do grupo de teatro de bonecos chamado “Carroça de Mamulengos”. E esse grupo tem uma curiosidade: ele é formado por todas as pessoas da família de Maria: pai, mãe, irmãos e até a filha dela, que tem apenas dois anos.</p>



<p class="has-cyan-bluish-gray-background-color has-background has-medium-font-size">Você conhece algum teatro de bonecos? Você sabe como ele é feito?&nbsp; Já assistiu a algum espetáculo desse tipo? Você sabe o que quer dizer mamulengo?&nbsp;</p>



<p class="has-light-green-cyan-background-color has-background has-medium-font-size">Que tal descobrir um pouco da história dessa atriz e, ainda, aprender sobre essa arte milenar do teatro de bonecos, que encanta e diverte as pessoas por onde passa?</p>



<p class="has-pale-pink-background-color has-background has-medium-font-size">Durante o vídeo, tente descobrir, afinal, tudo o que essa companhia faz em seus espetáculos! Eles só trabalham com os bonecos? O que para essa família é arte?&nbsp;</p>



<figure class="wp-block-embed is-type-video is-provider-youtube wp-block-embed-youtube wp-embed-aspect-16-9 wp-has-aspect-ratio"><div class="wp-block-embed__wrapper">
<p class="responsive-video-wrap clr"><iframe title="Minha Rua | 2ª Temporada | Episódio 02: Maria Gomide" width="1200" height="675" src="https://www.youtube.com/embed/TFcawa1OK5E?feature=oembed" frameborder="0" allow="accelerometer; autoplay; clipboard-write; encrypted-media; gyroscope; picture-in-picture" allowfullscreen></iframe></p>
</div><figcaption>Minha Rua | 2ª Temporada | Episódio 02: Maria Gomide https://www.youtube.com/watch?v=TFcawa1OK5E</figcaption></figure>



<hr class="wp-block-separator"/>



<p class="has-medium-font-size"><strong>Quais outras manifestações artísticas e culturais você conhece que representam a cultura brasileira? No lugar onde você mora há alguma manifestação que seja típica dessa região? Qual? Como ela se caracteriza?</strong></p>



<p class="has-luminous-vivid-orange-background-color has-background has-medium-font-size">Ao assistir ao vídeo sobre a companhia Carroça de Mamulengos, você viu que os bonecos são centrais nos espetáculos da trupe. Que tal convidar seus amigos para confeccionar alguns bonecos e montar um pequeno espetáculo? Lembre-se: vocês também vão ter de escrever uma história que será contada pelos personagens bonecos! Topa o desafio?</p>



<hr class="wp-block-separator"/>



<p><strong>Para saber mais</strong></p>



<p>Acesse estes links/vídeo/livro&#8230;.</p>



<p><a href="http://basilio.fundaj.gov.br/pesquisaescolar/index.php?option=com_content&amp;view=article&amp;id=715">http://basilio.fundaj.gov.br/pesquisaescolar/index.php?option=com_content&amp;view=article&amp;id=715</a></p>



<p><a href="https://www.encontroteca.com.br/grupo/45/cia-carroca-de-mamulengos">https://www.encontroteca.com.br/grupo/45/cia-carroca-de-mamulengos</a></p>



<p><a href="https://www.visitbrasil.com/pt/blog/as-tradicoes-culturais-que-fazem-do-brasil-um-lugar-unico.html">https://www.visitbrasil.com/pt/blog/as-tradicoes-culturais-que-fazem-do-brasil-um-lugar-unico.html</a></p>



<hr class="wp-block-separator"/>



<p class="has-cyan-bluish-gray-background-color has-background has-medium-font-size">Professor, essa aula segue a Matriz Estruturante para a Eaja 2021. Foi elaborada no ano de 2020, com a suspensão das aulas presenciais devido à pandemia da Covid-19 e segue as orientações de flexibilização curricular para o biênio 2020/2021 (Ofício Circular 149/2020 Dirped).</p>



<figure class="wp-block-table alignfull"><table><tbody><tr><td>Habilidade</td><td>(EF69LP44) Inferir a presença de valores sociais, culturais e humanos e de diferentes visões de mundo, em textos literários, reconhecendo nesses textos formas de estabelecer múltiplos olhares sobre as identidades, sociedades e culturas e considerando a autoria e o contexto social e histórico de sua produção.</td></tr></tbody></table></figure>



<figure class="wp-block-table"><table><tbody><tr><td><strong>Ficha Técnica</strong></td></tr><tr><td><strong>Título:</strong> Minha Rua: Temp. 2015 | Ep. 2 Maria Gomide/MG</td></tr><tr><td><strong>Parceiro realizador:&nbsp; </strong>Canal Futura</td></tr><tr><td>Duração: 27</td></tr><tr><td><a href="http://www.futuraplay.org/video/maria-gomidemg/59732/">http://www.futuraplay.org/video/maria-gomidemg/59732/</a></td></tr></tbody></table></figure>



<p></p>
