{"id":2361,"date":"2020-06-01T12:59:00","date_gmt":"2020-06-01T15:59:00","guid":{"rendered":"http:\/\/sme.goiania.go.gov.br\/conexaoescola\/?post_type=eaja&#038;p=2361"},"modified":"2021-11-17T13:18:37","modified_gmt":"2021-11-17T15:18:37","slug":"adaptacao-no-mundo-do-trabalho","status":"publish","type":"eaja","link":"https:\/\/sme.goiania.go.gov.br\/conexaoescola\/eaja\/adaptacao-no-mundo-do-trabalho\/","title":{"rendered":"Adapta\u00e7\u00e3o no mundo do trabalho"},"content":{"rendered":"\n<p class=\"has-drop-cap has-white-color has-vivid-red-background-color has-text-color has-background has-medium-font-size\">Ol\u00e1! O objetivo desta atividade \u00e9 reconhecer a import\u00e2ncia da tecnologia virtual como oportunidade de trabalho. Esperamos que voc\u00ea compreenda que existem m\u00faltiplas formas de se trabalhar pela internet e que esta \u00e9 uma ferramenta, mas pode apresentar menos garantias trabalhistas.<\/p>\n\n\n\n<p class=\"has-medium-font-size\">A internet \u00e9 uma ferramenta de acesso \u00e0 divers\u00e3o, \u00e0 pesquisa e, tamb\u00e9m, ao trabalho. Diariamente, novas tecnologias s\u00e3o reestruturadas e criadas para adaptar \u00e0 realidade e facilitar o dia a dia das pessoas. S\u00e3o tantas inova\u00e7\u00f5es que, muitas vezes, nem percebemos essa mudan\u00e7a. Vale a pena refletir sobre o assunto.<\/p>\n\n\n\n<hr class=\"wp-block-separator\"\/>\n\n\n\n<h1 class=\"has-black-color has-luminous-vivid-orange-background-color has-text-color has-background wp-block-heading\">Atividade 1<\/h1>\n\n\n\n<p class=\"has-medium-font-size\">Assista ao v\u00eddeo e ou\u00e7a a m\u00fasica de Gilberto Gil, \u201cPela internet 2\u201d:<\/p>\n\n\n\n<figure class=\"wp-block-embed is-type-video is-provider-youtube wp-block-embed-youtube wp-embed-aspect-16-9 wp-has-aspect-ratio\"><div class=\"wp-block-embed__wrapper\">\n<p class=\"responsive-video-wrap clr\"><iframe title=\"PELA INTERNET 2 | Gilberto Gil | OK OK OK (2018)\" width=\"1200\" height=\"675\" src=\"https:\/\/www.youtube.com\/embed\/X6BA_9cYhpA?feature=oembed\" frameborder=\"0\" allow=\"accelerometer; autoplay; clipboard-write; encrypted-media; gyroscope; picture-in-picture\" allowfullscreen><\/iframe><\/p>\n<\/div><figcaption>&#8220;PELA INTERNET 2 | Gilberto Gil | OK OK OK (2018)&#8221; &#8211; <a href=\"https:\/\/www.youtube.com\/channel\/UCStXqgyucmicmfhpvnJK6cw\">Gilberto Gil<\/a> &#8211; Link: <a href=\"https:\/\/www.youtube.com\/watch?v=X6BA_9cYhpA\">https:\/\/www.youtube.com\/watch?v=X6BA_9cYhpA<\/a><\/figcaption><\/figure>\n\n\n\n<p class=\"has-medium-font-size\">Ap\u00f3s ouvir a m\u00fasica, reflita sobre o assunto: \u201cInternet\u201d.<\/p>\n\n\n\n<hr class=\"wp-block-separator\"\/>\n\n\n\n<h1 class=\"has-light-green-cyan-background-color has-background wp-block-heading\">Atividade 2<\/h1>\n\n\n\n<p class=\"has-medium-font-size\">Leia a reportagem no link a seguir:<br><a rel=\"noreferrer noopener\" href=\"https:\/\/g1.globo.com\/sp\/sao-paulo\/noticia\/2020\/04\/06\/entregador-de-comida-via-app-fala-de-correria-durante-a-pandemia-para-ganhar-r-25-por-dia-em-sp.ghtml\" target=\"_blank\"><span class=\"has-inline-color has-vivid-cyan-blue-color\">https:\/\/g1.globo.com\/sp\/sao-paulo\/noticia\/2020\/04\/06\/entregador-de-comida-via-app-fala-de-correria-durante-a-pandemia-para-ganhar-r-25-por-dia-em-sp.ghtml<br><\/span><\/a>Ap\u00f3s a leitura da reportagem, reflita sobre a oportunidade de trabalho com a ajuda da tecnologia virtual.<\/p>\n\n\n\n<p class=\"has-medium-font-size\">Agora, registre em seu caderno:<\/p>\n\n\n\n<div class=\"wp-block-group\"><div class=\"wp-block-group__inner-container is-layout-flow wp-block-group-is-layout-flow\">\n<p class=\"has-medium-font-size\">Qual foi a oportunidade de trabalho que o jovem Leandro encontrou durante a pandemia?<\/p>\n\n\n\n<p class=\"has-medium-font-size\">Voc\u00ea conhece algu\u00e9m que realiza o mesmo tipo de trabalho que Leandro?<\/p>\n\n\n\n<p class=\"has-medium-font-size\">Quais empregos voc\u00ea conhece que utiliza a internet como ferramenta de trabalho?<\/p>\n<\/div><\/div>\n\n\n\n<hr class=\"wp-block-separator\"\/>\n\n\n\n<h1 class=\"has-cyan-bluish-gray-background-color has-background wp-block-heading\">Atividade 3<\/h1>\n\n\n\n<p class=\"has-medium-font-size\">Ap\u00f3s a leitura da reportagem, \u00e9 importante conhecer alguns aspectos desse g\u00eanero. A reportagem tem car\u00e1ter informativo, de conte\u00fado jornal\u00edstico atual, escrito ou falado, baseado no testemunho direto dos fatos e situa\u00e7\u00f5es explicadas em palavras e em hist\u00f3rias vividas por pessoas, relacionadas ao seu contexto. <\/p>\n\n\n\n<p class=\"has-medium-font-size\">Sobre a reportagem, responda, em seu caderno, as seguintes perguntas:<\/p>\n\n\n\n<ul class=\"has-white-color has-luminous-vivid-orange-to-vivid-red-gradient-background has-text-color has-background has-medium-font-size wp-block-list\"><li>Voc\u00ea conhece algu\u00e9m que realiza esse tipo de trabalho?<\/li><li>Voc\u00ea sabe que garantias trabalhistas um trabalhador necessita?<\/li><li>Se voc\u00ea fosse uma pessoa que cria leis (legislador), que prote\u00e7\u00e3o trabalhista voc\u00ea garantiria ao trabalhador da reportagem?<\/li><li>Observe a ilustra\u00e7\u00e3o da reportagem, a foto do trabalhador, em quest\u00e3o, reflita sobre a seguinte quest\u00e3o e escreva suas respostas: esse trabalhador est\u00e1 protegido de forma correta para o trabalho que realiza? Por qu\u00ea?<\/li><\/ul>\n\n\n\n<hr class=\"wp-block-separator\"\/>\n\n\n\n<figure class=\"wp-block-table alignfull\"><table><tbody><tr><td><strong>Componentes:<\/strong><\/td><td><strong>Objetivos de Aprendizagem e Desenvolvimento<\/strong><\/td><\/tr><tr><td>L\u00edngua Portuguesa<\/td><td>(EAJALP0202) Reconhecer e utilizar pistas textuais, intertextuais e contextuais. <br>(EAJALP0216) Ler com compreens\u00e3o os diferentes g\u00eaneros textuais, visando a fun\u00e7\u00e3o social da leitura. &nbsp;<\/td><\/tr><tr><td>Matem\u00e1tica<\/td><td>(EAJAMA0231) Ler, interpretar e comparar dados apresentados em tabelas de dupla entrada, gr\u00e1ficos de barras ou de colunas, envolvendo resultados de pesquisas, utilizando termos como maior e menor frequ\u00eancia.<\/td><\/tr><\/tbody><\/table><\/figure>\n","protected":false},"author":12,"featured_media":2344,"template":"","meta":{"_acf_changed":false,"ocean_post_layout":"","ocean_both_sidebars_style":"","ocean_both_sidebars_content_width":0,"ocean_both_sidebars_sidebars_width":0,"ocean_sidebar":"","ocean_second_sidebar":"","ocean_disable_margins":"enable","ocean_add_body_class":"","ocean_shortcode_before_top_bar":"","ocean_shortcode_after_top_bar":"","ocean_shortcode_before_header":"","ocean_shortcode_after_header":"","ocean_has_shortcode":"","ocean_shortcode_after_title":"","ocean_shortcode_before_footer_widgets":"","ocean_shortcode_after_footer_widgets":"","ocean_shortcode_before_footer_bottom":"","ocean_shortcode_after_footer_bottom":"","ocean_display_top_bar":"default","ocean_display_header":"default","ocean_header_style":"","ocean_center_header_left_menu":"","ocean_custom_header_template":"","ocean_custom_logo":0,"ocean_custom_retina_logo":0,"ocean_custom_logo_max_width":0,"ocean_custom_logo_tablet_max_width":0,"ocean_custom_logo_mobile_max_width":0,"ocean_custom_logo_max_height":0,"ocean_custom_logo_tablet_max_height":0,"ocean_custom_logo_mobile_max_height":0,"ocean_header_custom_menu":"","ocean_menu_typo_font_family":"","ocean_menu_typo_font_subset":"","ocean_menu_typo_font_size":0,"ocean_menu_typo_font_size_tablet":0,"ocean_menu_typo_font_size_mobile":0,"ocean_menu_typo_font_size_unit":"px","ocean_menu_typo_font_weight":"","ocean_menu_typo_font_weight_tablet":"","ocean_menu_typo_font_weight_mobile":"","ocean_menu_typo_transform":"","ocean_menu_typo_transform_tablet":"","ocean_menu_typo_transform_mobile":"","ocean_menu_typo_line_height":0,"ocean_menu_typo_line_height_tablet":0,"ocean_menu_typo_line_height_mobile":0,"ocean_menu_typo_line_height_unit":"","ocean_menu_typo_spacing":0,"ocean_menu_typo_spacing_tablet":0,"ocean_menu_typo_spacing_mobile":0,"ocean_menu_typo_spacing_unit":"","ocean_menu_link_color":"","ocean_menu_link_color_hover":"","ocean_menu_link_color_active":"","ocean_menu_link_background":"","ocean_menu_link_hover_background":"","ocean_menu_link_active_background":"","ocean_menu_social_links_bg":"","ocean_menu_social_hover_links_bg":"","ocean_menu_social_links_color":"","ocean_menu_social_hover_links_color":"","ocean_disable_title":"default","ocean_disable_heading":"default","ocean_post_title":"","ocean_post_subheading":"","ocean_post_title_style":"","ocean_post_title_background_color":"","ocean_post_title_background":0,"ocean_post_title_bg_image_position":"","ocean_post_title_bg_image_attachment":"","ocean_post_title_bg_image_repeat":"","ocean_post_title_bg_image_size":"","ocean_post_title_height":0,"ocean_post_title_bg_overlay":0.5,"ocean_post_title_bg_overlay_color":"","ocean_disable_breadcrumbs":"default","ocean_breadcrumbs_color":"","ocean_breadcrumbs_separator_color":"","ocean_breadcrumbs_links_color":"","ocean_breadcrumbs_links_hover_color":"","ocean_display_footer_widgets":"default","ocean_display_footer_bottom":"default","ocean_custom_footer_template":""},"eaja_categoria":[4],"serie":[71],"eaja_componente":[77,78],"class_list":["post-2361","eaja","type-eaja","status-publish","has-post-thumbnail","hentry","eaja_categoria-1o-segmento-1a-a-4a-serie","serie-2a-serie","eaja_componente-lingua-portuguesa","eaja_componente-matematica","entry","has-media"],"acf":[],"_links":{"self":[{"href":"https:\/\/sme.goiania.go.gov.br\/conexaoescola\/wp-json\/wp\/v2\/eaja\/2361","targetHints":{"allow":["GET"]}}],"collection":[{"href":"https:\/\/sme.goiania.go.gov.br\/conexaoescola\/wp-json\/wp\/v2\/eaja"}],"about":[{"href":"https:\/\/sme.goiania.go.gov.br\/conexaoescola\/wp-json\/wp\/v2\/types\/eaja"}],"author":[{"embeddable":true,"href":"https:\/\/sme.goiania.go.gov.br\/conexaoescola\/wp-json\/wp\/v2\/users\/12"}],"wp:featuredmedia":[{"embeddable":true,"href":"https:\/\/sme.goiania.go.gov.br\/conexaoescola\/wp-json\/wp\/v2\/media\/2344"}],"wp:attachment":[{"href":"https:\/\/sme.goiania.go.gov.br\/conexaoescola\/wp-json\/wp\/v2\/media?parent=2361"}],"wp:term":[{"taxonomy":"eaja_categoria","embeddable":true,"href":"https:\/\/sme.goiania.go.gov.br\/conexaoescola\/wp-json\/wp\/v2\/eaja_categoria?post=2361"},{"taxonomy":"serie","embeddable":true,"href":"https:\/\/sme.goiania.go.gov.br\/conexaoescola\/wp-json\/wp\/v2\/serie?post=2361"},{"taxonomy":"eaja_componente","embeddable":true,"href":"https:\/\/sme.goiania.go.gov.br\/conexaoescola\/wp-json\/wp\/v2\/eaja_componente?post=2361"}],"curies":[{"name":"wp","href":"https:\/\/api.w.org\/{rel}","templated":true}]}}

Adaptação no mundo do trabalho

<p class="has-drop-cap has-white-color has-vivid-red-background-color has-text-color has-background has-medium-font-size">Olá! O objetivo desta atividade é reconhecer a importância da tecnologia virtual como oportunidade de trabalho. Esperamos que você compreenda que existem múltiplas formas de se trabalhar pela internet e que esta é uma ferramenta, mas pode apresentar menos garantias trabalhistas.</p>



<p class="has-medium-font-size">A internet é uma ferramenta de acesso à diversão, à pesquisa e, também, ao trabalho. Diariamente, novas tecnologias são reestruturadas e criadas para adaptar à realidade e facilitar o dia a dia das pessoas. São tantas inovações que, muitas vezes, nem percebemos essa mudança. Vale a pena refletir sobre o assunto.</p>



<hr class="wp-block-separator"/>



<h1 class="has-black-color has-luminous-vivid-orange-background-color has-text-color has-background wp-block-heading">Atividade 1</h1>



<p class="has-medium-font-size">Assista ao vídeo e ouça a música de Gilberto Gil, “Pela internet 2”:</p>



<figure class="wp-block-embed is-type-video is-provider-youtube wp-block-embed-youtube wp-embed-aspect-16-9 wp-has-aspect-ratio"><div class="wp-block-embed__wrapper">
<p class="responsive-video-wrap clr"><iframe title="PELA INTERNET 2 | Gilberto Gil | OK OK OK (2018)" width="1200" height="675" src="https://www.youtube.com/embed/X6BA_9cYhpA?feature=oembed" frameborder="0" allow="accelerometer; autoplay; clipboard-write; encrypted-media; gyroscope; picture-in-picture" allowfullscreen></iframe></p>
</div><figcaption>&#8220;PELA INTERNET 2 | Gilberto Gil | OK OK OK (2018)&#8221; &#8211; <a href="https://www.youtube.com/channel/UCStXqgyucmicmfhpvnJK6cw">Gilberto Gil</a> &#8211; Link: <a href="https://www.youtube.com/watch?v=X6BA_9cYhpA">https://www.youtube.com/watch?v=X6BA_9cYhpA</a></figcaption></figure>



<p class="has-medium-font-size">Após ouvir a música, reflita sobre o assunto: “Internet”.</p>



<hr class="wp-block-separator"/>



<h1 class="has-light-green-cyan-background-color has-background wp-block-heading">Atividade 2</h1>



<p class="has-medium-font-size">Leia a reportagem no link a seguir:<br><a rel="noreferrer noopener" href="https://g1.globo.com/sp/sao-paulo/noticia/2020/04/06/entregador-de-comida-via-app-fala-de-correria-durante-a-pandemia-para-ganhar-r-25-por-dia-em-sp.ghtml" target="_blank"><span class="has-inline-color has-vivid-cyan-blue-color">https://g1.globo.com/sp/sao-paulo/noticia/2020/04/06/entregador-de-comida-via-app-fala-de-correria-durante-a-pandemia-para-ganhar-r-25-por-dia-em-sp.ghtml<br></span></a>Após a leitura da reportagem, reflita sobre a oportunidade de trabalho com a ajuda da tecnologia virtual.</p>



<p class="has-medium-font-size">Agora, registre em seu caderno:</p>



<div class="wp-block-group"><div class="wp-block-group__inner-container is-layout-flow wp-block-group-is-layout-flow">
<p class="has-medium-font-size">Qual foi a oportunidade de trabalho que o jovem Leandro encontrou durante a pandemia?</p>



<p class="has-medium-font-size">Você conhece alguém que realiza o mesmo tipo de trabalho que Leandro?</p>



<p class="has-medium-font-size">Quais empregos você conhece que utiliza a internet como ferramenta de trabalho?</p>
</div></div>



<hr class="wp-block-separator"/>



<h1 class="has-cyan-bluish-gray-background-color has-background wp-block-heading">Atividade 3</h1>



<p class="has-medium-font-size">Após a leitura da reportagem, é importante conhecer alguns aspectos desse gênero. A reportagem tem caráter informativo, de conteúdo jornalístico atual, escrito ou falado, baseado no testemunho direto dos fatos e situações explicadas em palavras e em histórias vividas por pessoas, relacionadas ao seu contexto. </p>



<p class="has-medium-font-size">Sobre a reportagem, responda, em seu caderno, as seguintes perguntas:</p>



<ul class="has-white-color has-luminous-vivid-orange-to-vivid-red-gradient-background has-text-color has-background has-medium-font-size wp-block-list"><li>Você conhece alguém que realiza esse tipo de trabalho?</li><li>Você sabe que garantias trabalhistas um trabalhador necessita?</li><li>Se você fosse uma pessoa que cria leis (legislador), que proteção trabalhista você garantiria ao trabalhador da reportagem?</li><li>Observe a ilustração da reportagem, a foto do trabalhador, em questão, reflita sobre a seguinte questão e escreva suas respostas: esse trabalhador está protegido de forma correta para o trabalho que realiza? Por quê?</li></ul>



<hr class="wp-block-separator"/>



<figure class="wp-block-table alignfull"><table><tbody><tr><td><strong>Componentes:</strong></td><td><strong>Objetivos de Aprendizagem e Desenvolvimento</strong></td></tr><tr><td>Língua Portuguesa</td><td>(EAJALP0202) Reconhecer e utilizar pistas textuais, intertextuais e contextuais. <br>(EAJALP0216) Ler com compreensão os diferentes gêneros textuais, visando a função social da leitura. &nbsp;</td></tr><tr><td>Matemática</td><td>(EAJAMA0231) Ler, interpretar e comparar dados apresentados em tabelas de dupla entrada, gráficos de barras ou de colunas, envolvendo resultados de pesquisas, utilizando termos como maior e menor frequência.</td></tr></tbody></table></figure>
