{"id":2342,"date":"2020-06-01T11:59:00","date_gmt":"2020-06-01T14:59:00","guid":{"rendered":"http:\/\/sme.goiania.go.gov.br\/conexaoescola\/?post_type=eaja&#038;p=2342"},"modified":"2021-11-18T17:26:33","modified_gmt":"2021-11-18T19:26:33","slug":"enchentes","status":"publish","type":"eaja","link":"https:\/\/sme.goiania.go.gov.br\/conexaoescola\/eaja\/enchentes\/","title":{"rendered":"Enchentes"},"content":{"rendered":"\n<p class=\"has-drop-cap has-white-color has-vivid-purple-background-color has-text-color has-background has-medium-font-size\">Durante a esta\u00e7\u00e3o chuvosa \u00e9 comum ouvir e ver not\u00edcias sobre enchentes, inunda\u00e7\u00f5es, enxurradas e alagamentos no Brasil. Os transtornos e os preju\u00edzos causados por esses processos s\u00e3o imensos, provocando s\u00e9rios problemas socioecon\u00f4micos, deixando milhares de pessoas desabrigadas, al\u00e9m de provocar doen\u00e7as e mortes. Temos ainda s\u00e9rios danos materiais e econ\u00f4micos, tais como: destrui\u00e7\u00e3o de edifica\u00e7\u00f5es, estradas, casas e lojas, al\u00e9m de v\u00e1rios outros preju\u00edzos. O que causam esses processos? Ser\u00e1 que a culpa \u00e9 da chuva?&nbsp; Ou das a\u00e7\u00f5es humanas? Vamos ver sobre isso?<\/p>\n\n\n\n<hr class=\"wp-block-separator\"\/>\n\n\n\n<h1 class=\"has-light-green-cyan-background-color has-background wp-block-heading\">Atividade 1<\/h1>\n\n\n\n<p class=\"has-medium-font-size\">Acesse o link e assista ao v\u00eddeo \u201cEnchente, Inunda\u00e7\u00e3o, Enxurrada e Alagamento\u201d, na p\u00e1gina do Visualigeo.&nbsp;<\/p>\n\n\n\n<figure class=\"wp-block-embed is-type-video is-provider-youtube wp-block-embed-youtube wp-embed-aspect-16-9 wp-has-aspect-ratio\"><div class=\"wp-block-embed__wrapper\">\n<p class=\"responsive-video-wrap clr\"><iframe title=\"A diferen\u00e7a entre enchente, inunda\u00e7\u00e3o, alagamento e enxurrada. #infoEnem #Estudeconosco\" width=\"1200\" height=\"675\" src=\"https:\/\/www.youtube.com\/embed\/qRsxfT-OvpQ?feature=oembed\" frameborder=\"0\" allow=\"accelerometer; autoplay; clipboard-write; encrypted-media; gyroscope; picture-in-picture\" allowfullscreen><\/iframe><\/p>\n<\/div><figcaption>Fonte: Youtube, &#8220;A diferen\u00e7a entre enchente, inunda\u00e7\u00e3o, alagamento e enxurrada&#8221; do canal Portal infoEnem<\/figcaption><\/figure>\n\n\n\n<hr class=\"wp-block-separator\"\/>\n\n\n\n<h1 class=\"has-pale-pink-background-color has-background wp-block-heading\">Atividade 2\u00a0<\/h1>\n\n\n\n<p class=\"has-medium-font-size\">Ap\u00f3s assistir ao v\u00eddeo, reflita:<\/p>\n\n\n\n<p class=\"has-medium-font-size\">Qual a diferen\u00e7a entre enchente, inunda\u00e7\u00e3o, alagamento e enxurrada?   Quais a\u00e7\u00f5es humanas contribuem para a ocorr\u00eancia desses processos?&nbsp;<\/p>\n\n\n\n<hr class=\"wp-block-separator\"\/>\n\n\n\n<h1 class=\"has-pale-cyan-blue-background-color has-background wp-block-heading\">Atividade 3<\/h1>\n\n\n\n<p class=\"has-medium-font-size\">No bairro onde voc\u00ea mora, ocorre algum desses processos citados no v\u00eddeo? Caso n\u00e3o ocorra em seu bairro, voc\u00ea conhece algum lugar onde ocorrem esses processos? Considerando o que foi explicado no v\u00eddeo, fa\u00e7a um texto opinando sobre as seguintes quest\u00f5es:<\/p>\n\n\n\n<p class=\"has-medium-font-size\">Quais processos citados no v\u00eddeo ocorrem no bairro?  Quais s\u00e3o as caracter\u00edsticas do bairro que favorecem a ocorr\u00eancia desses processos?<\/p>\n\n\n\n<p class=\"has-medium-font-size\">Suas a\u00e7\u00f5es, da sua fam\u00edlia e de seus amigos ajudam a aumentar o problema?&nbsp; O que deveria ser feito para resolver o problema?<\/p>\n\n\n\n<p class=\"has-medium-font-size\">*N\u00e3o se esque\u00e7a de citar o nome do bairro.<\/p>\n\n\n\n<hr class=\"wp-block-separator\"\/>\n\n\n\n<h1 class=\"has-white-color has-vivid-red-background-color has-text-color has-background wp-block-heading\">Atividade 3<\/h1>\n\n\n\n<p class=\"has-medium-font-size\">Voc\u00ea sabe se proteger das doen\u00e7as e como minimizar as perdas humanas em caso de inunda\u00e7\u00f5es? <\/p>\n\n\n\n<p class=\"has-medium-font-size\">Acesse o link abaixo, leia o texto e aprenda sobre como agir em casos de enchentes e inunda\u00e7\u00f5es:<\/p>\n\n\n\n<p class=\"has-medium-font-size\"><a href=\"http:\/\/www.educacional.com.br\/reportagens\/enchentes\/previna.asp\" target=\"_blank\" rel=\"noreferrer noopener\"><span class=\"has-inline-color has-vivid-cyan-blue-color\">http:\/\/www.educacional.com.br\/reportagens\/enchentes\/previna.asp<\/span><\/a><\/p>\n\n\n\n<hr class=\"wp-block-separator\"\/>\n\n\n\n<h1 class=\"has-cyan-bluish-gray-background-color has-background wp-block-heading\">Atividade 4<\/h1>\n\n\n\n<p class=\"has-medium-font-size\">Agora, leia o poema \u201cNoturno Oprimido\u201d, de Carlos Drummond de Andrade.&nbsp;<\/p>\n\n\n\n<p class=\"has-text-align-center\"><img decoding=\"async\" src=\"https:\/\/lh6.googleusercontent.com\/02uLH7wEXhQHO2XtKtx6gRJhv9YG8RrcnG3lZQZHrENr0eJ76h9THcF2Um1vWigbq-oXNmKqsp-oZNgRxfKohYaQvxn4u2vjyOdsLNvONbKKMQ-qDYCg6Ug1TLAZYCEIjAsCC1MhLu5fcdJq\" style=\"width: 550px;\"><\/p>\n\n\n\n<p>F<strong>onte<\/strong>: Carlos Drummond de Andrade &#8211; Noturno Oprimido. Dispon\u00edvel em: <a rel=\"noreferrer noopener\" href=\"https:\/\/nsantand.wordpress.com\/2016\/02\/22\/carlos-drummond-de-andrade-noturno-oprimido\/\" target=\"_blank\">https:\/\/nsantand.wordpress.com\/2016\/02\/22\/carlos-drummond-de-andrade-noturno-oprimido\/<\/a><\/p>\n\n\n\n<p class=\"has-medium-font-size\">Ap\u00f3s a leitura do poema, reflita sobre a palavra destacada, no verso: \u201ca \u00e1gua <strong>protesta<\/strong>. Ela molha toda a noite\u201d.&nbsp;<\/p>\n\n\n\n<p class=\"has-medium-font-size\">No poema, na refer\u00eancia \u00e0 \u00e1gua, explique o sentido da palavra \u201cprotesta\u201d. Qual \u00e9 a rela\u00e7\u00e3o dessa palavra com a ideia central do poema?\u00a0\u00a0<\/p>\n\n\n\n<hr class=\"wp-block-separator\"\/>\n\n\n\n<figure class=\"wp-block-table alignfull\"><table><tbody><tr><td><strong>Componentes<\/strong><\/td><td><strong>Objetivos de Aprendizagem e Desenvolvimento<\/strong><\/td><\/tr><tr><td><strong>Geografia&nbsp;<\/strong><\/td><td>Identificar impactos causados pelo uso e apropria\u00e7\u00e3o do espa\u00e7o natural em larga escala<\/td><\/tr><tr><td><strong>L\u00edngua Portuguesa<\/strong><\/td><td>Apontar a ideia central e demonstrar compreens\u00e3o global do texto lido.<\/td><\/tr><\/tbody><\/table><\/figure>\n\n\n\n<p>Fonte da imagem de capa: <a href=\"https:\/\/fotospublicas.com\/mare-alta-em-veneza-causa-maior-inundacao-em-50-anos\/\">https:\/\/fotospublicas.com\/mare-alta-em-veneza-causa-maior-inundacao-em-50-anos\/<\/a><\/p>\n\n\n\n<p><\/p>\n","protected":false},"author":11,"featured_media":2352,"template":"","meta":{"_acf_changed":false,"ocean_post_layout":"","ocean_both_sidebars_style":"","ocean_both_sidebars_content_width":0,"ocean_both_sidebars_sidebars_width":0,"ocean_sidebar":"","ocean_second_sidebar":"","ocean_disable_margins":"enable","ocean_add_body_class":"","ocean_shortcode_before_top_bar":"","ocean_shortcode_after_top_bar":"","ocean_shortcode_before_header":"","ocean_shortcode_after_header":"","ocean_has_shortcode":"","ocean_shortcode_after_title":"","ocean_shortcode_before_footer_widgets":"","ocean_shortcode_after_footer_widgets":"","ocean_shortcode_before_footer_bottom":"","ocean_shortcode_after_footer_bottom":"","ocean_display_top_bar":"default","ocean_display_header":"default","ocean_header_style":"","ocean_center_header_left_menu":"","ocean_custom_header_template":"","ocean_custom_logo":0,"ocean_custom_retina_logo":0,"ocean_custom_logo_max_width":0,"ocean_custom_logo_tablet_max_width":0,"ocean_custom_logo_mobile_max_width":0,"ocean_custom_logo_max_height":0,"ocean_custom_logo_tablet_max_height":0,"ocean_custom_logo_mobile_max_height":0,"ocean_header_custom_menu":"","ocean_menu_typo_font_family":"","ocean_menu_typo_font_subset":"","ocean_menu_typo_font_size":0,"ocean_menu_typo_font_size_tablet":0,"ocean_menu_typo_font_size_mobile":0,"ocean_menu_typo_font_size_unit":"px","ocean_menu_typo_font_weight":"","ocean_menu_typo_font_weight_tablet":"","ocean_menu_typo_font_weight_mobile":"","ocean_menu_typo_transform":"","ocean_menu_typo_transform_tablet":"","ocean_menu_typo_transform_mobile":"","ocean_menu_typo_line_height":0,"ocean_menu_typo_line_height_tablet":0,"ocean_menu_typo_line_height_mobile":0,"ocean_menu_typo_line_height_unit":"","ocean_menu_typo_spacing":0,"ocean_menu_typo_spacing_tablet":0,"ocean_menu_typo_spacing_mobile":0,"ocean_menu_typo_spacing_unit":"","ocean_menu_link_color":"","ocean_menu_link_color_hover":"","ocean_menu_link_color_active":"","ocean_menu_link_background":"","ocean_menu_link_hover_background":"","ocean_menu_link_active_background":"","ocean_menu_social_links_bg":"","ocean_menu_social_hover_links_bg":"","ocean_menu_social_links_color":"","ocean_menu_social_hover_links_color":"","ocean_disable_title":"default","ocean_disable_heading":"default","ocean_post_title":"","ocean_post_subheading":"","ocean_post_title_style":"","ocean_post_title_background_color":"","ocean_post_title_background":0,"ocean_post_title_bg_image_position":"","ocean_post_title_bg_image_attachment":"","ocean_post_title_bg_image_repeat":"","ocean_post_title_bg_image_size":"","ocean_post_title_height":0,"ocean_post_title_bg_overlay":0.5,"ocean_post_title_bg_overlay_color":"","ocean_disable_breadcrumbs":"default","ocean_breadcrumbs_color":"","ocean_breadcrumbs_separator_color":"","ocean_breadcrumbs_links_color":"","ocean_breadcrumbs_links_hover_color":"","ocean_display_footer_widgets":"default","ocean_display_footer_bottom":"default","ocean_custom_footer_template":""},"eaja_categoria":[],"serie":[],"eaja_componente":[80,77],"class_list":["post-2342","eaja","type-eaja","status-publish","has-post-thumbnail","hentry","eaja_componente-geografia","eaja_componente-lingua-portuguesa","entry","has-media"],"acf":[],"_links":{"self":[{"href":"https:\/\/sme.goiania.go.gov.br\/conexaoescola\/wp-json\/wp\/v2\/eaja\/2342","targetHints":{"allow":["GET"]}}],"collection":[{"href":"https:\/\/sme.goiania.go.gov.br\/conexaoescola\/wp-json\/wp\/v2\/eaja"}],"about":[{"href":"https:\/\/sme.goiania.go.gov.br\/conexaoescola\/wp-json\/wp\/v2\/types\/eaja"}],"author":[{"embeddable":true,"href":"https:\/\/sme.goiania.go.gov.br\/conexaoescola\/wp-json\/wp\/v2\/users\/11"}],"wp:featuredmedia":[{"embeddable":true,"href":"https:\/\/sme.goiania.go.gov.br\/conexaoescola\/wp-json\/wp\/v2\/media\/2352"}],"wp:attachment":[{"href":"https:\/\/sme.goiania.go.gov.br\/conexaoescola\/wp-json\/wp\/v2\/media?parent=2342"}],"wp:term":[{"taxonomy":"eaja_categoria","embeddable":true,"href":"https:\/\/sme.goiania.go.gov.br\/conexaoescola\/wp-json\/wp\/v2\/eaja_categoria?post=2342"},{"taxonomy":"serie","embeddable":true,"href":"https:\/\/sme.goiania.go.gov.br\/conexaoescola\/wp-json\/wp\/v2\/serie?post=2342"},{"taxonomy":"eaja_componente","embeddable":true,"href":"https:\/\/sme.goiania.go.gov.br\/conexaoescola\/wp-json\/wp\/v2\/eaja_componente?post=2342"}],"curies":[{"name":"wp","href":"https:\/\/api.w.org\/{rel}","templated":true}]}}

<p class="has-drop-cap has-white-color has-vivid-purple-background-color has-text-color has-background has-medium-font-size">Durante a estação chuvosa é comum ouvir e ver notícias sobre enchentes, inundações, enxurradas e alagamentos no Brasil. Os transtornos e os prejuízos causados por esses processos são imensos, provocando sérios problemas socioeconômicos, deixando milhares de pessoas desabrigadas, além de provocar doenças e mortes. Temos ainda sérios danos materiais e econômicos, tais como: destruição de edificações, estradas, casas e lojas, além de vários outros prejuízos. O que causam esses processos? Será que a culpa é da chuva?&nbsp; Ou das ações humanas? Vamos ver sobre isso?</p>



<hr class="wp-block-separator"/>



<h1 class="has-light-green-cyan-background-color has-background wp-block-heading">Atividade 1</h1>



<p class="has-medium-font-size">Acesse o link e assista ao vídeo “Enchente, Inundação, Enxurrada e Alagamento”, na página do Visualigeo.&nbsp;</p>



<figure class="wp-block-embed is-type-video is-provider-youtube wp-block-embed-youtube wp-embed-aspect-16-9 wp-has-aspect-ratio"><div class="wp-block-embed__wrapper">
<p class="responsive-video-wrap clr"><iframe title="A diferença entre enchente, inundação, alagamento e enxurrada. #infoEnem #Estudeconosco" width="1200" height="675" src="https://www.youtube.com/embed/qRsxfT-OvpQ?feature=oembed" frameborder="0" allow="accelerometer; autoplay; clipboard-write; encrypted-media; gyroscope; picture-in-picture" allowfullscreen></iframe></p>
</div><figcaption>Fonte: Youtube, &#8220;A diferença entre enchente, inundação, alagamento e enxurrada&#8221; do canal Portal infoEnem</figcaption></figure>



<hr class="wp-block-separator"/>



<h1 class="has-pale-pink-background-color has-background wp-block-heading">Atividade 2 </h1>



<p class="has-medium-font-size">Após assistir ao vídeo, reflita:</p>



<p class="has-medium-font-size">Qual a diferença entre enchente, inundação, alagamento e enxurrada?   Quais ações humanas contribuem para a ocorrência desses processos?&nbsp;</p>



<hr class="wp-block-separator"/>



<h1 class="has-pale-cyan-blue-background-color has-background wp-block-heading">Atividade 3</h1>



<p class="has-medium-font-size">No bairro onde você mora, ocorre algum desses processos citados no vídeo? Caso não ocorra em seu bairro, você conhece algum lugar onde ocorrem esses processos? Considerando o que foi explicado no vídeo, faça um texto opinando sobre as seguintes questões:</p>



<p class="has-medium-font-size">Quais processos citados no vídeo ocorrem no bairro?  Quais são as características do bairro que favorecem a ocorrência desses processos?</p>



<p class="has-medium-font-size">Suas ações, da sua família e de seus amigos ajudam a aumentar o problema?&nbsp; O que deveria ser feito para resolver o problema?</p>



<p class="has-medium-font-size">*Não se esqueça de citar o nome do bairro.</p>



<hr class="wp-block-separator"/>



<h1 class="has-white-color has-vivid-red-background-color has-text-color has-background wp-block-heading">Atividade 3</h1>



<p class="has-medium-font-size">Você sabe se proteger das doenças e como minimizar as perdas humanas em caso de inundações? </p>



<p class="has-medium-font-size">Acesse o link abaixo, leia o texto e aprenda sobre como agir em casos de enchentes e inundações:</p>



<p class="has-medium-font-size"><a href="http://www.educacional.com.br/reportagens/enchentes/previna.asp" target="_blank" rel="noreferrer noopener"><span class="has-inline-color has-vivid-cyan-blue-color">http://www.educacional.com.br/reportagens/enchentes/previna.asp</span></a></p>



<hr class="wp-block-separator"/>



<h1 class="has-cyan-bluish-gray-background-color has-background wp-block-heading">Atividade 4</h1>



<p class="has-medium-font-size">Agora, leia o poema “Noturno Oprimido”, de Carlos Drummond de Andrade.&nbsp;</p>



<p class="has-text-align-center"><img decoding="async" src="https://lh6.googleusercontent.com/02uLH7wEXhQHO2XtKtx6gRJhv9YG8RrcnG3lZQZHrENr0eJ76h9THcF2Um1vWigbq-oXNmKqsp-oZNgRxfKohYaQvxn4u2vjyOdsLNvONbKKMQ-qDYCg6Ug1TLAZYCEIjAsCC1MhLu5fcdJq" style="width: 550px;"></p>



<p>F<strong>onte</strong>: Carlos Drummond de Andrade &#8211; Noturno Oprimido. Disponível em: <a rel="noreferrer noopener" href="https://nsantand.wordpress.com/2016/02/22/carlos-drummond-de-andrade-noturno-oprimido/" target="_blank">https://nsantand.wordpress.com/2016/02/22/carlos-drummond-de-andrade-noturno-oprimido/</a></p>



<p class="has-medium-font-size">Após a leitura do poema, reflita sobre a palavra destacada, no verso: “a água <strong>protesta</strong>. Ela molha toda a noite”.&nbsp;</p>



<p class="has-medium-font-size">No poema, na referência à água, explique o sentido da palavra “protesta”. Qual é a relação dessa palavra com a ideia central do poema?  </p>



<hr class="wp-block-separator"/>



<figure class="wp-block-table alignfull"><table><tbody><tr><td><strong>Componentes</strong></td><td><strong>Objetivos de Aprendizagem e Desenvolvimento</strong></td></tr><tr><td><strong>Geografia&nbsp;</strong></td><td>Identificar impactos causados pelo uso e apropriação do espaço natural em larga escala</td></tr><tr><td><strong>Língua Portuguesa</strong></td><td>Apontar a ideia central e demonstrar compreensão global do texto lido.</td></tr></tbody></table></figure>



<p>Fonte da imagem de capa: <a href="https://fotospublicas.com/mare-alta-em-veneza-causa-maior-inundacao-em-50-anos/">https://fotospublicas.com/mare-alta-em-veneza-causa-maior-inundacao-em-50-anos/</a></p>



<p></p>
