{"id":2314,"date":"2020-06-01T18:05:00","date_gmt":"2020-06-01T21:05:00","guid":{"rendered":"http:\/\/sme.goiania.go.gov.br\/conexaoescola\/?post_type=eaja&#038;p=2314"},"modified":"2021-11-17T11:47:57","modified_gmt":"2021-11-17T13:47:57","slug":"a-inconfidencia-mineira-especificidades-regionais-e-as-influencias-dos-ideais-iluministas-de-liberdade-igualdade-e-fraternidade","status":"publish","type":"eaja","link":"https:\/\/sme.goiania.go.gov.br\/conexaoescola\/eaja\/a-inconfidencia-mineira-especificidades-regionais-e-as-influencias-dos-ideais-iluministas-de-liberdade-igualdade-e-fraternidade\/","title":{"rendered":"A Inconfid\u00eancia Mineira"},"content":{"rendered":"\n<p class=\"has-medium-font-size\">Esta atividade tem o objetivo de compreender as motiva\u00e7\u00f5es pol\u00edticas, sociais e econ\u00f4micas, que culminaram na Inconfid\u00eancia Mineira, e entender a influ\u00eancia dos ideais iluministas de \u201cliberdade, igualdade e fraternidade\u201d.<\/p>\n\n\n\n<p class=\"has-medium-font-size\">No ano de 1789, aconteceu na prov\u00edncia de Minas Gerais a Inconfid\u00eancia Mineira, tamb\u00e9m denominada de Conjura\u00e7\u00e3o Mineira. Ela foi considerada como um dos movimentos sociais mais importantes para a deflagra\u00e7\u00e3o da Independ\u00eancia do Brasil. Vamos compreender um pouco mais sobre a sua import\u00e2ncia, identificar as suas causas, consequ\u00eancias e as influ\u00eancias sofridas, pelos ideais iluministas?<\/p>\n\n\n\n<hr class=\"wp-block-separator\"\/>\n\n\n\n<h1 class=\"has-light-green-cyan-background-color has-background wp-block-heading\">Atividade 1<\/h1>\n\n\n\n<p class=\"has-medium-font-size\">Acesse o link e assista ao v\u00eddeo \u201cInconfid\u00eancia Mineira foi um dos primeiros movimentos a buscar a independ\u00eancia do Brasil\u201d. <\/p>\n\n\n\n<figure class=\"wp-block-embed is-type-video is-provider-youtube wp-block-embed-youtube wp-embed-aspect-16-9 wp-has-aspect-ratio\"><div class=\"wp-block-embed__wrapper\">\n<p class=\"responsive-video-wrap clr\"><iframe title=\"Inconfid\u00eancia Mineira foi um dos primeiros movimentos a buscar a independ\u00eancia do Brasil\" width=\"1200\" height=\"675\" src=\"https:\/\/www.youtube.com\/embed\/9BJM9eosN0o?feature=oembed\" frameborder=\"0\" allow=\"accelerometer; autoplay; clipboard-write; encrypted-media; gyroscope; picture-in-picture\" allowfullscreen><\/iframe><\/p>\n<\/div><figcaption>&#8220;Inconfid\u00eancia Mineira foi um dos primeiros movimentos a buscar a independ\u00eancia do Brasil&#8221; &#8211; <a href=\"https:\/\/www.youtube.com\/channel\/UCjaWLFTNqLkq3ZY2BJ4NYRg\" target=\"_blank\" rel=\"noreferrer noopener\">TV BrasilGov<\/a> &#8211; Link: <a href=\"https:\/\/www.youtube.com\/watch?v=9BJM9eosN0o\" target=\"_blank\" rel=\"noreferrer noopener\">https:\/\/www.youtube.com\/watch?v=9BJM9eosN0o<\/a><\/figcaption><\/figure>\n\n\n\n<hr class=\"wp-block-separator\"\/>\n\n\n\n<h1 class=\"has-pale-cyan-blue-background-color has-background wp-block-heading\">Atividade 2<\/h1>\n\n\n\n<p class=\"has-medium-font-size\">Ap\u00f3s assistir ao v\u00eddeo, converse e reflita com a sua fam\u00edlia sobre as quest\u00f5es a seguir:<\/p>\n\n\n\n<ul class=\"has-blush-light-purple-gradient-background has-background has-medium-font-size wp-block-list\"><li>Qual a influ\u00eancia dos ideias iluministas, de \u201cliberdade, igualdade e fraternidade\u201d, na Inconfid\u00eancia Mineira?<\/li><li>Quais s\u00e3o as principais consequ\u00eancias, desdobramentos, decorrentes desse movimento social?<\/li><\/ul>\n\n\n\n<hr class=\"wp-block-separator\"\/>\n\n\n\n<h1 class=\"has-luminous-vivid-amber-background-color has-background wp-block-heading\">Atividade 3<\/h1>\n\n\n\n<p class=\"has-medium-font-size\">Acesse o link e leia sobre a Inconfid\u00eancia Mineira.<br><span class=\"has-inline-color has-vivid-cyan-blue-color\"><a rel=\"noreferrer noopener\" href=\"https:\/\/brasilescola.uol.com.br\/historiab\/inconfidencia-mineira.htm\" target=\"_blank\">https:\/\/brasilescola.uol.com.br\/historiab\/inconfidencia-mineira.htm<\/a><\/span><\/p>\n\n\n\n<hr class=\"wp-block-separator\"\/>\n\n\n\n<h1 class=\"has-white-color has-vivid-red-background-color has-text-color has-background wp-block-heading\">Atividade 4<\/h1>\n\n\n\n<p class=\"has-medium-font-size\">Ap\u00f3s a leitura, reflita, converse com a sua fam\u00edlia e escreva, em seu caderno, as suas conclus\u00f5es sobre o texto \u201cInconfid\u00eancia Mineira\u201d.<\/p>\n\n\n\n<ul class=\"has-very-light-gray-to-cyan-bluish-gray-gradient-background has-background has-medium-font-size wp-block-list\"><li>O que motivou o movimento da Inconfid\u00eancia Mineira?<\/li><li>Por que apenas Tiradentes foi condenado a uma pena m\u00e1xima?<\/li><li>O que (provavelmente) levou Dona Maria a perdoar todos os condenados?<\/li><li>O que voc\u00eas consideram da atitude de Joaquim Silv\u00e9rio, que delatou os colegas em troca do perd\u00e3o de suas d\u00edvidas com a Coroa Portuguesa?<\/li><\/ul>\n\n\n\n<hr class=\"wp-block-separator\"\/>\n\n\n\n<h1 class=\"has-pale-pink-background-color has-background wp-block-heading\">Atividade 5<\/h1>\n\n\n\n<p class=\"has-medium-font-size\">Podemos dizer que nos tempos atuais existem decis\u00f5es judiciais parciais, como a da rainha de Portugal? Ou a nossa justi\u00e7a atual trata a todos da mesma forma?<\/p>\n\n\n\n<p class=\"has-medium-font-size\">Vamos pensar sobre isso?<\/p>\n\n\n\n<p class=\"has-medium-font-size\">Elabore um texto reivindicando os direitos dos trabalhadores nesse per\u00edodo de distanciamento social.<\/p>\n\n\n\n<hr class=\"wp-block-separator\"\/>\n\n\n\n<figure class=\"wp-block-table alignfull\"><table><tbody><tr><td><strong>Componentes:<\/strong><\/td><td><strong>Objetivos de Aprendizagem e Desenvolvimento:<\/strong><\/td><\/tr><tr><td>Historia<\/td><td>(EAJAHI0720) Compreender os movimentos e as rebeli\u00f5es da Am\u00e9rica portuguesa, articulados \u00e0s problem\u00e1ticas locais e seus ideais tomados de empr\u00e9stimo \u00e0s ideias divulgadas pela Revolu\u00e7\u00e3o Francesa.<\/td><\/tr><tr><td>L\u00edngua Portuguesa<\/td><td>(EAJALP0712) Compreender e posicionar-se sobre conte\u00fados e informa\u00e7\u00f5es de fontes diferentes, nos contextos de produ\u00e7\u00e3o.<br>(EAJALP0713) Ler e compreender os mecanismos de intertextualidade (refer\u00eancias, alus\u00f5es, retomadas) em textos liter\u00e1rios narrativos.<br>(EAJALP0731) Produzir textos normativos e reivindicat\u00f3rios, utilizando os modalizadores adequados.<br>(EAJALP0747) Discutir sobre propostas de leis e realizar debates.<\/td><\/tr><\/tbody><\/table><\/figure>\n\n\n\n<p><\/p>\n","protected":false},"author":12,"featured_media":2316,"template":"","meta":{"_acf_changed":false,"ocean_post_layout":"","ocean_both_sidebars_style":"","ocean_both_sidebars_content_width":0,"ocean_both_sidebars_sidebars_width":0,"ocean_sidebar":"","ocean_second_sidebar":"","ocean_disable_margins":"enable","ocean_add_body_class":"","ocean_shortcode_before_top_bar":"","ocean_shortcode_after_top_bar":"","ocean_shortcode_before_header":"","ocean_shortcode_after_header":"","ocean_has_shortcode":"","ocean_shortcode_after_title":"","ocean_shortcode_before_footer_widgets":"","ocean_shortcode_after_footer_widgets":"","ocean_shortcode_before_footer_bottom":"","ocean_shortcode_after_footer_bottom":"","ocean_display_top_bar":"default","ocean_display_header":"default","ocean_header_style":"","ocean_center_header_left_menu":"","ocean_custom_header_template":"","ocean_custom_logo":0,"ocean_custom_retina_logo":0,"ocean_custom_logo_max_width":0,"ocean_custom_logo_tablet_max_width":0,"ocean_custom_logo_mobile_max_width":0,"ocean_custom_logo_max_height":0,"ocean_custom_logo_tablet_max_height":0,"ocean_custom_logo_mobile_max_height":0,"ocean_header_custom_menu":"","ocean_menu_typo_font_family":"","ocean_menu_typo_font_subset":"","ocean_menu_typo_font_size":0,"ocean_menu_typo_font_size_tablet":0,"ocean_menu_typo_font_size_mobile":0,"ocean_menu_typo_font_size_unit":"px","ocean_menu_typo_font_weight":"","ocean_menu_typo_font_weight_tablet":"","ocean_menu_typo_font_weight_mobile":"","ocean_menu_typo_transform":"","ocean_menu_typo_transform_tablet":"","ocean_menu_typo_transform_mobile":"","ocean_menu_typo_line_height":0,"ocean_menu_typo_line_height_tablet":0,"ocean_menu_typo_line_height_mobile":0,"ocean_menu_typo_line_height_unit":"","ocean_menu_typo_spacing":0,"ocean_menu_typo_spacing_tablet":0,"ocean_menu_typo_spacing_mobile":0,"ocean_menu_typo_spacing_unit":"","ocean_menu_link_color":"","ocean_menu_link_color_hover":"","ocean_menu_link_color_active":"","ocean_menu_link_background":"","ocean_menu_link_hover_background":"","ocean_menu_link_active_background":"","ocean_menu_social_links_bg":"","ocean_menu_social_hover_links_bg":"","ocean_menu_social_links_color":"","ocean_menu_social_hover_links_color":"","ocean_disable_title":"default","ocean_disable_heading":"default","ocean_post_title":"","ocean_post_subheading":"","ocean_post_title_style":"","ocean_post_title_background_color":"","ocean_post_title_background":0,"ocean_post_title_bg_image_position":"","ocean_post_title_bg_image_attachment":"","ocean_post_title_bg_image_repeat":"","ocean_post_title_bg_image_size":"","ocean_post_title_height":0,"ocean_post_title_bg_overlay":0.5,"ocean_post_title_bg_overlay_color":"","ocean_disable_breadcrumbs":"default","ocean_breadcrumbs_color":"","ocean_breadcrumbs_separator_color":"","ocean_breadcrumbs_links_color":"","ocean_breadcrumbs_links_hover_color":"","ocean_display_footer_widgets":"default","ocean_display_footer_bottom":"default","ocean_custom_footer_template":""},"eaja_categoria":[69],"serie":[76],"eaja_componente":[79,77],"class_list":["post-2314","eaja","type-eaja","status-publish","has-post-thumbnail","hentry","eaja_categoria-2o-segmento-7a-e-8a-serie","serie-7a-serie","eaja_componente-historia","eaja_componente-lingua-portuguesa","entry","has-media"],"acf":[],"_links":{"self":[{"href":"https:\/\/sme.goiania.go.gov.br\/conexaoescola\/wp-json\/wp\/v2\/eaja\/2314","targetHints":{"allow":["GET"]}}],"collection":[{"href":"https:\/\/sme.goiania.go.gov.br\/conexaoescola\/wp-json\/wp\/v2\/eaja"}],"about":[{"href":"https:\/\/sme.goiania.go.gov.br\/conexaoescola\/wp-json\/wp\/v2\/types\/eaja"}],"author":[{"embeddable":true,"href":"https:\/\/sme.goiania.go.gov.br\/conexaoescola\/wp-json\/wp\/v2\/users\/12"}],"wp:featuredmedia":[{"embeddable":true,"href":"https:\/\/sme.goiania.go.gov.br\/conexaoescola\/wp-json\/wp\/v2\/media\/2316"}],"wp:attachment":[{"href":"https:\/\/sme.goiania.go.gov.br\/conexaoescola\/wp-json\/wp\/v2\/media?parent=2314"}],"wp:term":[{"taxonomy":"eaja_categoria","embeddable":true,"href":"https:\/\/sme.goiania.go.gov.br\/conexaoescola\/wp-json\/wp\/v2\/eaja_categoria?post=2314"},{"taxonomy":"serie","embeddable":true,"href":"https:\/\/sme.goiania.go.gov.br\/conexaoescola\/wp-json\/wp\/v2\/serie?post=2314"},{"taxonomy":"eaja_componente","embeddable":true,"href":"https:\/\/sme.goiania.go.gov.br\/conexaoescola\/wp-json\/wp\/v2\/eaja_componente?post=2314"}],"curies":[{"name":"wp","href":"https:\/\/api.w.org\/{rel}","templated":true}]}}

A Inconfidência Mineira

<p class="has-medium-font-size">Esta atividade tem o objetivo de compreender as motivações políticas, sociais e econômicas, que culminaram na Inconfidência Mineira, e entender a influência dos ideais iluministas de “liberdade, igualdade e fraternidade”.</p>



<p class="has-medium-font-size">No ano de 1789, aconteceu na província de Minas Gerais a Inconfidência Mineira, também denominada de Conjuração Mineira. Ela foi considerada como um dos movimentos sociais mais importantes para a deflagração da Independência do Brasil. Vamos compreender um pouco mais sobre a sua importância, identificar as suas causas, consequências e as influências sofridas, pelos ideais iluministas?</p>



<hr class="wp-block-separator"/>



<h1 class="has-light-green-cyan-background-color has-background wp-block-heading">Atividade 1</h1>



<p class="has-medium-font-size">Acesse o link e assista ao vídeo “Inconfidência Mineira foi um dos primeiros movimentos a buscar a independência do Brasil”. </p>



<figure class="wp-block-embed is-type-video is-provider-youtube wp-block-embed-youtube wp-embed-aspect-16-9 wp-has-aspect-ratio"><div class="wp-block-embed__wrapper">
<p class="responsive-video-wrap clr"><iframe title="Inconfidência Mineira foi um dos primeiros movimentos a buscar a independência do Brasil" width="1200" height="675" src="https://www.youtube.com/embed/9BJM9eosN0o?feature=oembed" frameborder="0" allow="accelerometer; autoplay; clipboard-write; encrypted-media; gyroscope; picture-in-picture" allowfullscreen></iframe></p>
</div><figcaption>&#8220;Inconfidência Mineira foi um dos primeiros movimentos a buscar a independência do Brasil&#8221; &#8211; <a href="https://www.youtube.com/channel/UCjaWLFTNqLkq3ZY2BJ4NYRg" target="_blank" rel="noreferrer noopener">TV BrasilGov</a> &#8211; Link: <a href="https://www.youtube.com/watch?v=9BJM9eosN0o" target="_blank" rel="noreferrer noopener">https://www.youtube.com/watch?v=9BJM9eosN0o</a></figcaption></figure>



<hr class="wp-block-separator"/>



<h1 class="has-pale-cyan-blue-background-color has-background wp-block-heading">Atividade 2</h1>



<p class="has-medium-font-size">Após assistir ao vídeo, converse e reflita com a sua família sobre as questões a seguir:</p>



<ul class="has-blush-light-purple-gradient-background has-background has-medium-font-size wp-block-list"><li>Qual a influência dos ideias iluministas, de “liberdade, igualdade e fraternidade”, na Inconfidência Mineira?</li><li>Quais são as principais consequências, desdobramentos, decorrentes desse movimento social?</li></ul>



<hr class="wp-block-separator"/>



<h1 class="has-luminous-vivid-amber-background-color has-background wp-block-heading">Atividade 3</h1>



<p class="has-medium-font-size">Acesse o link e leia sobre a Inconfidência Mineira.<br><span class="has-inline-color has-vivid-cyan-blue-color"><a rel="noreferrer noopener" href="https://brasilescola.uol.com.br/historiab/inconfidencia-mineira.htm" target="_blank">https://brasilescola.uol.com.br/historiab/inconfidencia-mineira.htm</a></span></p>



<hr class="wp-block-separator"/>



<h1 class="has-white-color has-vivid-red-background-color has-text-color has-background wp-block-heading">Atividade 4</h1>



<p class="has-medium-font-size">Após a leitura, reflita, converse com a sua família e escreva, em seu caderno, as suas conclusões sobre o texto “Inconfidência Mineira”.</p>



<ul class="has-very-light-gray-to-cyan-bluish-gray-gradient-background has-background has-medium-font-size wp-block-list"><li>O que motivou o movimento da Inconfidência Mineira?</li><li>Por que apenas Tiradentes foi condenado a uma pena máxima?</li><li>O que (provavelmente) levou Dona Maria a perdoar todos os condenados?</li><li>O que vocês consideram da atitude de Joaquim Silvério, que delatou os colegas em troca do perdão de suas dívidas com a Coroa Portuguesa?</li></ul>



<hr class="wp-block-separator"/>



<h1 class="has-pale-pink-background-color has-background wp-block-heading">Atividade 5</h1>



<p class="has-medium-font-size">Podemos dizer que nos tempos atuais existem decisões judiciais parciais, como a da rainha de Portugal? Ou a nossa justiça atual trata a todos da mesma forma?</p>



<p class="has-medium-font-size">Vamos pensar sobre isso?</p>



<p class="has-medium-font-size">Elabore um texto reivindicando os direitos dos trabalhadores nesse período de distanciamento social.</p>



<hr class="wp-block-separator"/>



<figure class="wp-block-table alignfull"><table><tbody><tr><td><strong>Componentes:</strong></td><td><strong>Objetivos de Aprendizagem e Desenvolvimento:</strong></td></tr><tr><td>Historia</td><td>(EAJAHI0720) Compreender os movimentos e as rebeliões da América portuguesa, articulados às problemáticas locais e seus ideais tomados de empréstimo às ideias divulgadas pela Revolução Francesa.</td></tr><tr><td>Língua Portuguesa</td><td>(EAJALP0712) Compreender e posicionar-se sobre conteúdos e informações de fontes diferentes, nos contextos de produção.<br>(EAJALP0713) Ler e compreender os mecanismos de intertextualidade (referências, alusões, retomadas) em textos literários narrativos.<br>(EAJALP0731) Produzir textos normativos e reivindicatórios, utilizando os modalizadores adequados.<br>(EAJALP0747) Discutir sobre propostas de leis e realizar debates.</td></tr></tbody></table></figure>



<p></p>
