{"id":1969,"date":"2020-05-31T17:28:49","date_gmt":"2020-05-31T20:28:49","guid":{"rendered":"http:\/\/sme.goiania.go.gov.br\/conexaoescola\/?post_type=eaja&#038;p=1969"},"modified":"2021-11-18T19:16:00","modified_gmt":"2021-11-18T21:16:00","slug":"o-ritmo-biologico-e-o-trabalho","status":"publish","type":"eaja","link":"https:\/\/sme.goiania.go.gov.br\/conexaoescola\/eaja\/o-ritmo-biologico-e-o-trabalho\/","title":{"rendered":"O ritmo biol\u00f3gico e o trabalho"},"content":{"rendered":"\n<figure class=\"wp-block-embed is-type-video is-provider-youtube wp-block-embed-youtube wp-embed-aspect-16-9 wp-has-aspect-ratio\"><div class=\"wp-block-embed__wrapper\">\n<p class=\"responsive-video-wrap clr\"><iframe title=\"O ritmo biol\u00f3gico e o trabalho | EAJA - 1\u00ba Segmento  | Educa\u00e7\u00e3o Ambiental e Sa\u00fade\" width=\"1200\" height=\"675\" src=\"https:\/\/www.youtube.com\/embed\/vgDudEVXdbg?feature=oembed\" frameborder=\"0\" allow=\"accelerometer; autoplay; clipboard-write; encrypted-media; gyroscope; picture-in-picture\" allowfullscreen><\/iframe><\/p>\n<\/div><figcaption>Fonte: Youtube, &#8220;Trabalho Noturno \u2013 017 EAJA &#8211; Educa\u00e7\u00e3o Ambiental e Sa\u00fade &#8211; 1\u00aa S\u00e9rie&#8221; do canal Portal Conex\u00e3o Escola<\/figcaption><\/figure>\n\n\n\n<p class=\"has-drop-cap has-light-green-cyan-background-color has-background has-medium-font-size\">Voc\u00ea costuma dormir cedo ou \u00e9 noturno(a)? O nosso organismo acompanha a claridade do dia e o escuro da noite, tanto para dormir, comer e trabalhar. O rel\u00f3gio biol\u00f3gico varia de pessoa para pessoa. Mas o que \u00e9 rel\u00f3gio biol\u00f3gico? Por que ele \u00e9 importante para o funcionamento do nosso organismo? Como podemos criar h\u00e1bitos para melhorar nosso desempenho f\u00edsico e mental?<\/p>\n\n\n\n<hr class=\"wp-block-separator\"\/>\n\n\n\n<h1 class=\"has-pale-pink-background-color has-background wp-block-heading\">Atividade 1<\/h1>\n\n\n\n<p class=\"has-medium-font-size\">Ao assistir ao v\u00eddeo abaixo, voc\u00ea receber\u00e1 informa\u00e7\u00f5es sobre o nosso rel\u00f3gio biol\u00f3gico, qual a import\u00e2ncia dele para o organismo e porque criar h\u00e1bitos saud\u00e1veis de sono, refletir sobre as diferen\u00e7as entre os indiv\u00edduos em rela\u00e7\u00e3o aos h\u00e1bitos do sono e valorizar as profiss\u00f5es noturnas e a import\u00e2ncia delas para nossa sociedade.&nbsp;<\/p>\n\n\n\n<p class=\"has-medium-font-size\">Convide sua fam\u00edlia e juntos e assistam ao <strong>v\u00eddeo 1<\/strong><\/p>\n\n\n\n<figure class=\"wp-block-embed is-type-video is-provider-youtube wp-block-embed-youtube wp-embed-aspect-16-9 wp-has-aspect-ratio\"><div class=\"wp-block-embed__wrapper\">\n<p class=\"responsive-video-wrap clr\"><iframe title=\"Rel\u00f3gio biol\u00f3gico invertido | Drauzio Comenta #58\" width=\"1200\" height=\"675\" src=\"https:\/\/www.youtube.com\/embed\/i8CDNhTNQnc?feature=oembed\" frameborder=\"0\" allow=\"accelerometer; autoplay; clipboard-write; encrypted-media; gyroscope; picture-in-picture\" allowfullscreen><\/iframe><\/p>\n<\/div><figcaption>Fonte: Rel\u00f3gio biol\u00f3gico invertido | Drauzio Comenta<\/figcaption><\/figure>\n\n\n\n<hr class=\"wp-block-separator\"\/>\n\n\n\n<h1 class=\"has-black-color has-luminous-vivid-orange-background-color has-text-color has-background wp-block-heading\">Atividade 2\u00a0\u00a0<\/h1>\n\n\n\n<p class=\"has-medium-font-size\">Agora, reflita com sua fam\u00edlia sobre os h\u00e1bitos do sono, eles s\u00e3o iguais para todas as pessoas? Como funciona na sua fam\u00edlia? Como podemos melhorar esses h\u00e1bitos?<\/p>\n\n\n\n<p class=\"has-medium-font-size\">Quais s\u00e3o as profiss\u00f5es noturnas que voc\u00ea conhece? Elas s\u00e3o importantes? Por qu\u1ebd?<\/p>\n\n\n\n<hr class=\"wp-block-separator\"\/>\n\n\n\n<h1 class=\"has-pale-cyan-blue-background-color has-background wp-block-heading\">Atividade 3<\/h1>\n\n\n\n<p class=\"has-medium-font-size\">Escreva no caderno as informa\u00e7\u00f5es mais importantes do v\u00eddeo: o que significa rel\u00f3gio biol\u00f3gico, como ele funciona e sua import\u00e2ncia para a sa\u00fade. Tamb\u00e9m registre informa\u00e7\u00f5es sobre os diferentes h\u00e1bitos de sono na sua rotina e dos profissionais que precisam inverter o funcionamento dele para trabalhar.<\/p>\n\n\n\n<hr class=\"wp-block-separator\"\/>\n\n\n\n<figure class=\"wp-block-table alignfull\"><table><tbody><tr><td><strong>Componentes:<\/strong><\/td><td><strong>Objetivos de Aprendizagem e Desenvolvimento<\/strong><\/td><\/tr><tr><td>Ci\u00eancias\u00a0da Natureza<\/td><td>(EAJACI0105) Identificar a diversidade na viv\u00eancia das rela\u00e7\u00f5es sociais do cotidiano e a import\u00e2ncia da valoriza\u00e7\u00e3o, do acolhimento e do respeito a estas diferen\u00e7as.<\/td><\/tr><tr><td>Geografia&nbsp;<\/td><td>(EAJAGE0102) Reconhecer a si pr\u00f3prio e seus pares como sujeitos hist\u00f3rico-culturais.<\/td><\/tr><tr><td>L\u00edngua Portuguesa<\/td><td>(EAJALP0102) Conhecer as pistas textuais, intertextuais e contextuais;<br>(EAJALP0110) Compreender coletivamente a sele\u00e7\u00e3o das partes mais significativas de um texto.<br>(EAJALP0145) Elaborar textos coletivamente com diferentes fun\u00e7\u00f5es e de diferentes g\u00eaneros do campo da vida cotidiana.<br>(EAJALP0146) Produzir textos escritos coletivamente e de forma espont\u00e2nea, considerando a situa\u00e7\u00e3o comunicativa.<\/td><\/tr><\/tbody><\/table><\/figure>\n\n\n\n<hr class=\"wp-block-separator is-style-wide\"\/>\n\n\n\n<hr class=\"wp-block-separator\"\/>\n\n\n\n<p class=\"has-text-align-center\"><br>EAJA \u2013 1\u00b0 Segmento &#8211; 1\u00aa s\u00e9rie \u2013 Educa\u00e7\u00e3o Ambiental e Sa\u00fade<\/p>\n","protected":false},"author":2,"featured_media":1972,"template":"","meta":{"_acf_changed":false,"ocean_post_layout":"","ocean_both_sidebars_style":"","ocean_both_sidebars_content_width":0,"ocean_both_sidebars_sidebars_width":0,"ocean_sidebar":"","ocean_second_sidebar":"","ocean_disable_margins":"enable","ocean_add_body_class":"","ocean_shortcode_before_top_bar":"","ocean_shortcode_after_top_bar":"","ocean_shortcode_before_header":"","ocean_shortcode_after_header":"","ocean_has_shortcode":"","ocean_shortcode_after_title":"","ocean_shortcode_before_footer_widgets":"","ocean_shortcode_after_footer_widgets":"","ocean_shortcode_before_footer_bottom":"","ocean_shortcode_after_footer_bottom":"","ocean_display_top_bar":"default","ocean_display_header":"default","ocean_header_style":"","ocean_center_header_left_menu":"","ocean_custom_header_template":"","ocean_custom_logo":0,"ocean_custom_retina_logo":0,"ocean_custom_logo_max_width":0,"ocean_custom_logo_tablet_max_width":0,"ocean_custom_logo_mobile_max_width":0,"ocean_custom_logo_max_height":0,"ocean_custom_logo_tablet_max_height":0,"ocean_custom_logo_mobile_max_height":0,"ocean_header_custom_menu":"","ocean_menu_typo_font_family":"","ocean_menu_typo_font_subset":"","ocean_menu_typo_font_size":0,"ocean_menu_typo_font_size_tablet":0,"ocean_menu_typo_font_size_mobile":0,"ocean_menu_typo_font_size_unit":"px","ocean_menu_typo_font_weight":"","ocean_menu_typo_font_weight_tablet":"","ocean_menu_typo_font_weight_mobile":"","ocean_menu_typo_transform":"","ocean_menu_typo_transform_tablet":"","ocean_menu_typo_transform_mobile":"","ocean_menu_typo_line_height":0,"ocean_menu_typo_line_height_tablet":0,"ocean_menu_typo_line_height_mobile":0,"ocean_menu_typo_line_height_unit":"","ocean_menu_typo_spacing":0,"ocean_menu_typo_spacing_tablet":0,"ocean_menu_typo_spacing_mobile":0,"ocean_menu_typo_spacing_unit":"","ocean_menu_link_color":"","ocean_menu_link_color_hover":"","ocean_menu_link_color_active":"","ocean_menu_link_background":"","ocean_menu_link_hover_background":"","ocean_menu_link_active_background":"","ocean_menu_social_links_bg":"","ocean_menu_social_hover_links_bg":"","ocean_menu_social_links_color":"","ocean_menu_social_hover_links_color":"","ocean_disable_title":"default","ocean_disable_heading":"default","ocean_post_title":"","ocean_post_subheading":"","ocean_post_title_style":"","ocean_post_title_background_color":"","ocean_post_title_background":0,"ocean_post_title_bg_image_position":"","ocean_post_title_bg_image_attachment":"","ocean_post_title_bg_image_repeat":"","ocean_post_title_bg_image_size":"","ocean_post_title_height":0,"ocean_post_title_bg_overlay":0.5,"ocean_post_title_bg_overlay_color":"","ocean_disable_breadcrumbs":"default","ocean_breadcrumbs_color":"","ocean_breadcrumbs_separator_color":"","ocean_breadcrumbs_links_color":"","ocean_breadcrumbs_links_hover_color":"","ocean_display_footer_widgets":"default","ocean_display_footer_bottom":"default","ocean_custom_footer_template":""},"eaja_categoria":[4],"serie":[70],"eaja_componente":[82,80,77],"class_list":["post-1969","eaja","type-eaja","status-publish","has-post-thumbnail","hentry","eaja_categoria-1o-segmento-1a-a-4a-serie","serie-1a-serie","eaja_componente-ciencias-da-natureza","eaja_componente-geografia","eaja_componente-lingua-portuguesa","entry","has-media"],"acf":[],"_links":{"self":[{"href":"https:\/\/sme.goiania.go.gov.br\/conexaoescola\/wp-json\/wp\/v2\/eaja\/1969","targetHints":{"allow":["GET"]}}],"collection":[{"href":"https:\/\/sme.goiania.go.gov.br\/conexaoescola\/wp-json\/wp\/v2\/eaja"}],"about":[{"href":"https:\/\/sme.goiania.go.gov.br\/conexaoescola\/wp-json\/wp\/v2\/types\/eaja"}],"author":[{"embeddable":true,"href":"https:\/\/sme.goiania.go.gov.br\/conexaoescola\/wp-json\/wp\/v2\/users\/2"}],"wp:featuredmedia":[{"embeddable":true,"href":"https:\/\/sme.goiania.go.gov.br\/conexaoescola\/wp-json\/wp\/v2\/media\/1972"}],"wp:attachment":[{"href":"https:\/\/sme.goiania.go.gov.br\/conexaoescola\/wp-json\/wp\/v2\/media?parent=1969"}],"wp:term":[{"taxonomy":"eaja_categoria","embeddable":true,"href":"https:\/\/sme.goiania.go.gov.br\/conexaoescola\/wp-json\/wp\/v2\/eaja_categoria?post=1969"},{"taxonomy":"serie","embeddable":true,"href":"https:\/\/sme.goiania.go.gov.br\/conexaoescola\/wp-json\/wp\/v2\/serie?post=1969"},{"taxonomy":"eaja_componente","embeddable":true,"href":"https:\/\/sme.goiania.go.gov.br\/conexaoescola\/wp-json\/wp\/v2\/eaja_componente?post=1969"}],"curies":[{"name":"wp","href":"https:\/\/api.w.org\/{rel}","templated":true}]}}

O ritmo biológico e o trabalho

<figure class="wp-block-embed is-type-video is-provider-youtube wp-block-embed-youtube wp-embed-aspect-16-9 wp-has-aspect-ratio"><div class="wp-block-embed__wrapper">
<p class="responsive-video-wrap clr"><iframe title="O ritmo biológico e o trabalho | EAJA - 1º Segmento  | Educação Ambiental e Saúde" width="1200" height="675" src="https://www.youtube.com/embed/vgDudEVXdbg?feature=oembed" frameborder="0" allow="accelerometer; autoplay; clipboard-write; encrypted-media; gyroscope; picture-in-picture" allowfullscreen></iframe></p>
</div><figcaption>Fonte: Youtube, &#8220;Trabalho Noturno – 017 EAJA &#8211; Educação Ambiental e Saúde &#8211; 1ª Série&#8221; do canal Portal Conexão Escola</figcaption></figure>



<p class="has-drop-cap has-light-green-cyan-background-color has-background has-medium-font-size">Você costuma dormir cedo ou é noturno(a)? O nosso organismo acompanha a claridade do dia e o escuro da noite, tanto para dormir, comer e trabalhar. O relógio biológico varia de pessoa para pessoa. Mas o que é relógio biológico? Por que ele é importante para o funcionamento do nosso organismo? Como podemos criar hábitos para melhorar nosso desempenho físico e mental?</p>



<hr class="wp-block-separator"/>



<h1 class="has-pale-pink-background-color has-background wp-block-heading">Atividade 1</h1>



<p class="has-medium-font-size">Ao assistir ao vídeo abaixo, você receberá informações sobre o nosso relógio biológico, qual a importância dele para o organismo e porque criar hábitos saudáveis de sono, refletir sobre as diferenças entre os indivíduos em relação aos hábitos do sono e valorizar as profissões noturnas e a importância delas para nossa sociedade.&nbsp;</p>



<p class="has-medium-font-size">Convide sua família e juntos e assistam ao <strong>vídeo 1</strong></p>



<figure class="wp-block-embed is-type-video is-provider-youtube wp-block-embed-youtube wp-embed-aspect-16-9 wp-has-aspect-ratio"><div class="wp-block-embed__wrapper">
<p class="responsive-video-wrap clr"><iframe title="Relógio biológico invertido | Drauzio Comenta #58" width="1200" height="675" src="https://www.youtube.com/embed/i8CDNhTNQnc?feature=oembed" frameborder="0" allow="accelerometer; autoplay; clipboard-write; encrypted-media; gyroscope; picture-in-picture" allowfullscreen></iframe></p>
</div><figcaption>Fonte: Relógio biológico invertido | Drauzio Comenta</figcaption></figure>



<hr class="wp-block-separator"/>



<h1 class="has-black-color has-luminous-vivid-orange-background-color has-text-color has-background wp-block-heading">Atividade 2  </h1>



<p class="has-medium-font-size">Agora, reflita com sua família sobre os hábitos do sono, eles são iguais para todas as pessoas? Como funciona na sua família? Como podemos melhorar esses hábitos?</p>



<p class="has-medium-font-size">Quais são as profissões noturnas que você conhece? Elas são importantes? Por quẽ?</p>



<hr class="wp-block-separator"/>



<h1 class="has-pale-cyan-blue-background-color has-background wp-block-heading">Atividade 3</h1>



<p class="has-medium-font-size">Escreva no caderno as informações mais importantes do vídeo: o que significa relógio biológico, como ele funciona e sua importância para a saúde. Também registre informações sobre os diferentes hábitos de sono na sua rotina e dos profissionais que precisam inverter o funcionamento dele para trabalhar.</p>



<hr class="wp-block-separator"/>



<figure class="wp-block-table alignfull"><table><tbody><tr><td><strong>Componentes:</strong></td><td><strong>Objetivos de Aprendizagem e Desenvolvimento</strong></td></tr><tr><td>Ciências da Natureza</td><td>(EAJACI0105) Identificar a diversidade na vivência das relações sociais do cotidiano e a importância da valorização, do acolhimento e do respeito a estas diferenças.</td></tr><tr><td>Geografia&nbsp;</td><td>(EAJAGE0102) Reconhecer a si próprio e seus pares como sujeitos histórico-culturais.</td></tr><tr><td>Língua Portuguesa</td><td>(EAJALP0102) Conhecer as pistas textuais, intertextuais e contextuais;<br>(EAJALP0110) Compreender coletivamente a seleção das partes mais significativas de um texto.<br>(EAJALP0145) Elaborar textos coletivamente com diferentes funções e de diferentes gêneros do campo da vida cotidiana.<br>(EAJALP0146) Produzir textos escritos coletivamente e de forma espontânea, considerando a situação comunicativa.</td></tr></tbody></table></figure>



<hr class="wp-block-separator is-style-wide"/>



<hr class="wp-block-separator"/>



<p class="has-text-align-center"><br>EAJA – 1° Segmento &#8211; 1ª série – Educação Ambiental e Saúde</p>
