{"id":173832,"date":"2023-12-08T21:12:28","date_gmt":"2023-12-09T00:12:28","guid":{"rendered":"https:\/\/sme.goiania.go.gov.br\/conexaoescola\/?post_type=eaja&#038;p=173832"},"modified":"2024-05-06T20:53:09","modified_gmt":"2024-05-06T23:53:09","slug":"educacao-fisica-lutas-e-lazer","status":"publish","type":"eaja","link":"https:\/\/sme.goiania.go.gov.br\/conexaoescola\/eaja\/educacao-fisica-lutas-e-lazer\/","title":{"rendered":"Educa\u00e7\u00e3o F\u00edsica &#8211; Lutas e lazer"},"content":{"rendered":"\n<p class=\"has-text-align-center has-background has-medium-font-size\" style=\"background-color:#f7bf98\"><strong>ESTA PROPOSTA DE EDUCA\u00c7\u00c3O F\u00cdSICA INTEGRADA COM L\u00cdNGUA PORTUGUESA&nbsp;\u00c9 DESTINADA AOS ESTUDANTES DO TERCEIRO PER\u00cdODO DA EDUCA\u00c7\u00c3O DE JOVENS E ADULTOS \u2013 EJA.<\/strong><\/p>\n\n\n\n<div class=\"wp-block-buttons is-content-justification-center is-layout-flex wp-container-core-buttons-is-layout-16018d1d wp-block-buttons-is-layout-flex\">\n<div class=\"wp-block-button has-custom-font-size has-medium-font-size\"><a class=\"wp-block-button__link wp-element-button\" href=\"https:\/\/drive.google.com\/uc?export=douwnload&amp;id=1GqG4KeStkTP9EwXR7qbYBXp0APZMaCOo\" target=\"_blank\" rel=\"noreferrer noopener\">BAIXE A ATIVIDADE<\/a><\/div>\n\n\n\n<div class=\"wp-block-button has-custom-font-size has-medium-font-size\"><a class=\"wp-block-button__link wp-element-button\" href=\"https:\/\/drive.google.com\/uc?export=douwnload&amp;id=1QnN7DGkhOOly7ueUFzektZQiHkTIZb3S\" target=\"_blank\" rel=\"noreferrer noopener\">BAIXE OS SLIDES<\/a><\/div>\n\n\n\n<div class=\"wp-block-button has-custom-font-size has-medium-font-size\"><a class=\"wp-block-button__link wp-element-button\" href=\"https:\/\/drive.google.com\/uc?export=douwnload&amp;id=1hZwWHU6W_Te5hkQkeArTomxGCRdONRr5\" target=\"_blank\" rel=\"noreferrer noopener\">BAIXE O TEXTO<\/a><\/div>\n<\/div>\n\n\n\n<p><\/p>\n\n\n<div class=\"wp-block-image\">\n<figure class=\"aligncenter size-full is-resized\"><img fetchpriority=\"high\" decoding=\"async\" width=\"740\" height=\"740\" src=\"https:\/\/sme.goiania.go.gov.br\/conexaoescola\/wp-content\/uploads\/2023\/12\/lutas-e1702073276360.png\" alt=\"\" class=\"wp-image-173834\" style=\"width:370px;height:370px\" srcset=\"https:\/\/sme.goiania.go.gov.br\/conexaoescola\/wp-content\/uploads\/2023\/12\/lutas-e1702073276360.png 740w, https:\/\/sme.goiania.go.gov.br\/conexaoescola\/wp-content\/uploads\/2023\/12\/lutas-e1702073276360-300x300.png 300w, https:\/\/sme.goiania.go.gov.br\/conexaoescola\/wp-content\/uploads\/2023\/12\/lutas-e1702073276360-150x150.png 150w\" sizes=\"(max-width: 740px) 100vw, 740px\" \/><figcaption class=\"wp-element-caption\">Fonte: Lutas. Macrovector. Dispon\u00edvel em: <a href=\"https:\/\/br.freepik.com\/vetores-gratis\/icones-planos-de-lutadores-definidos-com-karate-taekwondo-e-outros-desportistas-de-artes-marciais-isolados-ilustracao-vetorial_31643769.htm#query=lutas&amp;position=20&amp;from_view=search&amp;track=sph&amp;uuid=800210e4-0337-4509-a039-3c5a4954442c\">Free Vector | Vetor gr\u00e1tis \u00cdcones planos de lutadores definidos com karat\u00ea taekwondo e outros desportistas de artes marciais isolados ilustra\u00e7\u00e3o vetorial (freepik.com)<\/a>.<\/figcaption><\/figure><\/div>\n\n\n<p class=\"has-text-align-center has-medium-font-size\"><strong>LUTAS E LAZER<\/strong><\/p>\n\n\n\n<p class=\"has-text-align-left has-medium-font-size\">As lutas representam pr\u00e1ticas corporais estruturadas, com movimentos de combate e regulamentadas por regras espec\u00edficas, sendo praticadas em locais adequados. Alguns exemplos de lutas incluem Jud\u00f4, Sum\u00f4, Karat\u00ea, Boxe, Esgrima, Kung Fu, Capoeira e Huka-Huka. Vivenciar essas atividades e acompanhar eventos e campeonatos de luta s\u00e3o \u00f3timas op\u00e7\u00f5es de lazer.<\/p>\n\n\n\n<p class=\"has-medium-font-size\">O lazer abrange todas as atividades escolhidas por prazer, seja para relaxar, se divertir, adquirir conhecimento ou desenvolver-se social ou criativamente. Essas atividades s\u00e3o realizadas de forma volunt\u00e1ria, ap\u00f3s o cumprimento das obriga\u00e7\u00f5es profissionais, familiares e sociais.<\/p>\n\n\n\n<p class=\"has-medium-font-size\">Os benef\u00edcios do lazer incluem al\u00edvio de tens\u00f5es, estresse e fadiga; fortalecimento de v\u00ednculos interpessoais; explora\u00e7\u00e3o de novas experi\u00eancias; aumento da expectativa de vida; aux\u00edlio no combate e redu\u00e7\u00e3o de doen\u00e7as cr\u00f4nicas; e melhoria na qualidade de vida.<\/p>\n\n\n\n<p class=\"has-background has-medium-font-size\" style=\"background-color:#f7bf98\"><strong>QUEST\u00c3O 1<\/strong><\/p>\n\n\n\n<p class=\"has-medium-font-size\">Leia o texto:<\/p>\n\n\n\n<div class=\"wp-block-columns is-layout-flex wp-container-core-columns-is-layout-9d6595d7 wp-block-columns-is-layout-flex\">\n<div class=\"wp-block-column is-layout-flow wp-block-column-is-layout-flow\" style=\"flex-basis:100%\">\n<pre class=\"wp-block-code has-medium-font-size\"><code>As lutas, historicamente ligadas \u00e0 autodefesa e competi\u00e7\u00f5es, tamb\u00e9m se tornaram uma forma de lazer, proporcionando n\u00e3o apenas atividade f\u00edsica, mas tamb\u00e9m entretenimento.<\/code><\/pre>\n<\/div>\n<\/div>\n\n\n\n<p class=\"has-medium-font-size\">A informa\u00e7\u00e3o expl\u00edcita no texto \u00e9 que  as lutas<\/p>\n\n\n\n<p class=\"has-medium-font-size\">( A ) n\u00e3o est\u00e3o associadas ao entretenimento.<\/p>\n\n\n\n<p class=\"has-medium-font-size\">( B ) podem ser praticadas como forma de lazer.<\/p>\n\n\n\n<p class=\"has-medium-font-size\">( C ) est\u00e3o exclusivamente ligadas \u00e0 autodefesa.<\/p>\n\n\n\n<p class=\"has-medium-font-size\">( D ) s\u00f3 podem ser praticadas com vi\u00e9s competitivo.<\/p>\n\n\n\n<p class=\"has-background has-medium-font-size\" style=\"background-color:#f7bf98\"><strong>QUEST\u00c3O 2<\/strong><\/p>\n\n\n\n<p class=\"has-medium-font-size\">As lutas corporais contribuem para o lazer pois<\/p>\n\n\n\n<p class=\"has-medium-font-size\">( A ) s\u00e3o praticadas em ambientes competitivos.<\/p>\n\n\n\n<p class=\"has-medium-font-size\">( B ) fornecem benef\u00edcios para a sa\u00fade f\u00edsica e mental.<\/p>\n\n\n\n<p class=\"has-medium-font-size\">( C ) s\u00e3o restritas a atletas profissionais.<\/p>\n\n\n\n<p class=\"has-medium-font-size\">( D ) atrapalha a sa\u00fade e a qualidade de vida.<\/p>\n\n\n\n<p class=\"has-background has-medium-font-size\" style=\"background-color:#f7bf98\"><strong>QUEST\u00c3O 3<\/strong><\/p>\n\n\n\n<p class=\"has-medium-font-size\">Sobre o que \u00e9 lazer marque ( V ) para as alternativas verdadeiras e ( F ) para as falsas.<\/p>\n\n\n\n<p class=\"has-medium-font-size\">(    ) Lazer abrange todas as atividades que algu\u00e9m escolhe fazer por prazer.<\/p>\n\n\n\n<p class=\"has-medium-font-size\">(    ) Lazer s\u00e3o atividades obrigat\u00f3rias durante o hor\u00e1rio de trabalho. <\/p>\n\n\n\n<p class=\"has-medium-font-size\">(    ) Atividades de lazer envolvem repousar, divertir, recrear e entreter.<\/p>\n\n\n\n<p class=\"has-medium-font-size\">(    ) S\u00e3o pr\u00e1ticas que as pessoas se &nbsp;entregam de livre vontade.<\/p>\n\n\n\n<p class=\"has-background has-medium-font-size\" style=\"background-color:#f7bf98\"><strong>QUEST\u00c3O 4<\/strong><\/p>\n\n\n\n<p class=\"has-medium-font-size\">O lazer gera in\u00fameros impactos positivos e em diversas \u00e1reas da vida. Cite alguns deles.<\/p>\n\n\n\n<hr class=\"wp-block-separator has-alpha-channel-opacity\"\/>\n\n\n\n<figure class=\"wp-block-table alignfull is-style-stripes\"><table><tbody><tr><td>Autor<\/td><td>Jordana Ferreira<\/td><\/tr><tr><td>Forma\u00e7\u00e3o<\/td><td>Educa\u00e7\u00e3o F\u00edsica<\/td><\/tr><tr><td>Componentes Curriculares<\/td><td>Educa\u00e7\u00e3o F\u00edsica e L\u00edngua Portuguesa<\/td><\/tr><tr><td>Objetivos de Aprendizagem e Desenvolvimento<\/td><td>(EJAEF0329) Identificar, refletir e dialogar sobre as quest\u00f5es de g\u00eanero, preconceitos e viol\u00eancia, inclus\u00e3o\/exclus\u00e3o presente na luta.<br>(EJALP0316) Identificar informa\u00e7\u00f5es expl\u00edcitas em textos.<\/td><\/tr><tr><td>Refer\u00eancias<\/td><td>BRASIL. Constitui\u00e7\u00e3o (1988). Constitui\u00e7\u00e3o da Rep\u00fablica Federativa do Brasil. Bras\u00edlia, 1988. Dispon\u00edvel em &lt;https:\/\/www.planalto.gov.br\/ccivil_03\/constituicao\/constituicao.htm&gt;. Acesso em 08\/12\/2023.<br>ONU. Declara\u00e7\u00e3o Universal dos Direitos Humanos. Na\u00e7\u00f5es Unidas Brasil. Dispon\u00edvel em &lt;https:\/\/brasil.un.org\/sites\/default\/files\/2020-09\/por.pdf&gt;. Acesso em 08\/12\/2023.<\/td><\/tr><\/tbody><\/table><\/figure>\n","protected":false},"author":17,"featured_media":173834,"template":"","meta":{"_acf_changed":false,"ocean_post_layout":"","ocean_both_sidebars_style":"","ocean_both_sidebars_content_width":0,"ocean_both_sidebars_sidebars_width":0,"ocean_sidebar":"","ocean_second_sidebar":"","ocean_disable_margins":"enable","ocean_add_body_class":"","ocean_shortcode_before_top_bar":"","ocean_shortcode_after_top_bar":"","ocean_shortcode_before_header":"","ocean_shortcode_after_header":"","ocean_has_shortcode":"","ocean_shortcode_after_title":"","ocean_shortcode_before_footer_widgets":"","ocean_shortcode_after_footer_widgets":"","ocean_shortcode_before_footer_bottom":"","ocean_shortcode_after_footer_bottom":"","ocean_display_top_bar":"default","ocean_display_header":"default","ocean_header_style":"","ocean_center_header_left_menu":"","ocean_custom_header_template":"","ocean_custom_logo":0,"ocean_custom_retina_logo":0,"ocean_custom_logo_max_width":0,"ocean_custom_logo_tablet_max_width":0,"ocean_custom_logo_mobile_max_width":0,"ocean_custom_logo_max_height":0,"ocean_custom_logo_tablet_max_height":0,"ocean_custom_logo_mobile_max_height":0,"ocean_header_custom_menu":"","ocean_menu_typo_font_family":"","ocean_menu_typo_font_subset":"","ocean_menu_typo_font_size":0,"ocean_menu_typo_font_size_tablet":0,"ocean_menu_typo_font_size_mobile":0,"ocean_menu_typo_font_size_unit":"px","ocean_menu_typo_font_weight":"","ocean_menu_typo_font_weight_tablet":"","ocean_menu_typo_font_weight_mobile":"","ocean_menu_typo_transform":"","ocean_menu_typo_transform_tablet":"","ocean_menu_typo_transform_mobile":"","ocean_menu_typo_line_height":0,"ocean_menu_typo_line_height_tablet":0,"ocean_menu_typo_line_height_mobile":0,"ocean_menu_typo_line_height_unit":"","ocean_menu_typo_spacing":0,"ocean_menu_typo_spacing_tablet":0,"ocean_menu_typo_spacing_mobile":0,"ocean_menu_typo_spacing_unit":"","ocean_menu_link_color":"","ocean_menu_link_color_hover":"","ocean_menu_link_color_active":"","ocean_menu_link_background":"","ocean_menu_link_hover_background":"","ocean_menu_link_active_background":"","ocean_menu_social_links_bg":"","ocean_menu_social_hover_links_bg":"","ocean_menu_social_links_color":"","ocean_menu_social_hover_links_color":"","ocean_disable_title":"default","ocean_disable_heading":"default","ocean_post_title":"","ocean_post_subheading":"","ocean_post_title_style":"","ocean_post_title_background_color":"","ocean_post_title_background":0,"ocean_post_title_bg_image_position":"","ocean_post_title_bg_image_attachment":"","ocean_post_title_bg_image_repeat":"","ocean_post_title_bg_image_size":"","ocean_post_title_height":0,"ocean_post_title_bg_overlay":0.5,"ocean_post_title_bg_overlay_color":"","ocean_disable_breadcrumbs":"default","ocean_breadcrumbs_color":"","ocean_breadcrumbs_separator_color":"","ocean_breadcrumbs_links_color":"","ocean_breadcrumbs_links_hover_color":"","ocean_display_footer_widgets":"default","ocean_display_footer_bottom":"default","ocean_custom_footer_template":""},"eaja_categoria":[4],"serie":[73],"eaja_componente":[81],"class_list":["post-173832","eaja","type-eaja","status-publish","has-post-thumbnail","hentry","eaja_categoria-1o-segmento-1a-a-4a-serie","serie-4a-serie","eaja_componente-educacao-fisica","entry","has-media"],"acf":[],"_links":{"self":[{"href":"https:\/\/sme.goiania.go.gov.br\/conexaoescola\/wp-json\/wp\/v2\/eaja\/173832","targetHints":{"allow":["GET"]}}],"collection":[{"href":"https:\/\/sme.goiania.go.gov.br\/conexaoescola\/wp-json\/wp\/v2\/eaja"}],"about":[{"href":"https:\/\/sme.goiania.go.gov.br\/conexaoescola\/wp-json\/wp\/v2\/types\/eaja"}],"author":[{"embeddable":true,"href":"https:\/\/sme.goiania.go.gov.br\/conexaoescola\/wp-json\/wp\/v2\/users\/17"}],"wp:featuredmedia":[{"embeddable":true,"href":"https:\/\/sme.goiania.go.gov.br\/conexaoescola\/wp-json\/wp\/v2\/media\/173834"}],"wp:attachment":[{"href":"https:\/\/sme.goiania.go.gov.br\/conexaoescola\/wp-json\/wp\/v2\/media?parent=173832"}],"wp:term":[{"taxonomy":"eaja_categoria","embeddable":true,"href":"https:\/\/sme.goiania.go.gov.br\/conexaoescola\/wp-json\/wp\/v2\/eaja_categoria?post=173832"},{"taxonomy":"serie","embeddable":true,"href":"https:\/\/sme.goiania.go.gov.br\/conexaoescola\/wp-json\/wp\/v2\/serie?post=173832"},{"taxonomy":"eaja_componente","embeddable":true,"href":"https:\/\/sme.goiania.go.gov.br\/conexaoescola\/wp-json\/wp\/v2\/eaja_componente?post=173832"}],"curies":[{"name":"wp","href":"https:\/\/api.w.org\/{rel}","templated":true}]}}

Educação Física &#8211; Lutas e lazer

<p class="has-text-align-center has-background has-medium-font-size" style="background-color:#f7bf98"><strong>ESTA PROPOSTA DE EDUCAÇÃO FÍSICA INTEGRADA COM LÍNGUA PORTUGUESA&nbsp;É DESTINADA AOS ESTUDANTES DO TERCEIRO PERÍODO DA EDUCAÇÃO DE JOVENS E ADULTOS – EJA.</strong></p>



<div class="wp-block-buttons is-content-justification-center is-layout-flex wp-container-core-buttons-is-layout-16018d1d wp-block-buttons-is-layout-flex">
<div class="wp-block-button has-custom-font-size has-medium-font-size"><a class="wp-block-button__link wp-element-button" href="https://drive.google.com/uc?export=douwnload&amp;id=1GqG4KeStkTP9EwXR7qbYBXp0APZMaCOo" target="_blank" rel="noreferrer noopener">BAIXE A ATIVIDADE</a></div>



<div class="wp-block-button has-custom-font-size has-medium-font-size"><a class="wp-block-button__link wp-element-button" href="https://drive.google.com/uc?export=douwnload&amp;id=1QnN7DGkhOOly7ueUFzektZQiHkTIZb3S" target="_blank" rel="noreferrer noopener">BAIXE OS SLIDES</a></div>



<div class="wp-block-button has-custom-font-size has-medium-font-size"><a class="wp-block-button__link wp-element-button" href="https://drive.google.com/uc?export=douwnload&amp;id=1hZwWHU6W_Te5hkQkeArTomxGCRdONRr5" target="_blank" rel="noreferrer noopener">BAIXE O TEXTO</a></div>
</div>



<p></p>


<div class="wp-block-image">
<figure class="aligncenter size-full is-resized"><img fetchpriority="high" decoding="async" width="740" height="740" src="https://sme.goiania.go.gov.br/conexaoescola/wp-content/uploads/2023/12/lutas-e1702073276360.png" alt="" class="wp-image-173834" style="width:370px;height:370px" srcset="https://sme.goiania.go.gov.br/conexaoescola/wp-content/uploads/2023/12/lutas-e1702073276360.png 740w, https://sme.goiania.go.gov.br/conexaoescola/wp-content/uploads/2023/12/lutas-e1702073276360-300x300.png 300w, https://sme.goiania.go.gov.br/conexaoescola/wp-content/uploads/2023/12/lutas-e1702073276360-150x150.png 150w" sizes="(max-width: 740px) 100vw, 740px" /><figcaption class="wp-element-caption">Fonte: Lutas. Macrovector. Disponível em: <a href="https://br.freepik.com/vetores-gratis/icones-planos-de-lutadores-definidos-com-karate-taekwondo-e-outros-desportistas-de-artes-marciais-isolados-ilustracao-vetorial_31643769.htm#query=lutas&amp;position=20&amp;from_view=search&amp;track=sph&amp;uuid=800210e4-0337-4509-a039-3c5a4954442c">Free Vector | Vetor grátis Ícones planos de lutadores definidos com karatê taekwondo e outros desportistas de artes marciais isolados ilustração vetorial (freepik.com)</a>.</figcaption></figure></div>


<p class="has-text-align-center has-medium-font-size"><strong>LUTAS E LAZER</strong></p>



<p class="has-text-align-left has-medium-font-size">As lutas representam práticas corporais estruturadas, com movimentos de combate e regulamentadas por regras específicas, sendo praticadas em locais adequados. Alguns exemplos de lutas incluem Judô, Sumô, Karatê, Boxe, Esgrima, Kung Fu, Capoeira e Huka-Huka. Vivenciar essas atividades e acompanhar eventos e campeonatos de luta são ótimas opções de lazer.</p>



<p class="has-medium-font-size">O lazer abrange todas as atividades escolhidas por prazer, seja para relaxar, se divertir, adquirir conhecimento ou desenvolver-se social ou criativamente. Essas atividades são realizadas de forma voluntária, após o cumprimento das obrigações profissionais, familiares e sociais.</p>



<p class="has-medium-font-size">Os benefícios do lazer incluem alívio de tensões, estresse e fadiga; fortalecimento de vínculos interpessoais; exploração de novas experiências; aumento da expectativa de vida; auxílio no combate e redução de doenças crônicas; e melhoria na qualidade de vida.</p>



<p class="has-background has-medium-font-size" style="background-color:#f7bf98"><strong>QUESTÃO 1</strong></p>



<p class="has-medium-font-size">Leia o texto:</p>



<div class="wp-block-columns is-layout-flex wp-container-core-columns-is-layout-9d6595d7 wp-block-columns-is-layout-flex">
<div class="wp-block-column is-layout-flow wp-block-column-is-layout-flow" style="flex-basis:100%">
<pre class="wp-block-code has-medium-font-size"><code>As lutas, historicamente ligadas à autodefesa e competições, também se tornaram uma forma de lazer, proporcionando não apenas atividade física, mas também entretenimento.</code></pre>
</div>
</div>



<p class="has-medium-font-size">A informação explícita no texto é que  as lutas</p>



<p class="has-medium-font-size">( A ) não estão associadas ao entretenimento.</p>



<p class="has-medium-font-size">( B ) podem ser praticadas como forma de lazer.</p>



<p class="has-medium-font-size">( C ) estão exclusivamente ligadas à autodefesa.</p>



<p class="has-medium-font-size">( D ) só podem ser praticadas com viés competitivo.</p>



<p class="has-background has-medium-font-size" style="background-color:#f7bf98"><strong>QUESTÃO 2</strong></p>



<p class="has-medium-font-size">As lutas corporais contribuem para o lazer pois</p>



<p class="has-medium-font-size">( A ) são praticadas em ambientes competitivos.</p>



<p class="has-medium-font-size">( B ) fornecem benefícios para a saúde física e mental.</p>



<p class="has-medium-font-size">( C ) são restritas a atletas profissionais.</p>



<p class="has-medium-font-size">( D ) atrapalha a saúde e a qualidade de vida.</p>



<p class="has-background has-medium-font-size" style="background-color:#f7bf98"><strong>QUESTÃO 3</strong></p>



<p class="has-medium-font-size">Sobre o que é lazer marque ( V ) para as alternativas verdadeiras e ( F ) para as falsas.</p>



<p class="has-medium-font-size">(    ) Lazer abrange todas as atividades que alguém escolhe fazer por prazer.</p>



<p class="has-medium-font-size">(    ) Lazer são atividades obrigatórias durante o horário de trabalho. </p>



<p class="has-medium-font-size">(    ) Atividades de lazer envolvem repousar, divertir, recrear e entreter.</p>



<p class="has-medium-font-size">(    ) São práticas que as pessoas se &nbsp;entregam de livre vontade.</p>



<p class="has-background has-medium-font-size" style="background-color:#f7bf98"><strong>QUESTÃO 4</strong></p>



<p class="has-medium-font-size">O lazer gera inúmeros impactos positivos e em diversas áreas da vida. Cite alguns deles.</p>



<hr class="wp-block-separator has-alpha-channel-opacity"/>



<figure class="wp-block-table alignfull is-style-stripes"><table><tbody><tr><td>Autor</td><td>Jordana Ferreira</td></tr><tr><td>Formação</td><td>Educação Física</td></tr><tr><td>Componentes Curriculares</td><td>Educação Física e Língua Portuguesa</td></tr><tr><td>Objetivos de Aprendizagem e Desenvolvimento</td><td>(EJAEF0329) Identificar, refletir e dialogar sobre as questões de gênero, preconceitos e violência, inclusão/exclusão presente na luta.<br>(EJALP0316) Identificar informações explícitas em textos.</td></tr><tr><td>Referências</td><td>BRASIL. Constituição (1988). Constituição da República Federativa do Brasil. Brasília, 1988. Disponível em &lt;https://www.planalto.gov.br/ccivil_03/constituicao/constituicao.htm&gt;. Acesso em 08/12/2023.<br>ONU. Declaração Universal dos Direitos Humanos. Nações Unidas Brasil. Disponível em &lt;https://brasil.un.org/sites/default/files/2020-09/por.pdf&gt;. Acesso em 08/12/2023.</td></tr></tbody></table></figure>
