{"id":165243,"date":"2023-06-20T16:45:19","date_gmt":"2023-06-20T19:45:19","guid":{"rendered":"https:\/\/sme.goiania.go.gov.br\/conexaoescola\/?post_type=eaja&#038;p=165243"},"modified":"2024-04-09T13:41:45","modified_gmt":"2024-04-09T16:41:45","slug":"educacao-fisica-maculele","status":"publish","type":"eaja","link":"https:\/\/sme.goiania.go.gov.br\/conexaoescola\/eaja\/educacao-fisica-maculele\/","title":{"rendered":"EDUCA\u00c7\u00c3O F\u00cdSICA &#8211; MACULEL\u00ca"},"content":{"rendered":"\n<p class=\"has-text-align-center has-background has-medium-font-size\" style=\"background-color:#e5b491\"><strong>ESTA PROPOSTA DE EDUCA\u00c7\u00c3O F\u00cdSICA INTEGRADA COM ARTE\/DAN\u00c7A&nbsp;\u00c9 DESTINADA AOS ESTUDANTES DO PRIMEIRO PER\u00cdODO DA EDUCA\u00c7\u00c3O DE JOVENS E ADULTOS \u2013 EJA.<\/strong><\/p>\n\n\n\n<div class=\"wp-block-buttons is-content-justification-center is-layout-flex wp-container-core-buttons-is-layout-16018d1d wp-block-buttons-is-layout-flex\">\n<div class=\"wp-block-button has-custom-font-size has-medium-font-size\"><a class=\"wp-block-button__link wp-element-button\" href=\"https:\/\/drive.google.com\/uc?export=download&amp;id=1-F62dQMJwBSyPY0eohGP5v_E7c0KyOwe\" target=\"_blank\" rel=\"noreferrer noopener\">BAIXE A ATIVIDADE<\/a><\/div>\n\n\n\n<div class=\"wp-block-button has-custom-font-size has-medium-font-size\"><a class=\"wp-block-button__link wp-element-button\" href=\"https:\/\/drive.google.com\/uc?export=douwnload&amp;id=1a0TcWyyBWjy07j5r-HJrX3apTEGNddnf\" target=\"_blank\" rel=\"noreferrer noopener\">BAIXE OS SLIDES<\/a><\/div>\n\n\n\n<div class=\"wp-block-button has-custom-font-size has-medium-font-size\"><a class=\"wp-block-button__link wp-element-button\" href=\"https:\/\/drive.google.com\/uc?export=download&amp;id=1342zEpzaC7xEZDk7taDRG574J-eSM4wb\" target=\"_blank\" rel=\"noreferrer noopener\">BAIXE O TEXTO<\/a><\/div>\n<\/div>\n\n\n<div class=\"wp-block-image\">\n<figure class=\"aligncenter size-full is-resized\"><img fetchpriority=\"high\" decoding=\"async\" width=\"800\" height=\"531\" src=\"https:\/\/sme.goiania.go.gov.br\/conexaoescola\/wp-content\/uploads\/2023\/06\/MACULELE-e1687286750661.png\" alt=\"\" class=\"wp-image-165234\" style=\"width:400px;height:266px\" srcset=\"https:\/\/sme.goiania.go.gov.br\/conexaoescola\/wp-content\/uploads\/2023\/06\/MACULELE-e1687286750661.png 800w, https:\/\/sme.goiania.go.gov.br\/conexaoescola\/wp-content\/uploads\/2023\/06\/MACULELE-e1687286750661-300x199.png 300w, https:\/\/sme.goiania.go.gov.br\/conexaoescola\/wp-content\/uploads\/2023\/06\/MACULELE-e1687286750661-768x510.png 768w\" sizes=\"(max-width: 800px) 100vw, 800px\" \/><figcaption class=\"wp-element-caption\">Fonte: Maculel\u00ea. Joel Zimmer. Fonte: <a href=\"https:\/\/www.flickr.com\/photos\/97673498@N00\/3652329869\">https:\/\/www.flickr.com\/photos\/97673498@N00\/3652329869<\/a>. Dispon\u00edvel em: <a href=\"https:\/\/commons.wikimedia.org\/wiki\/File:Maculele_in_New_York.jpg\">File:Maculele em Nova Iorque.jpg &#8211; Wikimedia Commons<\/a>.<\/figcaption><\/figure><\/div>\n\n\n<figure class=\"wp-block-audio\"><audio controls src=\"https:\/\/sme.goiania.go.gov.br\/conexaoescola\/wp-content\/uploads\/2023\/06\/WhatsApp-Ptt-2023-06-20-at-19.06.00.ogg\"><\/audio><\/figure>\n\n\n\n<p class=\"has-text-align-center has-medium-font-size\"><strong>MACULEL\u00ca<\/strong><\/p>\n\n\n\n<p class=\"has-medium-font-size\">O MACULEL\u00ca \u00c9 UMA MANIFESTA\u00c7\u00c3O CULTURAL QUE COMBINA ELEMENTOS DE LUTA E DAN\u00c7A DRAM\u00c1TICA. TRATA-SE DE UMA DAN\u00c7A POPULAR QUE ENCENA UMA LUTA, SENDO PRATICADA EM GRUPOS QUE UTILIZAM BAST\u00d5ES DE MADEIRA AO SOM DOS ATABAQUES E CANTOS.<\/p>\n\n\n\n<p class=\"has-medium-font-size\">AS RA\u00cdZES DO MACULEL\u00ca REMONTAM \u00c0 \u00c1FRICA, ONDE AS COMUNIDADES TRIBAIS REALIZAVAM PR\u00c1TICAS DE COMBATE COM BAST\u00d5ES. NO BRASIL, ESSA MANIFESTA\u00c7\u00c3O CULTURAL FOI REINVENTADA PELOS ESCRAVIZADOS COMO UMA FORMA DE HONRAR SEUS ANCESTRAIS AFRICANOS E RESISTIR \u00c0 ESCRAVID\u00c3O. EM SANTO AMARO DA PURIFICA\u00c7\u00c3O, UMA CIDADE DO REC\u00d4NCAVO BAIANO, O MACULEL\u00ca SE ENRAIZOU COMO UMA CULTURA TRADICIONAL.<\/p>\n\n\n\n<p class=\"has-medium-font-size\">MESTRE POP\u00d3, OU PAULINO ALO\u00cdSIO ANDRADE, DESEMPENHOU UM PAPEL FUNDAMENTAL NA PRESERVA\u00c7\u00c3O, DESENVOLVIMENTO E DISSEMINA\u00c7\u00c3O DO MACULEL\u00ca. ELE TRANSMITIU SEUS CONHECIMENTOS PARA SUA FAM\u00cdLIA E COMUNIDADE, RECRIANDO CANTIGAS, INTRODUZINDO M\u00daSICAS DE CANDOMBL\u00c9 E INCORPORANDO ELEMENTOS DE OUTRAS MANIFESTA\u00c7\u00d5ES. <\/p>\n\n\n\n<p class=\"has-medium-font-size\">HOJE, O MACULEL\u00ca DESEMPENHA UM PARTE IMPORTANTE NA IDENTIDADE CULTURAL DO BRASIL.  ELE REPRESENTA UMA FORMA DE CELEBRA\u00c7\u00c3O, RESIST\u00caNCIA E VALORIZA\u00c7\u00c3O DA HERAN\u00c7A AFRICANA. <\/p>\n\n\n\n<p class=\"has-background has-medium-font-size\" style=\"background-color:#e5b491\"><strong>QUEST\u00c3O 1<\/strong><\/p>\n\n\n\n<p class=\"has-medium-font-size\">O MACULEL\u00ca REPRESENTA<\/p>\n\n\n\n<p class=\"has-medium-font-size\">(A) UMA MANIFESTA\u00c7\u00c3O CULTURAL SEM CONEX\u00c3O COM A HIST\u00d3RIA.<\/p>\n\n\n\n<p class=\"has-medium-font-size\">(B) UMA FORMA DE CELEBRAR A DIVERSIDADE CULTURAL BRASILEIRA. <\/p>\n\n\n\n<p class=\"has-medium-font-size\">(C) UM MEIO DE ESQUECER A HERAN\u00c7A AFRICANA NO BRASIL.<\/p>\n\n\n\n<p class=\"has-medium-font-size\">(D) UMA MANEIRA DE APAGAR A MEM\u00d3RIA DOS ANCESTRAIS. <\/p>\n\n\n\n<p class=\"has-background has-medium-font-size\" style=\"background-color:#e5b491\"><strong>QUEST\u00c3O 2<\/strong><\/p>\n\n\n\n<p class=\"has-medium-font-size\">O MACULEL\u00ca  PODE SER UTILIZADO COMO  UMA FERRAMENTA EFETIVA NA LUTA CONTRA O RACISMO. ISSO OCORRE POIS A MANIFESTA\u00c7\u00c3O<\/p>\n\n\n\n<p class=\"has-medium-font-size\">(A) PERPETUA ESTERE\u00d3TIPOS NEGATIVOS DA CULTURA AFRICANA. <\/p>\n\n\n\n<p class=\"has-medium-font-size\">(B) CRIA ESPA\u00c7OS DE DI\u00c1LOGO E ENTENDIMENTO M\u00daTUO. <\/p>\n\n\n\n<p class=\"has-medium-font-size\">(C) REFOR\u00c7A  E ENALTECE HIERARQUIAS SOCIAIS.<\/p>\n\n\n\n<p class=\"has-medium-font-size\">(D) IGNORA E DESPREZA A DIVERSIDADE CULTURAL. <\/p>\n\n\n\n<p class=\"has-background has-medium-font-size\" style=\"background-color:#e5b491\"><strong>QUEST\u00c3O 3<\/strong><\/p>\n\n\n\n<p class=\"has-medium-font-size\">O FIGURINO TEM UM PAPEL FUNDAMENTAL NA EXPRESS\u00c3O ART\u00cdSTICA DO MACULEL\u00ca, CONTRIBUINDO PARA A IDENTIDADE VISUAL E EST\u00c9TICA DA PR\u00c1TICA. CITE ALGUNS ELEMENTOS QUE  COMP\u00d5EM ESSE FIGURINO E O QUE ELES SIMBOLIZAM E REPRESENTAM DENTRO DESSA MANIFESTA\u00c7\u00c3O CULTURAL.<\/p>\n\n\n\n<p class=\"has-background has-medium-font-size\" style=\"background-color:#e5b491\"><strong>QUEST\u00c3O 4<\/strong><\/p>\n\n\n\n<p class=\"has-medium-font-size\">O MACULEL\u00ca, POR SE BASEAR EM UMA ENCENA\u00c7\u00c3O DE LUTA, PODE SER INTERPRETADO COMO UMA FORMA DE VIOL\u00caNCIA? JUSTIFIQUE.<\/p>\n\n\n\n<hr class=\"wp-block-separator has-alpha-channel-opacity\"\/>\n\n\n\n<figure class=\"wp-block-table alignwide is-style-stripes\"><table><tbody><tr><td>Autor<\/td><td>Jordana Ferreira<\/td><\/tr><tr><td>Forma\u00e7\u00e3o<\/td><td>Educa\u00e7\u00e3o F\u00edsica<\/td><\/tr><tr><td>Componentes Curriculares<\/td><td>Educa\u00e7\u00e3o F\u00edsica e Arte\/Dan\u00e7a<\/td><\/tr><tr><td>Objetivos de Aprendizagem e Desenvolvimento<\/td><td>(EJAEF0121) Reconhecer e vivenciar diferentes modalidades de dan\u00e7as do contexto regional e nacional.<br>(EJAAD0108) Investigar e compreender aspectos estruturais, din\u00e2micos e expressivos presentes em diferentes dan\u00e7as, explorando diferentes matrizes est\u00e9ticas e culturais, respeitando e partindo da diversidade de corpos e elementos est\u00e9ticos.<\/td><\/tr><tr><td>Refer\u00eancias<\/td><td>BRASIL, A verdadeira hist\u00f3ria do Maculel\u00ea. v\u00eddeo. Dispon\u00edvel em <a href=\"https:\/\/www.youtube.com\/watch?v=DaWZKDpZdXA\">https:\/\/www.youtube.com\/watch?v=DaWZKDpZdXA<\/a>. Acesso em 19 de junho de 2023.<br>FERRAZ, Fernando Marques Camargo. O Fazer Saber das Dan\u00e7as Afro: investigando matrizes negras em movimento. 2012. 291 p.&nbsp; Programa de P\u00f3s gradua\u00e7\u00e3o em Artes (disserta\u00e7\u00e3o) Universidade Paulista de S\u00e3o Paulo. S\u00e3o Paulo, 2012.<\/td><\/tr><\/tbody><\/table><\/figure>\n","protected":false},"author":17,"featured_media":165234,"template":"","meta":{"_acf_changed":false,"ocean_post_layout":"","ocean_both_sidebars_style":"","ocean_both_sidebars_content_width":0,"ocean_both_sidebars_sidebars_width":0,"ocean_sidebar":"","ocean_second_sidebar":"","ocean_disable_margins":"enable","ocean_add_body_class":"","ocean_shortcode_before_top_bar":"","ocean_shortcode_after_top_bar":"","ocean_shortcode_before_header":"","ocean_shortcode_after_header":"","ocean_has_shortcode":"","ocean_shortcode_after_title":"","ocean_shortcode_before_footer_widgets":"","ocean_shortcode_after_footer_widgets":"","ocean_shortcode_before_footer_bottom":"","ocean_shortcode_after_footer_bottom":"","ocean_display_top_bar":"default","ocean_display_header":"default","ocean_header_style":"","ocean_center_header_left_menu":"","ocean_custom_header_template":"","ocean_custom_logo":0,"ocean_custom_retina_logo":0,"ocean_custom_logo_max_width":0,"ocean_custom_logo_tablet_max_width":0,"ocean_custom_logo_mobile_max_width":0,"ocean_custom_logo_max_height":0,"ocean_custom_logo_tablet_max_height":0,"ocean_custom_logo_mobile_max_height":0,"ocean_header_custom_menu":"","ocean_menu_typo_font_family":"","ocean_menu_typo_font_subset":"","ocean_menu_typo_font_size":0,"ocean_menu_typo_font_size_tablet":0,"ocean_menu_typo_font_size_mobile":0,"ocean_menu_typo_font_size_unit":"px","ocean_menu_typo_font_weight":"","ocean_menu_typo_font_weight_tablet":"","ocean_menu_typo_font_weight_mobile":"","ocean_menu_typo_transform":"","ocean_menu_typo_transform_tablet":"","ocean_menu_typo_transform_mobile":"","ocean_menu_typo_line_height":0,"ocean_menu_typo_line_height_tablet":0,"ocean_menu_typo_line_height_mobile":0,"ocean_menu_typo_line_height_unit":"","ocean_menu_typo_spacing":0,"ocean_menu_typo_spacing_tablet":0,"ocean_menu_typo_spacing_mobile":0,"ocean_menu_typo_spacing_unit":"","ocean_menu_link_color":"","ocean_menu_link_color_hover":"","ocean_menu_link_color_active":"","ocean_menu_link_background":"","ocean_menu_link_hover_background":"","ocean_menu_link_active_background":"","ocean_menu_social_links_bg":"","ocean_menu_social_hover_links_bg":"","ocean_menu_social_links_color":"","ocean_menu_social_hover_links_color":"","ocean_disable_title":"default","ocean_disable_heading":"default","ocean_post_title":"","ocean_post_subheading":"","ocean_post_title_style":"","ocean_post_title_background_color":"","ocean_post_title_background":0,"ocean_post_title_bg_image_position":"","ocean_post_title_bg_image_attachment":"","ocean_post_title_bg_image_repeat":"","ocean_post_title_bg_image_size":"","ocean_post_title_height":0,"ocean_post_title_bg_overlay":0.5,"ocean_post_title_bg_overlay_color":"","ocean_disable_breadcrumbs":"default","ocean_breadcrumbs_color":"","ocean_breadcrumbs_separator_color":"","ocean_breadcrumbs_links_color":"","ocean_breadcrumbs_links_hover_color":"","ocean_display_footer_widgets":"default","ocean_display_footer_bottom":"default","ocean_custom_footer_template":""},"eaja_categoria":[4],"serie":[70,71],"eaja_componente":[81],"class_list":["post-165243","eaja","type-eaja","status-publish","has-post-thumbnail","hentry","eaja_categoria-1o-segmento-1a-a-4a-serie","serie-1a-serie","serie-2a-serie","eaja_componente-educacao-fisica","entry","has-media"],"acf":[],"_links":{"self":[{"href":"https:\/\/sme.goiania.go.gov.br\/conexaoescola\/wp-json\/wp\/v2\/eaja\/165243","targetHints":{"allow":["GET"]}}],"collection":[{"href":"https:\/\/sme.goiania.go.gov.br\/conexaoescola\/wp-json\/wp\/v2\/eaja"}],"about":[{"href":"https:\/\/sme.goiania.go.gov.br\/conexaoescola\/wp-json\/wp\/v2\/types\/eaja"}],"author":[{"embeddable":true,"href":"https:\/\/sme.goiania.go.gov.br\/conexaoescola\/wp-json\/wp\/v2\/users\/17"}],"wp:featuredmedia":[{"embeddable":true,"href":"https:\/\/sme.goiania.go.gov.br\/conexaoescola\/wp-json\/wp\/v2\/media\/165234"}],"wp:attachment":[{"href":"https:\/\/sme.goiania.go.gov.br\/conexaoescola\/wp-json\/wp\/v2\/media?parent=165243"}],"wp:term":[{"taxonomy":"eaja_categoria","embeddable":true,"href":"https:\/\/sme.goiania.go.gov.br\/conexaoescola\/wp-json\/wp\/v2\/eaja_categoria?post=165243"},{"taxonomy":"serie","embeddable":true,"href":"https:\/\/sme.goiania.go.gov.br\/conexaoescola\/wp-json\/wp\/v2\/serie?post=165243"},{"taxonomy":"eaja_componente","embeddable":true,"href":"https:\/\/sme.goiania.go.gov.br\/conexaoescola\/wp-json\/wp\/v2\/eaja_componente?post=165243"}],"curies":[{"name":"wp","href":"https:\/\/api.w.org\/{rel}","templated":true}]}}

EDUCAÇÃO FÍSICA &#8211; MACULELÊ

<p class="has-text-align-center has-background has-medium-font-size" style="background-color:#e5b491"><strong>ESTA PROPOSTA DE EDUCAÇÃO FÍSICA INTEGRADA COM ARTE/DANÇA&nbsp;É DESTINADA AOS ESTUDANTES DO PRIMEIRO PERÍODO DA EDUCAÇÃO DE JOVENS E ADULTOS – EJA.</strong></p>



<div class="wp-block-buttons is-content-justification-center is-layout-flex wp-container-core-buttons-is-layout-16018d1d wp-block-buttons-is-layout-flex">
<div class="wp-block-button has-custom-font-size has-medium-font-size"><a class="wp-block-button__link wp-element-button" href="https://drive.google.com/uc?export=download&amp;id=1-F62dQMJwBSyPY0eohGP5v_E7c0KyOwe" target="_blank" rel="noreferrer noopener">BAIXE A ATIVIDADE</a></div>



<div class="wp-block-button has-custom-font-size has-medium-font-size"><a class="wp-block-button__link wp-element-button" href="https://drive.google.com/uc?export=douwnload&amp;id=1a0TcWyyBWjy07j5r-HJrX3apTEGNddnf" target="_blank" rel="noreferrer noopener">BAIXE OS SLIDES</a></div>



<div class="wp-block-button has-custom-font-size has-medium-font-size"><a class="wp-block-button__link wp-element-button" href="https://drive.google.com/uc?export=download&amp;id=1342zEpzaC7xEZDk7taDRG574J-eSM4wb" target="_blank" rel="noreferrer noopener">BAIXE O TEXTO</a></div>
</div>


<div class="wp-block-image">
<figure class="aligncenter size-full is-resized"><img fetchpriority="high" decoding="async" width="800" height="531" src="https://sme.goiania.go.gov.br/conexaoescola/wp-content/uploads/2023/06/MACULELE-e1687286750661.png" alt="" class="wp-image-165234" style="width:400px;height:266px" srcset="https://sme.goiania.go.gov.br/conexaoescola/wp-content/uploads/2023/06/MACULELE-e1687286750661.png 800w, https://sme.goiania.go.gov.br/conexaoescola/wp-content/uploads/2023/06/MACULELE-e1687286750661-300x199.png 300w, https://sme.goiania.go.gov.br/conexaoescola/wp-content/uploads/2023/06/MACULELE-e1687286750661-768x510.png 768w" sizes="(max-width: 800px) 100vw, 800px" /><figcaption class="wp-element-caption">Fonte: Maculelê. Joel Zimmer. Fonte: <a href="https://www.flickr.com/photos/97673498@N00/3652329869">https://www.flickr.com/photos/97673498@N00/3652329869</a>. Disponível em: <a href="https://commons.wikimedia.org/wiki/File:Maculele_in_New_York.jpg">File:Maculele em Nova Iorque.jpg &#8211; Wikimedia Commons</a>.</figcaption></figure></div>


<figure class="wp-block-audio"><audio controls src="https://sme.goiania.go.gov.br/conexaoescola/wp-content/uploads/2023/06/WhatsApp-Ptt-2023-06-20-at-19.06.00.ogg"></audio></figure>



<p class="has-text-align-center has-medium-font-size"><strong>MACULELÊ</strong></p>



<p class="has-medium-font-size">O MACULELÊ É UMA MANIFESTAÇÃO CULTURAL QUE COMBINA ELEMENTOS DE LUTA E DANÇA DRAMÁTICA. TRATA-SE DE UMA DANÇA POPULAR QUE ENCENA UMA LUTA, SENDO PRATICADA EM GRUPOS QUE UTILIZAM BASTÕES DE MADEIRA AO SOM DOS ATABAQUES E CANTOS.</p>



<p class="has-medium-font-size">AS RAÍZES DO MACULELÊ REMONTAM À ÁFRICA, ONDE AS COMUNIDADES TRIBAIS REALIZAVAM PRÁTICAS DE COMBATE COM BASTÕES. NO BRASIL, ESSA MANIFESTAÇÃO CULTURAL FOI REINVENTADA PELOS ESCRAVIZADOS COMO UMA FORMA DE HONRAR SEUS ANCESTRAIS AFRICANOS E RESISTIR À ESCRAVIDÃO. EM SANTO AMARO DA PURIFICAÇÃO, UMA CIDADE DO RECÔNCAVO BAIANO, O MACULELÊ SE ENRAIZOU COMO UMA CULTURA TRADICIONAL.</p>



<p class="has-medium-font-size">MESTRE POPÓ, OU PAULINO ALOÍSIO ANDRADE, DESEMPENHOU UM PAPEL FUNDAMENTAL NA PRESERVAÇÃO, DESENVOLVIMENTO E DISSEMINAÇÃO DO MACULELÊ. ELE TRANSMITIU SEUS CONHECIMENTOS PARA SUA FAMÍLIA E COMUNIDADE, RECRIANDO CANTIGAS, INTRODUZINDO MÚSICAS DE CANDOMBLÉ E INCORPORANDO ELEMENTOS DE OUTRAS MANIFESTAÇÕES. </p>



<p class="has-medium-font-size">HOJE, O MACULELÊ DESEMPENHA UM PARTE IMPORTANTE NA IDENTIDADE CULTURAL DO BRASIL.  ELE REPRESENTA UMA FORMA DE CELEBRAÇÃO, RESISTÊNCIA E VALORIZAÇÃO DA HERANÇA AFRICANA. </p>



<p class="has-background has-medium-font-size" style="background-color:#e5b491"><strong>QUESTÃO 1</strong></p>



<p class="has-medium-font-size">O MACULELÊ REPRESENTA</p>



<p class="has-medium-font-size">(A) UMA MANIFESTAÇÃO CULTURAL SEM CONEXÃO COM A HISTÓRIA.</p>



<p class="has-medium-font-size">(B) UMA FORMA DE CELEBRAR A DIVERSIDADE CULTURAL BRASILEIRA. </p>



<p class="has-medium-font-size">(C) UM MEIO DE ESQUECER A HERANÇA AFRICANA NO BRASIL.</p>



<p class="has-medium-font-size">(D) UMA MANEIRA DE APAGAR A MEMÓRIA DOS ANCESTRAIS. </p>



<p class="has-background has-medium-font-size" style="background-color:#e5b491"><strong>QUESTÃO 2</strong></p>



<p class="has-medium-font-size">O MACULELÊ  PODE SER UTILIZADO COMO  UMA FERRAMENTA EFETIVA NA LUTA CONTRA O RACISMO. ISSO OCORRE POIS A MANIFESTAÇÃO</p>



<p class="has-medium-font-size">(A) PERPETUA ESTEREÓTIPOS NEGATIVOS DA CULTURA AFRICANA. </p>



<p class="has-medium-font-size">(B) CRIA ESPAÇOS DE DIÁLOGO E ENTENDIMENTO MÚTUO. </p>



<p class="has-medium-font-size">(C) REFORÇA  E ENALTECE HIERARQUIAS SOCIAIS.</p>



<p class="has-medium-font-size">(D) IGNORA E DESPREZA A DIVERSIDADE CULTURAL. </p>



<p class="has-background has-medium-font-size" style="background-color:#e5b491"><strong>QUESTÃO 3</strong></p>



<p class="has-medium-font-size">O FIGURINO TEM UM PAPEL FUNDAMENTAL NA EXPRESSÃO ARTÍSTICA DO MACULELÊ, CONTRIBUINDO PARA A IDENTIDADE VISUAL E ESTÉTICA DA PRÁTICA. CITE ALGUNS ELEMENTOS QUE  COMPÕEM ESSE FIGURINO E O QUE ELES SIMBOLIZAM E REPRESENTAM DENTRO DESSA MANIFESTAÇÃO CULTURAL.</p>



<p class="has-background has-medium-font-size" style="background-color:#e5b491"><strong>QUESTÃO 4</strong></p>



<p class="has-medium-font-size">O MACULELÊ, POR SE BASEAR EM UMA ENCENAÇÃO DE LUTA, PODE SER INTERPRETADO COMO UMA FORMA DE VIOLÊNCIA? JUSTIFIQUE.</p>



<hr class="wp-block-separator has-alpha-channel-opacity"/>



<figure class="wp-block-table alignwide is-style-stripes"><table><tbody><tr><td>Autor</td><td>Jordana Ferreira</td></tr><tr><td>Formação</td><td>Educação Física</td></tr><tr><td>Componentes Curriculares</td><td>Educação Física e Arte/Dança</td></tr><tr><td>Objetivos de Aprendizagem e Desenvolvimento</td><td>(EJAEF0121) Reconhecer e vivenciar diferentes modalidades de danças do contexto regional e nacional.<br>(EJAAD0108) Investigar e compreender aspectos estruturais, dinâmicos e expressivos presentes em diferentes danças, explorando diferentes matrizes estéticas e culturais, respeitando e partindo da diversidade de corpos e elementos estéticos.</td></tr><tr><td>Referências</td><td>BRASIL, A verdadeira história do Maculelê. vídeo. Disponível em <a href="https://www.youtube.com/watch?v=DaWZKDpZdXA">https://www.youtube.com/watch?v=DaWZKDpZdXA</a>. Acesso em 19 de junho de 2023.<br>FERRAZ, Fernando Marques Camargo. O Fazer Saber das Danças Afro: investigando matrizes negras em movimento. 2012. 291 p.&nbsp; Programa de Pós graduação em Artes (dissertação) Universidade Paulista de São Paulo. São Paulo, 2012.</td></tr></tbody></table></figure>
