{"id":1612,"date":"2020-05-18T07:00:00","date_gmt":"2020-05-18T10:00:00","guid":{"rendered":"http:\/\/sme.goiania.go.gov.br\/conexaoescola\/?post_type=eaja&#038;p=1612"},"modified":"2021-11-19T17:29:03","modified_gmt":"2021-11-19T19:29:03","slug":"o-analfabeto-politico","status":"publish","type":"eaja","link":"https:\/\/sme.goiania.go.gov.br\/conexaoescola\/eaja\/o-analfabeto-politico\/","title":{"rendered":"O Analfabeto Pol\u00edtico"},"content":{"rendered":"\n<p class=\"has-drop-cap has-pale-pink-background-color has-background has-medium-font-size\">Essa atividade chama aten\u00e7\u00e3o para a import\u00e2ncia de exercermos a nossa cidadania plena e com \u00e9tica, pois o analfabeto pol\u00edtico que diz ser neutro, abominar a pol\u00edtica, nega-se a participar dos acontecimentos pol\u00edticos. Ele n\u00e3o l\u00ea, n\u00e3o analisa o que ouve e assimila como verdade, fala e repete o que ouviu, sem questionar, v\u00edtima f\u00e1cil de \u201cfake News\u201d e divulga nas redes sociais. O analfabeto pol\u00edtico \u00e9 facilmente manipul\u00e1vel, interpretando os fatos com a ingenuidade, pois n\u00e3o sabe quem o manipula.<\/p>\n\n\n\n<hr class=\"wp-block-separator\"\/>\n\n\n\n<h1 class=\"has-vivid-cyan-blue-background-color has-background wp-block-heading\">Atividade 1<\/h1>\n\n\n\n<p class=\"has-medium-font-size\">Assista ao v\u00eddeo de Rolando Boldrin declamando o texto \u201cO Analfabeto Pol\u00edtico\u201d de Bertold Brecht.<\/p>\n\n\n\n<figure class=\"wp-block-embed is-type-video is-provider-youtube wp-block-embed-youtube wp-embed-aspect-16-9 wp-has-aspect-ratio\"><div class=\"wp-block-embed__wrapper\">\n<p class=\"responsive-video-wrap clr\"><iframe title=\"Rolando Boldrin em &quot;O analfabeto pol\u00edtico&quot;\" width=\"1200\" height=\"675\" src=\"https:\/\/www.youtube.com\/embed\/rZ8hYk9WyRU?feature=oembed\" frameborder=\"0\" allow=\"accelerometer; autoplay; clipboard-write; encrypted-media; gyroscope; picture-in-picture\" allowfullscreen><\/iframe><\/p>\n<\/div><\/figure>\n\n\n\n<hr class=\"wp-block-separator\"\/>\n\n\n\n<h1 class=\"has-light-green-cyan-background-color has-background wp-block-heading\">Atividade 2<\/h1>\n\n\n\n<p class=\"has-medium-font-size\">Leia declamando para a sua fam\u00edlia o texto a seguir, de Berthold Brecht.<\/p>\n\n\n\n<p class=\"has-medium-font-size\">\u201cO Analfabeto Pol\u00edtico\u201d&nbsp;<\/p>\n\n\n\n<p class=\"has-medium-font-size\">O pior analfabeto \u00e9 o analfabeto pol\u00edtico.<\/p>\n\n\n\n<p class=\"has-medium-font-size\">Ele n\u00e3o ouve, n\u00e3o fala, nem participa dos acontecimentos pol\u00edticos.<\/p>\n\n\n\n<p class=\"has-medium-font-size\">Ele n\u00e3o sabe que o<a href=\"https:\/\/pt.wikipedia.org\/wiki\/Custo_de_vida\"> <\/a>custo de vida, o pre\u00e7o do feij\u00e3o, do peixe, da farinha,<\/p>\n\n\n\n<p class=\"has-medium-font-size\">do aluguel, do sapato e do rem\u00e9dio dependem das decis\u00f5es pol\u00edticas.<\/p>\n\n\n\n<p class=\"has-medium-font-size\">O analfabeto pol\u00edtico \u00e9 t\u00e3o burro que se orgulha<\/p>\n\n\n\n<p class=\"has-medium-font-size\">e estufa o peito dizendo que odeia a pol\u00edtica.<\/p>\n\n\n\n<p class=\"has-medium-font-size\">N\u00e3o sabe o imbecil que da sua ignor\u00e2ncia pol\u00edtica<\/p>\n\n\n\n<p class=\"has-medium-font-size\">nasce a<a href=\"https:\/\/pt.wikipedia.org\/wiki\/Prostituta\"> prostituta<\/a>, o<a href=\"https:\/\/pt.wikipedia.org\/wiki\/Menor_abandonado\"> menor abandonado<\/a><\/p>\n\n\n\n<p class=\"has-medium-font-size\">e o pior de todos os<a href=\"https:\/\/pt.wikipedia.org\/wiki\/Bandido\"> bandidos<\/a>,<\/p>\n\n\n\n<p class=\"has-medium-font-size\">que \u00e9 o pol\u00edtico vigarista, pilantra,<\/p>\n\n\n\n<p class=\"has-medium-font-size\">corrupto e lacaio das empresas<\/p>\n\n\n\n<p class=\"has-medium-font-size\">nacionais e multinacionais.\u201d<\/p>\n\n\n\n<hr class=\"wp-block-separator\"\/>\n\n\n\n<h1 class=\"has-cyan-bluish-gray-background-color has-background wp-block-heading\">Atividade 3\u00a0<\/h1>\n\n\n\n<p class=\"has-medium-font-size\">Agora, com base no texto, converse com a sua fam\u00edlia sobre o papel da pol\u00edtica e os males do analfabetismo pol\u00edtico.<\/p>\n\n\n\n<hr class=\"wp-block-separator\"\/>\n\n\n\n<h1 class=\"has-white-color has-vivid-purple-background-color has-text-color has-background wp-block-heading\">Atividade 4<\/h1>\n\n\n\n<p class=\"has-medium-font-size\">No per\u00edodo eleitoral, voc\u00ea ouvir\u00e1 diversas propostas e dever\u00e1 fazer a op\u00e7\u00e3o entre os candidatos, o que possui as melhores propostas.&nbsp;<\/p>\n\n\n\n<p class=\"has-medium-font-size\">Vamos exercitar a interpreta\u00e7\u00e3o, compreens\u00e3o e a compara\u00e7\u00e3o entre as duas propostas abaixo?<\/p>\n\n\n\n<ul class=\"has-blush-light-purple-gradient-background has-background has-medium-font-size wp-block-list\"><li>\u201cAs minhas prioridades s\u00e3o o empoderamento das mulheres, a promo\u00e7\u00e3o da igualdade racial, os direitos juvenis, seguran\u00e7a p\u00fablica cidad\u00e3, ocupa\u00e7\u00e3o democr\u00e1tica dos espa\u00e7os p\u00fablicos e participa\u00e7\u00e3o popular. Vamos fazer uma constru\u00e7\u00e3o aberta para a cidade. \u00c9 um mandato coletivo. Vamos criar mecanismos para que as pessoas construam a cidade junto com a gente, opinem, participem. Isso \u00e9 a minha prioridade m\u00e1xima, e \u00e9 resultado do movimento Muitas pela Cidade que Queremos, do qual fa\u00e7o parte. Vamos criar inst\u00e2ncias para construir essa participa\u00e7\u00e3o, (&#8230;)\u201d<\/li><\/ul>\n\n\n\n<ul class=\"has-pale-ocean-gradient-background has-background has-medium-font-size wp-block-list\"><li>\u201cAs minhas \u00e1reas de atua\u00e7\u00e3o s\u00e3o educa\u00e7\u00e3o, cultura e o terceiro setor. Estou \u00e0 frente da nova lei de incentivo \u00e0 cultura, para qual temos o objetivo de descentralizar, j\u00e1 que est\u00e1 focada na Regi\u00e3o Centro-Sul. Na educa\u00e7\u00e3o, a minha bandeira \u00e9 a valoriza\u00e7\u00e3o dos professores, j\u00e1 fui autor de uma emenda para aumentar o sal\u00e1rio desses profissionais na educa\u00e7\u00e3o infantil. Al\u00e9m disso, para o terceiro setor, vamos trabalhar para ampliar os recursos para as institui\u00e7\u00f5es. (&#8230;)\u201d<\/li><\/ul>\n\n\n\n<p class=\"has-medium-font-size\">Fonte:<a href=\"https:\/\/www.em.com.br\/app\/noticia\/politica\/2016\/10\/09\/interna_politica,812432\/conheca-propostas-vereadores-mais-votados-em-belo-horizonte.shtml\"> https:\/\/www.em.com.br\/app\/noticia\/politica\/2016\/10\/09\/interna_politica,812432\/conheca-propostas-vereadores-mais-votados-em-belo-horizonte.shtml<\/a><\/p>\n\n\n\n<h1 class=\"has-luminous-vivid-amber-background-color has-background wp-block-heading\">Atividade 5<\/h1>\n\n\n\n<p class=\"has-medium-font-size\">Leia e discuta com os seus familiares:<\/p>\n\n\n\n<p class=\"has-medium-font-size\">Qual das duas propostas voc\u00eas acham que estaria mais pr\u00f3xima dos interesses da comunidade, que voc\u00eas vivem?<\/p>\n\n\n\n<hr class=\"wp-block-separator\"\/>\n\n\n\n<h1 class=\"has-white-color has-vivid-red-background-color has-text-color has-background wp-block-heading\">Atividade 6<\/h1>\n\n\n\n<p class=\"has-medium-font-size\">Agora \u00e9 com voc\u00ea<\/p>\n\n\n\n<p class=\"has-medium-font-size\">Elabore em seu caderno uma proposta de campanha de acordo com os interesses e necessidades de sua comunidade.<\/p>\n\n\n\n<hr class=\"wp-block-separator\"\/>\n\n\n\n<figure class=\"wp-block-table alignfull\"><table><tbody><tr><td>Componentes:<\/td><td>Objetivos de Aprendizagem e Desenvolvimento<\/td><\/tr><tr><td>Hist\u00f3ria<\/td><td>(EAJAHI0704) Relacionar os princ\u00edpios iluministas \u00e0 atual estrutura pol\u00edtica e social brasileira, goiana e goianiense.<\/td><\/tr><tr><td>L\u00edngua Portuguesa<\/td><td>(EAJALP0709) Interpretar os discursos variados sobre as propostas pol\u00edticas e as solu\u00e7\u00f5es dos problemas de interesse p\u00fablico.<br>(EAJALP0710) Comparar dados e informa\u00e7\u00f5es de diferentes fontes (as coincid\u00eancias, complementaridades e contradi\u00e7\u00f5es).<br>(EAJALI0813) Compreender e utilizar argumentos e posicionamentos como aspectos essenciais para a produ\u00e7\u00e3o de textos argumentativos;<\/td><\/tr><\/tbody><\/table><\/figure>\n\n\n\n<hr class=\"wp-block-separator\"\/>\n\n\n\n<p class=\"has-text-align-center has-medium-font-size\"><br>EAJA \u2013 2\u00ba Segmento \u2013 7\u00aa e 8\u00aa s\u00e9rie \u2013 \u00c9tica e Cidadania<\/p>\n","protected":false},"author":4,"featured_media":1613,"template":"","meta":{"_acf_changed":false,"ocean_post_layout":"","ocean_both_sidebars_style":"","ocean_both_sidebars_content_width":0,"ocean_both_sidebars_sidebars_width":0,"ocean_sidebar":"","ocean_second_sidebar":"","ocean_disable_margins":"enable","ocean_add_body_class":"","ocean_shortcode_before_top_bar":"","ocean_shortcode_after_top_bar":"","ocean_shortcode_before_header":"","ocean_shortcode_after_header":"","ocean_has_shortcode":"","ocean_shortcode_after_title":"","ocean_shortcode_before_footer_widgets":"","ocean_shortcode_after_footer_widgets":"","ocean_shortcode_before_footer_bottom":"","ocean_shortcode_after_footer_bottom":"","ocean_display_top_bar":"default","ocean_display_header":"default","ocean_header_style":"","ocean_center_header_left_menu":"","ocean_custom_header_template":"","ocean_custom_logo":0,"ocean_custom_retina_logo":0,"ocean_custom_logo_max_width":0,"ocean_custom_logo_tablet_max_width":0,"ocean_custom_logo_mobile_max_width":0,"ocean_custom_logo_max_height":0,"ocean_custom_logo_tablet_max_height":0,"ocean_custom_logo_mobile_max_height":0,"ocean_header_custom_menu":"","ocean_menu_typo_font_family":"","ocean_menu_typo_font_subset":"","ocean_menu_typo_font_size":0,"ocean_menu_typo_font_size_tablet":0,"ocean_menu_typo_font_size_mobile":0,"ocean_menu_typo_font_size_unit":"px","ocean_menu_typo_font_weight":"","ocean_menu_typo_font_weight_tablet":"","ocean_menu_typo_font_weight_mobile":"","ocean_menu_typo_transform":"","ocean_menu_typo_transform_tablet":"","ocean_menu_typo_transform_mobile":"","ocean_menu_typo_line_height":0,"ocean_menu_typo_line_height_tablet":0,"ocean_menu_typo_line_height_mobile":0,"ocean_menu_typo_line_height_unit":"","ocean_menu_typo_spacing":0,"ocean_menu_typo_spacing_tablet":0,"ocean_menu_typo_spacing_mobile":0,"ocean_menu_typo_spacing_unit":"","ocean_menu_link_color":"","ocean_menu_link_color_hover":"","ocean_menu_link_color_active":"","ocean_menu_link_background":"","ocean_menu_link_hover_background":"","ocean_menu_link_active_background":"","ocean_menu_social_links_bg":"","ocean_menu_social_hover_links_bg":"","ocean_menu_social_links_color":"","ocean_menu_social_hover_links_color":"","ocean_disable_title":"default","ocean_disable_heading":"default","ocean_post_title":"","ocean_post_subheading":"","ocean_post_title_style":"","ocean_post_title_background_color":"","ocean_post_title_background":0,"ocean_post_title_bg_image_position":"","ocean_post_title_bg_image_attachment":"","ocean_post_title_bg_image_repeat":"","ocean_post_title_bg_image_size":"","ocean_post_title_height":0,"ocean_post_title_bg_overlay":0.5,"ocean_post_title_bg_overlay_color":"","ocean_disable_breadcrumbs":"default","ocean_breadcrumbs_color":"","ocean_breadcrumbs_separator_color":"","ocean_breadcrumbs_links_color":"","ocean_breadcrumbs_links_hover_color":"","ocean_display_footer_widgets":"default","ocean_display_footer_bottom":"default","ocean_custom_footer_template":""},"eaja_categoria":[69],"serie":[76,100],"eaja_componente":[79,77],"class_list":["post-1612","eaja","type-eaja","status-publish","has-post-thumbnail","hentry","eaja_categoria-2o-segmento-7a-e-8a-serie","serie-7a-serie","serie-8a-serie","eaja_componente-historia","eaja_componente-lingua-portuguesa","entry","has-media"],"acf":[],"_links":{"self":[{"href":"https:\/\/sme.goiania.go.gov.br\/conexaoescola\/wp-json\/wp\/v2\/eaja\/1612","targetHints":{"allow":["GET"]}}],"collection":[{"href":"https:\/\/sme.goiania.go.gov.br\/conexaoescola\/wp-json\/wp\/v2\/eaja"}],"about":[{"href":"https:\/\/sme.goiania.go.gov.br\/conexaoescola\/wp-json\/wp\/v2\/types\/eaja"}],"author":[{"embeddable":true,"href":"https:\/\/sme.goiania.go.gov.br\/conexaoescola\/wp-json\/wp\/v2\/users\/4"}],"wp:featuredmedia":[{"embeddable":true,"href":"https:\/\/sme.goiania.go.gov.br\/conexaoescola\/wp-json\/wp\/v2\/media\/1613"}],"wp:attachment":[{"href":"https:\/\/sme.goiania.go.gov.br\/conexaoescola\/wp-json\/wp\/v2\/media?parent=1612"}],"wp:term":[{"taxonomy":"eaja_categoria","embeddable":true,"href":"https:\/\/sme.goiania.go.gov.br\/conexaoescola\/wp-json\/wp\/v2\/eaja_categoria?post=1612"},{"taxonomy":"serie","embeddable":true,"href":"https:\/\/sme.goiania.go.gov.br\/conexaoescola\/wp-json\/wp\/v2\/serie?post=1612"},{"taxonomy":"eaja_componente","embeddable":true,"href":"https:\/\/sme.goiania.go.gov.br\/conexaoescola\/wp-json\/wp\/v2\/eaja_componente?post=1612"}],"curies":[{"name":"wp","href":"https:\/\/api.w.org\/{rel}","templated":true}]}}

O Analfabeto Político

<p class="has-drop-cap has-pale-pink-background-color has-background has-medium-font-size">Essa atividade chama atenção para a importância de exercermos a nossa cidadania plena e com ética, pois o analfabeto político que diz ser neutro, abominar a política, nega-se a participar dos acontecimentos políticos. Ele não lê, não analisa o que ouve e assimila como verdade, fala e repete o que ouviu, sem questionar, vítima fácil de “fake News” e divulga nas redes sociais. O analfabeto político é facilmente manipulável, interpretando os fatos com a ingenuidade, pois não sabe quem o manipula.</p>



<hr class="wp-block-separator"/>



<h1 class="has-vivid-cyan-blue-background-color has-background wp-block-heading">Atividade 1</h1>



<p class="has-medium-font-size">Assista ao vídeo de Rolando Boldrin declamando o texto “O Analfabeto Político” de Bertold Brecht.</p>



<figure class="wp-block-embed is-type-video is-provider-youtube wp-block-embed-youtube wp-embed-aspect-16-9 wp-has-aspect-ratio"><div class="wp-block-embed__wrapper">
<p class="responsive-video-wrap clr"><iframe title="Rolando Boldrin em &quot;O analfabeto político&quot;" width="1200" height="675" src="https://www.youtube.com/embed/rZ8hYk9WyRU?feature=oembed" frameborder="0" allow="accelerometer; autoplay; clipboard-write; encrypted-media; gyroscope; picture-in-picture" allowfullscreen></iframe></p>
</div></figure>



<hr class="wp-block-separator"/>



<h1 class="has-light-green-cyan-background-color has-background wp-block-heading">Atividade 2</h1>



<p class="has-medium-font-size">Leia declamando para a sua família o texto a seguir, de Berthold Brecht.</p>



<p class="has-medium-font-size">“O Analfabeto Político”&nbsp;</p>



<p class="has-medium-font-size">O pior analfabeto é o analfabeto político.</p>



<p class="has-medium-font-size">Ele não ouve, não fala, nem participa dos acontecimentos políticos.</p>



<p class="has-medium-font-size">Ele não sabe que o<a href="https://pt.wikipedia.org/wiki/Custo_de_vida"> </a>custo de vida, o preço do feijão, do peixe, da farinha,</p>



<p class="has-medium-font-size">do aluguel, do sapato e do remédio dependem das decisões políticas.</p>



<p class="has-medium-font-size">O analfabeto político é tão burro que se orgulha</p>



<p class="has-medium-font-size">e estufa o peito dizendo que odeia a política.</p>



<p class="has-medium-font-size">Não sabe o imbecil que da sua ignorância política</p>



<p class="has-medium-font-size">nasce a<a href="https://pt.wikipedia.org/wiki/Prostituta"> prostituta</a>, o<a href="https://pt.wikipedia.org/wiki/Menor_abandonado"> menor abandonado</a></p>



<p class="has-medium-font-size">e o pior de todos os<a href="https://pt.wikipedia.org/wiki/Bandido"> bandidos</a>,</p>



<p class="has-medium-font-size">que é o político vigarista, pilantra,</p>



<p class="has-medium-font-size">corrupto e lacaio das empresas</p>



<p class="has-medium-font-size">nacionais e multinacionais.”</p>



<hr class="wp-block-separator"/>



<h1 class="has-cyan-bluish-gray-background-color has-background wp-block-heading">Atividade 3 </h1>



<p class="has-medium-font-size">Agora, com base no texto, converse com a sua família sobre o papel da política e os males do analfabetismo político.</p>



<hr class="wp-block-separator"/>



<h1 class="has-white-color has-vivid-purple-background-color has-text-color has-background wp-block-heading">Atividade 4</h1>



<p class="has-medium-font-size">No período eleitoral, você ouvirá diversas propostas e deverá fazer a opção entre os candidatos, o que possui as melhores propostas.&nbsp;</p>



<p class="has-medium-font-size">Vamos exercitar a interpretação, compreensão e a comparação entre as duas propostas abaixo?</p>



<ul class="has-blush-light-purple-gradient-background has-background has-medium-font-size wp-block-list"><li>“As minhas prioridades são o empoderamento das mulheres, a promoção da igualdade racial, os direitos juvenis, segurança pública cidadã, ocupação democrática dos espaços públicos e participação popular. Vamos fazer uma construção aberta para a cidade. É um mandato coletivo. Vamos criar mecanismos para que as pessoas construam a cidade junto com a gente, opinem, participem. Isso é a minha prioridade máxima, e é resultado do movimento Muitas pela Cidade que Queremos, do qual faço parte. Vamos criar instâncias para construir essa participação, (&#8230;)”</li></ul>



<ul class="has-pale-ocean-gradient-background has-background has-medium-font-size wp-block-list"><li>“As minhas áreas de atuação são educação, cultura e o terceiro setor. Estou à frente da nova lei de incentivo à cultura, para qual temos o objetivo de descentralizar, já que está focada na Região Centro-Sul. Na educação, a minha bandeira é a valorização dos professores, já fui autor de uma emenda para aumentar o salário desses profissionais na educação infantil. Além disso, para o terceiro setor, vamos trabalhar para ampliar os recursos para as instituições. (&#8230;)”</li></ul>



<p class="has-medium-font-size">Fonte:<a href="https://www.em.com.br/app/noticia/politica/2016/10/09/interna_politica,812432/conheca-propostas-vereadores-mais-votados-em-belo-horizonte.shtml"> https://www.em.com.br/app/noticia/politica/2016/10/09/interna_politica,812432/conheca-propostas-vereadores-mais-votados-em-belo-horizonte.shtml</a></p>



<h1 class="has-luminous-vivid-amber-background-color has-background wp-block-heading">Atividade 5</h1>



<p class="has-medium-font-size">Leia e discuta com os seus familiares:</p>



<p class="has-medium-font-size">Qual das duas propostas vocês acham que estaria mais próxima dos interesses da comunidade, que vocês vivem?</p>



<hr class="wp-block-separator"/>



<h1 class="has-white-color has-vivid-red-background-color has-text-color has-background wp-block-heading">Atividade 6</h1>



<p class="has-medium-font-size">Agora é com você</p>



<p class="has-medium-font-size">Elabore em seu caderno uma proposta de campanha de acordo com os interesses e necessidades de sua comunidade.</p>



<hr class="wp-block-separator"/>



<figure class="wp-block-table alignfull"><table><tbody><tr><td>Componentes:</td><td>Objetivos de Aprendizagem e Desenvolvimento</td></tr><tr><td>História</td><td>(EAJAHI0704) Relacionar os princípios iluministas à atual estrutura política e social brasileira, goiana e goianiense.</td></tr><tr><td>Língua Portuguesa</td><td>(EAJALP0709) Interpretar os discursos variados sobre as propostas políticas e as soluções dos problemas de interesse público.<br>(EAJALP0710) Comparar dados e informações de diferentes fontes (as coincidências, complementaridades e contradições).<br>(EAJALI0813) Compreender e utilizar argumentos e posicionamentos como aspectos essenciais para a produção de textos argumentativos;</td></tr></tbody></table></figure>



<hr class="wp-block-separator"/>



<p class="has-text-align-center has-medium-font-size"><br>EAJA – 2º Segmento – 7ª e 8ª série – Ética e Cidadania</p>
