{"id":1590,"date":"2020-05-18T07:00:00","date_gmt":"2020-05-18T10:00:00","guid":{"rendered":"http:\/\/sme.goiania.go.gov.br\/conexaoescola\/?post_type=eaja&#038;p=1590"},"modified":"2021-11-19T15:08:45","modified_gmt":"2021-11-19T17:08:45","slug":"os-incas","status":"publish","type":"eaja","link":"https:\/\/sme.goiania.go.gov.br\/conexaoescola\/eaja\/os-incas\/","title":{"rendered":"Os Incas"},"content":{"rendered":"\n<p class=\"has-drop-cap has-black-color has-luminous-vivid-orange-background-color has-text-color has-background has-medium-font-size\">Sabemos que na Am\u00e9rica havia v\u00e1rias civiliza\u00e7\u00f5es antes da chegada dos europeus. Vamos falar especificamente sobre a sociedade Inca, uma sociedade pr\u00e9-colombiana situada na Cordilheira dos Andes na Am\u00e9rica do Sul. Atualmente o territ\u00f3rio que era pertencente aso Incas fica localizado no pa\u00eds Peru.&nbsp;<\/p>\n\n\n\n<hr class=\"wp-block-separator\"\/>\n\n\n\n<h1 class=\"has-light-green-cyan-background-color has-background wp-block-heading\">Atividade 1<\/h1>\n\n\n\n<p class=\"has-medium-font-size\">Acesse o link e assista ao v\u00eddeo produzido pelo History channel: \u201cCiviliza\u00e7\u00e3o Inca pt.1\u201d<\/p>\n\n\n\n<figure class=\"wp-block-embed is-type-video is-provider-youtube wp-block-embed-youtube wp-embed-aspect-4-3 wp-has-aspect-ratio\"><div class=\"wp-block-embed__wrapper\">\n<p class=\"responsive-video-wrap clr\"><iframe title=\"Civiliza\u00e7\u00e3o Inca - Pt1\" width=\"1200\" height=\"900\" src=\"https:\/\/www.youtube.com\/embed\/MuzChHOIVqI?start=2&#038;feature=oembed\" frameborder=\"0\" allow=\"accelerometer; autoplay; clipboard-write; encrypted-media; gyroscope; picture-in-picture\" allowfullscreen><\/iframe><\/p>\n<\/div><\/figure>\n\n\n\n<p>Dura\u00e7\u00e3o: 7\u201931\u201d<\/p>\n\n\n\n<hr class=\"wp-block-separator\"\/>\n\n\n\n<h1 class=\"has-luminous-vivid-amber-background-color has-background wp-block-heading\">Atividade 2<\/h1>\n\n\n\n<p class=\"has-medium-font-size\">Vamos fazer uma mem\u00f3ria do v\u00eddeo?<\/p>\n\n\n\n<ul class=\"has-pale-ocean-gradient-background has-background has-medium-font-size wp-block-list\"><li>Como os Incas conseguiram se desenvolver s\u00f3cio e economicamente em \u00e1reas montanhosas? Por exemplo como eram as moradias, acesso a \u00e1gua e produ\u00e7\u00e3o de alimentos?<\/li><li>Como era a domina\u00e7\u00e3o Inca sobre os povos conquistado?<\/li><li>Quais eram as caracter\u00edsticas da religi\u00e3o deles&nbsp;<\/li><\/ul>\n\n\n\n<hr class=\"wp-block-separator\"\/>\n\n\n\n<h1 class=\"has-pale-pink-background-color has-background wp-block-heading\">Atividade 3<\/h1>\n\n\n\n<p class=\"has-medium-font-size\">Reflita com seus familiares<\/p>\n\n\n\n<p class=\"has-medium-font-size\">O exerc\u00edcio da cidadania \u00e9 constitu\u00eddo por direitos e deveres.<\/p>\n\n\n\n<ul class=\"has-very-light-gray-to-cyan-bluish-gray-gradient-background has-background has-medium-font-size wp-block-list\"><li>Voc\u00ea acredita que \u00e1gua encanada, moradia e alimenta\u00e7\u00e3o digna s\u00e3o direitos de todos?<\/li><li>E o respeito \u00e0 cultura dos outros povos e pessoas?&nbsp; Deve ser garantido?&nbsp;<\/li><li>Por que no Imp\u00e9rio Inca foi uma prioridade superar a falta de alimentos, moradia e \u00e1gua encanada e hoje ainda temos pessoas pelo mundo que n\u00e3o tem acesso a recursos b\u00e1sicos?<\/li><\/ul>\n\n\n\n<hr class=\"wp-block-separator\"\/>\n\n\n\n<h1 class=\"has-pale-cyan-blue-background-color has-background wp-block-heading\">Atividade 4<\/h1>\n\n\n\n<p class=\"has-medium-font-size\">Agora, escreva em seu caderno um texto sobre nossos direitos e deveres, discorrendo sobre&nbsp;<\/p>\n\n\n\n<ul class=\"has-white-color has-vivid-purple-background-color has-text-color has-background has-medium-font-size wp-block-list\"><li>O direito do acesso \u00e0 \u00e1gua, moradia, alimenta\u00e7\u00e3o e da garantia do respeito \u00e0 diversidade cultural.<\/li><li>Como esses direitos est\u00e3o sendo garantidos no seu bairro, ou se eles n\u00e3o est\u00e3o sendo garantidos.&nbsp;<\/li><li>O que deveria ocorrer para a garantia desses direitos.<\/li><\/ul>\n\n\n\n<hr class=\"wp-block-separator\"\/>\n\n\n\n<figure class=\"wp-block-table alignfull\"><table><tbody><tr><td>Componentes:<\/td><td>Objetivos de Aprendizagem e Desenvolvimento<\/td><\/tr><tr><td>Hist\u00f3ria<\/td><td>(EAJAHI0526) Relacionar natureza, trabalho e poder no processo de forma\u00e7\u00e3o das identidades hist\u00f3ricas dos povos da antiguidade oriental e amer\u00edndias.<\/td><\/tr><tr><td>L\u00edngua Portuguesa<\/td><td>(EAJALP0513) Ler e relacionar textos liter\u00e1rios (contos populares, contos de terror, contos folcl\u00f3ricos goianos e lendas de outras culturas) com ilustra\u00e7\u00f5es e outros recursos gr\u00e1ficos (leitura multissemi\u00f3tica).<\/td><\/tr><\/tbody><\/table><\/figure>\n\n\n\n<hr class=\"wp-block-separator\"\/>\n\n\n\n<p class=\"has-text-align-center\"><br>EAJA \u2013 2\u00b0 Segmento 5\u00aa a 6\u00aa s\u00e9ries \u2013 \u00c9tica e Cidadania<\/p>\n","protected":false},"author":4,"featured_media":1591,"template":"","meta":{"_acf_changed":false,"ocean_post_layout":"","ocean_both_sidebars_style":"","ocean_both_sidebars_content_width":0,"ocean_both_sidebars_sidebars_width":0,"ocean_sidebar":"","ocean_second_sidebar":"","ocean_disable_margins":"enable","ocean_add_body_class":"","ocean_shortcode_before_top_bar":"","ocean_shortcode_after_top_bar":"","ocean_shortcode_before_header":"","ocean_shortcode_after_header":"","ocean_has_shortcode":"","ocean_shortcode_after_title":"","ocean_shortcode_before_footer_widgets":"","ocean_shortcode_after_footer_widgets":"","ocean_shortcode_before_footer_bottom":"","ocean_shortcode_after_footer_bottom":"","ocean_display_top_bar":"default","ocean_display_header":"default","ocean_header_style":"","ocean_center_header_left_menu":"","ocean_custom_header_template":"","ocean_custom_logo":0,"ocean_custom_retina_logo":0,"ocean_custom_logo_max_width":0,"ocean_custom_logo_tablet_max_width":0,"ocean_custom_logo_mobile_max_width":0,"ocean_custom_logo_max_height":0,"ocean_custom_logo_tablet_max_height":0,"ocean_custom_logo_mobile_max_height":0,"ocean_header_custom_menu":"","ocean_menu_typo_font_family":"","ocean_menu_typo_font_subset":"","ocean_menu_typo_font_size":0,"ocean_menu_typo_font_size_tablet":0,"ocean_menu_typo_font_size_mobile":0,"ocean_menu_typo_font_size_unit":"px","ocean_menu_typo_font_weight":"","ocean_menu_typo_font_weight_tablet":"","ocean_menu_typo_font_weight_mobile":"","ocean_menu_typo_transform":"","ocean_menu_typo_transform_tablet":"","ocean_menu_typo_transform_mobile":"","ocean_menu_typo_line_height":0,"ocean_menu_typo_line_height_tablet":0,"ocean_menu_typo_line_height_mobile":0,"ocean_menu_typo_line_height_unit":"","ocean_menu_typo_spacing":0,"ocean_menu_typo_spacing_tablet":0,"ocean_menu_typo_spacing_mobile":0,"ocean_menu_typo_spacing_unit":"","ocean_menu_link_color":"","ocean_menu_link_color_hover":"","ocean_menu_link_color_active":"","ocean_menu_link_background":"","ocean_menu_link_hover_background":"","ocean_menu_link_active_background":"","ocean_menu_social_links_bg":"","ocean_menu_social_hover_links_bg":"","ocean_menu_social_links_color":"","ocean_menu_social_hover_links_color":"","ocean_disable_title":"default","ocean_disable_heading":"default","ocean_post_title":"","ocean_post_subheading":"","ocean_post_title_style":"","ocean_post_title_background_color":"","ocean_post_title_background":0,"ocean_post_title_bg_image_position":"","ocean_post_title_bg_image_attachment":"","ocean_post_title_bg_image_repeat":"","ocean_post_title_bg_image_size":"","ocean_post_title_height":0,"ocean_post_title_bg_overlay":0.5,"ocean_post_title_bg_overlay_color":"","ocean_disable_breadcrumbs":"default","ocean_breadcrumbs_color":"","ocean_breadcrumbs_separator_color":"","ocean_breadcrumbs_links_color":"","ocean_breadcrumbs_links_hover_color":"","ocean_display_footer_widgets":"default","ocean_display_footer_bottom":"default","ocean_custom_footer_template":""},"eaja_categoria":[104],"serie":[74],"eaja_componente":[79,77],"class_list":["post-1590","eaja","type-eaja","status-publish","has-post-thumbnail","hentry","eaja_categoria-2o-segmento-5a-e-6a-serie","serie-5a-serie","eaja_componente-historia","eaja_componente-lingua-portuguesa","entry","has-media"],"acf":[],"_links":{"self":[{"href":"https:\/\/sme.goiania.go.gov.br\/conexaoescola\/wp-json\/wp\/v2\/eaja\/1590","targetHints":{"allow":["GET"]}}],"collection":[{"href":"https:\/\/sme.goiania.go.gov.br\/conexaoescola\/wp-json\/wp\/v2\/eaja"}],"about":[{"href":"https:\/\/sme.goiania.go.gov.br\/conexaoescola\/wp-json\/wp\/v2\/types\/eaja"}],"author":[{"embeddable":true,"href":"https:\/\/sme.goiania.go.gov.br\/conexaoescola\/wp-json\/wp\/v2\/users\/4"}],"wp:featuredmedia":[{"embeddable":true,"href":"https:\/\/sme.goiania.go.gov.br\/conexaoescola\/wp-json\/wp\/v2\/media\/1591"}],"wp:attachment":[{"href":"https:\/\/sme.goiania.go.gov.br\/conexaoescola\/wp-json\/wp\/v2\/media?parent=1590"}],"wp:term":[{"taxonomy":"eaja_categoria","embeddable":true,"href":"https:\/\/sme.goiania.go.gov.br\/conexaoescola\/wp-json\/wp\/v2\/eaja_categoria?post=1590"},{"taxonomy":"serie","embeddable":true,"href":"https:\/\/sme.goiania.go.gov.br\/conexaoescola\/wp-json\/wp\/v2\/serie?post=1590"},{"taxonomy":"eaja_componente","embeddable":true,"href":"https:\/\/sme.goiania.go.gov.br\/conexaoescola\/wp-json\/wp\/v2\/eaja_componente?post=1590"}],"curies":[{"name":"wp","href":"https:\/\/api.w.org\/{rel}","templated":true}]}}

<p class="has-drop-cap has-black-color has-luminous-vivid-orange-background-color has-text-color has-background has-medium-font-size">Sabemos que na América havia várias civilizações antes da chegada dos europeus. Vamos falar especificamente sobre a sociedade Inca, uma sociedade pré-colombiana situada na Cordilheira dos Andes na América do Sul. Atualmente o território que era pertencente aso Incas fica localizado no país Peru.&nbsp;</p>



<hr class="wp-block-separator"/>



<h1 class="has-light-green-cyan-background-color has-background wp-block-heading">Atividade 1</h1>



<p class="has-medium-font-size">Acesse o link e assista ao vídeo produzido pelo History channel: “Civilização Inca pt.1”</p>



<figure class="wp-block-embed is-type-video is-provider-youtube wp-block-embed-youtube wp-embed-aspect-4-3 wp-has-aspect-ratio"><div class="wp-block-embed__wrapper">
<p class="responsive-video-wrap clr"><iframe title="Civilização Inca - Pt1" width="1200" height="900" src="https://www.youtube.com/embed/MuzChHOIVqI?start=2&#038;feature=oembed" frameborder="0" allow="accelerometer; autoplay; clipboard-write; encrypted-media; gyroscope; picture-in-picture" allowfullscreen></iframe></p>
</div></figure>



<p>Duração: 7’31”</p>



<hr class="wp-block-separator"/>



<h1 class="has-luminous-vivid-amber-background-color has-background wp-block-heading">Atividade 2</h1>



<p class="has-medium-font-size">Vamos fazer uma memória do vídeo?</p>



<ul class="has-pale-ocean-gradient-background has-background has-medium-font-size wp-block-list"><li>Como os Incas conseguiram se desenvolver sócio e economicamente em áreas montanhosas? Por exemplo como eram as moradias, acesso a água e produção de alimentos?</li><li>Como era a dominação Inca sobre os povos conquistado?</li><li>Quais eram as características da religião deles&nbsp;</li></ul>



<hr class="wp-block-separator"/>



<h1 class="has-pale-pink-background-color has-background wp-block-heading">Atividade 3</h1>



<p class="has-medium-font-size">Reflita com seus familiares</p>



<p class="has-medium-font-size">O exercício da cidadania é constituído por direitos e deveres.</p>



<ul class="has-very-light-gray-to-cyan-bluish-gray-gradient-background has-background has-medium-font-size wp-block-list"><li>Você acredita que água encanada, moradia e alimentação digna são direitos de todos?</li><li>E o respeito à cultura dos outros povos e pessoas?&nbsp; Deve ser garantido?&nbsp;</li><li>Por que no Império Inca foi uma prioridade superar a falta de alimentos, moradia e água encanada e hoje ainda temos pessoas pelo mundo que não tem acesso a recursos básicos?</li></ul>



<hr class="wp-block-separator"/>



<h1 class="has-pale-cyan-blue-background-color has-background wp-block-heading">Atividade 4</h1>



<p class="has-medium-font-size">Agora, escreva em seu caderno um texto sobre nossos direitos e deveres, discorrendo sobre&nbsp;</p>



<ul class="has-white-color has-vivid-purple-background-color has-text-color has-background has-medium-font-size wp-block-list"><li>O direito do acesso à água, moradia, alimentação e da garantia do respeito à diversidade cultural.</li><li>Como esses direitos estão sendo garantidos no seu bairro, ou se eles não estão sendo garantidos.&nbsp;</li><li>O que deveria ocorrer para a garantia desses direitos.</li></ul>



<hr class="wp-block-separator"/>



<figure class="wp-block-table alignfull"><table><tbody><tr><td>Componentes:</td><td>Objetivos de Aprendizagem e Desenvolvimento</td></tr><tr><td>História</td><td>(EAJAHI0526) Relacionar natureza, trabalho e poder no processo de formação das identidades históricas dos povos da antiguidade oriental e ameríndias.</td></tr><tr><td>Língua Portuguesa</td><td>(EAJALP0513) Ler e relacionar textos literários (contos populares, contos de terror, contos folclóricos goianos e lendas de outras culturas) com ilustrações e outros recursos gráficos (leitura multissemiótica).</td></tr></tbody></table></figure>



<hr class="wp-block-separator"/>



<p class="has-text-align-center"><br>EAJA – 2° Segmento 5ª a 6ª séries – Ética e Cidadania</p>
