{"id":149402,"date":"2022-09-02T06:55:00","date_gmt":"2022-09-02T09:55:00","guid":{"rendered":"https:\/\/sme.goiania.go.gov.br\/conexaoescola\/?post_type=eaja&#038;p=149402"},"modified":"2023-06-19T17:03:08","modified_gmt":"2023-06-19T20:03:08","slug":"geografia-limites-e-fronteiras-na-europa","status":"publish","type":"eaja","link":"https:\/\/sme.goiania.go.gov.br\/conexaoescola\/eaja\/geografia-limites-e-fronteiras-na-europa\/","title":{"rendered":"Geografia &#8211; Limites e fronteiras na Europa"},"content":{"rendered":"\n<p class=\"has-background has-medium-font-size\" style=\"background-color:#8ce1ed\"> Esta proposta de atividade de\u00a0<strong>GEOGRAFIA<\/strong>\u00a0\u00e9 destinada aos estudantes da\u00a0<strong>8\u00aa s\u00e9rie\u00a0<\/strong>da Educa\u00e7\u00e3o de Jovens e Adultos \u2013 EJA.  <\/p>\n\n\n<div class=\"wp-block-image\">\n<figure class=\"aligncenter size-large is-resized\"><img fetchpriority=\"high\" decoding=\"async\" src=\"https:\/\/sme.goiania.go.gov.br\/conexaoescola\/wp-content\/uploads\/2023\/06\/EUROPA-MAPA-1024x1024.jpg\" alt=\"\" class=\"wp-image-165122\" width=\"512\" height=\"512\" srcset=\"https:\/\/sme.goiania.go.gov.br\/conexaoescola\/wp-content\/uploads\/2023\/06\/EUROPA-MAPA-1024x1024.jpg 1024w, https:\/\/sme.goiania.go.gov.br\/conexaoescola\/wp-content\/uploads\/2023\/06\/EUROPA-MAPA-300x300.jpg 300w, https:\/\/sme.goiania.go.gov.br\/conexaoescola\/wp-content\/uploads\/2023\/06\/EUROPA-MAPA-150x150.jpg 150w, https:\/\/sme.goiania.go.gov.br\/conexaoescola\/wp-content\/uploads\/2023\/06\/EUROPA-MAPA-768x768.jpg 768w, https:\/\/sme.goiania.go.gov.br\/conexaoescola\/wp-content\/uploads\/2023\/06\/EUROPA-MAPA-1536x1536.jpg 1536w, https:\/\/sme.goiania.go.gov.br\/conexaoescola\/wp-content\/uploads\/2023\/06\/EUROPA-MAPA.jpg 2000w\" sizes=\"(max-width: 512px) 100vw, 512px\" \/><figcaption class=\"wp-element-caption\">Dispon\u00edvel em: https:\/\/img.freepik.com\/vetores-gratis\/mapa-da-europa-com-paises-de-cores_23-2147798738.jpg, acesso em 10 de maio de 2023.<\/figcaption><\/figure><\/div>\n\n\n<p class=\"has-black-color has-text-color has-medium-font-size\">Ao longo da hist\u00f3ria da humanidade, as fronteiras e os territ\u00f3rios nacionais passaram por v\u00e1rias transforma\u00e7\u00f5es. Essas mudan\u00e7as ocorreram devido \u00e0 expans\u00e3o territorial de um pa\u00eds, \u00e0 anexa\u00e7\u00e3o de novas \u00e1reas ou at\u00e9 mesmo \u00e0 cria\u00e7\u00e3o de novos Estados. No s\u00e9culo XX, em particular, houve mudan\u00e7as significativas na configura\u00e7\u00e3o das fronteiras e territ\u00f3rios nacionais. Desde ent\u00e3o, o mapa pol\u00edtico mundial tem sido constantemente atualizado, uma vez que qualquer altera\u00e7\u00e3o na configura\u00e7\u00e3o territorial dos pa\u00edses resulta em mudan\u00e7as nos limites representados em seus mapas pol\u00edticos.<\/p>\n\n\n\n<p class=\"has-black-color has-text-color has-medium-font-size\">At\u00e9 cerca de 1950, as principais mudan\u00e7as nos limites territoriais entre os pa\u00edses ocorreram principalmente devido \u00e0 Primeira Guerra Mundial (1914-1918) e \u00e0 Segunda Guerra Mundial (1939-1945). Nas \u00faltimas d\u00e9cadas do s\u00e9culo XX, a regi\u00e3o que passou por mais transforma\u00e7\u00f5es em sua configura\u00e7\u00e3o territorial foi a Europa, em grande parte devido ao decl\u00ednio do sistema socialista e ao subsequente colapso da Uni\u00e3o Sovi\u00e9tica. Esse importante evento hist\u00f3rico resultou na independ\u00eancia de diversos pa\u00edses e, consequentemente, na altera\u00e7\u00e3o de seus limites territoriais.<\/p>\n\n\n\n<p class=\"has-black-color has-text-color has-medium-font-size\">Podemos dividir o continente europeu em dois grupos de pa\u00edses. O primeiro \u00e9 conhecido como Europa Ocidental ou desenvolvida, composto por na\u00e7\u00f5es que possuem, em sua maioria, economias fortes, diversificadas e altamente industrializadas. O segundo grupo \u00e9 a Europa Oriental, formado por pa\u00edses com economias menos industrializadas, com predomin\u00e2ncia de na\u00e7\u00f5es que adotavam o regime socialista.<\/p>\n\n\n\n<p class=\"has-black-color has-text-color has-medium-font-size\"><strong>Agora vamos \u00e0s quest\u00f5es<\/strong>.<\/p>\n\n\n\n<p class=\"has-black-color has-text-color has-background has-medium-font-size\" style=\"background-color:#8ce1ed\"><strong>&nbsp;QUEST\u00c3O 1<\/strong><\/p>\n\n\n\n<p class=\"has-black-color has-text-color has-medium-font-size\">A Europa pode ser regionalizada em dois grupos de pa\u00edses. Identifique e descreva os principais aspectos que caracterizam cada um desses grupos.<\/p>\n\n\n\n<p class=\"has-black-color has-text-color has-background has-medium-font-size\" style=\"background-color:#8ce1ed\"><strong>&nbsp;QUEST\u00c3O 2<\/strong><\/p>\n\n\n\n<p class=\"has-black-color has-text-color has-medium-font-size\">Cite quais conflitos ou embates geopol\u00edticos ocorridos no s\u00e9culo XX tiveram mais influ\u00eancia sobre a configura\u00e7\u00e3o dos limites territoriais entre os pa\u00edses da Europa.<\/p>\n\n\n\n<p class=\"has-black-color has-text-color has-background has-medium-font-size\" style=\"background-color:#8ce1ed\"><strong>&nbsp;QUEST\u00c3O 3<\/strong><\/p>\n\n\n\n<p class=\"has-black-color has-text-color has-medium-font-size\"> Pesquise sobre os limites e fronteiras da Europa atual (2022) e compare com mapas anteriores. Alguma mudan\u00e7a, algum novo pa\u00eds? Onde e quais?<\/p>\n\n\n\n<p class=\"has-black-color has-text-color has-background has-medium-font-size\" style=\"background-color:#81cefb\"><strong>Saiba mais a respeito do assunto, acessando o v\u00eddeo a seguir .<\/strong><\/p>\n\n\n\n<figure class=\"wp-block-embed is-type-video is-provider-youtube wp-block-embed-youtube wp-embed-aspect-4-3 wp-has-aspect-ratio\"><div class=\"wp-block-embed__wrapper\">\n<p class=\"responsive-video-wrap clr\"><iframe title=\"Iugosl\u00e1via: territ\u00f3rio e limites.\" width=\"1200\" height=\"900\" src=\"https:\/\/www.youtube.com\/embed\/1Y_DIQe7IiM?feature=oembed\" frameborder=\"0\" allow=\"accelerometer; autoplay; clipboard-write; encrypted-media; gyroscope; picture-in-picture; web-share\" allowfullscreen><\/iframe><\/p>\n<\/div><figcaption class=\"wp-element-caption\">canal werllen pires &#8211; Iugosl\u00e1via: territ\u00f3rio e limites<\/figcaption><\/figure>\n\n\n\n<p class=\"has-black-color has-text-color has-background has-medium-font-size\" style=\"background-color:#bfbfbf\">Acesse os materiais referentes a essa atividade clicando aqui:  <a rel=\"noreferrer noopener\" href=\"https:\/\/sme.goiania.go.gov.br\/conexaoescola\/propostas_didaticas\/propostas-didaticas-geografia-8a-serie-eja\/\" data-type=\"URL\" data-id=\"https:\/\/sme.goiania.go.gov.br\/conexaoescola\/propostas_didaticas\/propostas-didaticas-geografia-8a-serie-eja\/\" target=\"_blank\">https:\/\/sme.goiania.go.gov.br\/conexaoescola\/propostas_didaticas\/propostas-didaticas-geografia-8a-serie-eja\/<\/a><\/p>\n\n\n\n<figure class=\"wp-block-table is-style-stripes\"><table><tbody><tr><td>Objetivos de aprendizagem e desenvolvimento<\/td><td><span class=\"has-inline-color has-black-color\">(EAJAGE0813) Compreender as demarca\u00e7\u00f5es de limites e fronteiras na Europa, \u00c1sia e Oceania segundo os diferentes momentos hist\u00f3ricos e caracter\u00edsticas naturais.<\/span><\/td><\/tr><tr><td>Referencial Te\u00f3rico<\/td><td><br>TORREZANI, Neiva Camargo, Vontade de saber: geografia: 9\u00ba ano. Quinteto Editorial, 1\u00aa Ed. S\u00e3o Paulo, 2018. Ensino Fundamental: anos finais.<br> <br>Matriz Estruturante EJA 2022.<\/td><\/tr><\/tbody><\/table><\/figure>\n","protected":false},"author":55,"featured_media":165124,"template":"","meta":{"_acf_changed":false,"ocean_post_layout":"","ocean_both_sidebars_style":"","ocean_both_sidebars_content_width":0,"ocean_both_sidebars_sidebars_width":0,"ocean_sidebar":"","ocean_second_sidebar":"","ocean_disable_margins":"enable","ocean_add_body_class":"","ocean_shortcode_before_top_bar":"","ocean_shortcode_after_top_bar":"","ocean_shortcode_before_header":"","ocean_shortcode_after_header":"","ocean_has_shortcode":"","ocean_shortcode_after_title":"","ocean_shortcode_before_footer_widgets":"","ocean_shortcode_after_footer_widgets":"","ocean_shortcode_before_footer_bottom":"","ocean_shortcode_after_footer_bottom":"","ocean_display_top_bar":"default","ocean_display_header":"default","ocean_header_style":"","ocean_center_header_left_menu":"","ocean_custom_header_template":"","ocean_custom_logo":0,"ocean_custom_retina_logo":0,"ocean_custom_logo_max_width":0,"ocean_custom_logo_tablet_max_width":0,"ocean_custom_logo_mobile_max_width":0,"ocean_custom_logo_max_height":0,"ocean_custom_logo_tablet_max_height":0,"ocean_custom_logo_mobile_max_height":0,"ocean_header_custom_menu":"","ocean_menu_typo_font_family":"","ocean_menu_typo_font_subset":"","ocean_menu_typo_font_size":0,"ocean_menu_typo_font_size_tablet":0,"ocean_menu_typo_font_size_mobile":0,"ocean_menu_typo_font_size_unit":"px","ocean_menu_typo_font_weight":"","ocean_menu_typo_font_weight_tablet":"","ocean_menu_typo_font_weight_mobile":"","ocean_menu_typo_transform":"","ocean_menu_typo_transform_tablet":"","ocean_menu_typo_transform_mobile":"","ocean_menu_typo_line_height":0,"ocean_menu_typo_line_height_tablet":0,"ocean_menu_typo_line_height_mobile":0,"ocean_menu_typo_line_height_unit":"","ocean_menu_typo_spacing":0,"ocean_menu_typo_spacing_tablet":0,"ocean_menu_typo_spacing_mobile":0,"ocean_menu_typo_spacing_unit":"","ocean_menu_link_color":"","ocean_menu_link_color_hover":"","ocean_menu_link_color_active":"","ocean_menu_link_background":"","ocean_menu_link_hover_background":"","ocean_menu_link_active_background":"","ocean_menu_social_links_bg":"","ocean_menu_social_hover_links_bg":"","ocean_menu_social_links_color":"","ocean_menu_social_hover_links_color":"","ocean_disable_title":"default","ocean_disable_heading":"default","ocean_post_title":"","ocean_post_subheading":"","ocean_post_title_style":"","ocean_post_title_background_color":"","ocean_post_title_background":0,"ocean_post_title_bg_image_position":"","ocean_post_title_bg_image_attachment":"","ocean_post_title_bg_image_repeat":"","ocean_post_title_bg_image_size":"","ocean_post_title_height":0,"ocean_post_title_bg_overlay":0.5,"ocean_post_title_bg_overlay_color":"","ocean_disable_breadcrumbs":"default","ocean_breadcrumbs_color":"","ocean_breadcrumbs_separator_color":"","ocean_breadcrumbs_links_color":"","ocean_breadcrumbs_links_hover_color":"","ocean_display_footer_widgets":"default","ocean_display_footer_bottom":"default","ocean_custom_footer_template":""},"eaja_categoria":[69],"serie":[100],"eaja_componente":[80],"class_list":["post-149402","eaja","type-eaja","status-publish","has-post-thumbnail","hentry","eaja_categoria-2o-segmento-7a-e-8a-serie","serie-8a-serie","eaja_componente-geografia","entry","has-media"],"acf":[],"_links":{"self":[{"href":"https:\/\/sme.goiania.go.gov.br\/conexaoescola\/wp-json\/wp\/v2\/eaja\/149402","targetHints":{"allow":["GET"]}}],"collection":[{"href":"https:\/\/sme.goiania.go.gov.br\/conexaoescola\/wp-json\/wp\/v2\/eaja"}],"about":[{"href":"https:\/\/sme.goiania.go.gov.br\/conexaoescola\/wp-json\/wp\/v2\/types\/eaja"}],"author":[{"embeddable":true,"href":"https:\/\/sme.goiania.go.gov.br\/conexaoescola\/wp-json\/wp\/v2\/users\/55"}],"wp:featuredmedia":[{"embeddable":true,"href":"https:\/\/sme.goiania.go.gov.br\/conexaoescola\/wp-json\/wp\/v2\/media\/165124"}],"wp:attachment":[{"href":"https:\/\/sme.goiania.go.gov.br\/conexaoescola\/wp-json\/wp\/v2\/media?parent=149402"}],"wp:term":[{"taxonomy":"eaja_categoria","embeddable":true,"href":"https:\/\/sme.goiania.go.gov.br\/conexaoescola\/wp-json\/wp\/v2\/eaja_categoria?post=149402"},{"taxonomy":"serie","embeddable":true,"href":"https:\/\/sme.goiania.go.gov.br\/conexaoescola\/wp-json\/wp\/v2\/serie?post=149402"},{"taxonomy":"eaja_componente","embeddable":true,"href":"https:\/\/sme.goiania.go.gov.br\/conexaoescola\/wp-json\/wp\/v2\/eaja_componente?post=149402"}],"curies":[{"name":"wp","href":"https:\/\/api.w.org\/{rel}","templated":true}]}}

<p class="has-background has-medium-font-size" style="background-color:#8ce1ed"> Esta proposta de atividade de <strong>GEOGRAFIA</strong> é destinada aos estudantes da <strong>8ª série </strong>da Educação de Jovens e Adultos – EJA.  </p>


<div class="wp-block-image">
<figure class="aligncenter size-large is-resized"><img fetchpriority="high" decoding="async" src="https://sme.goiania.go.gov.br/conexaoescola/wp-content/uploads/2023/06/EUROPA-MAPA-1024x1024.jpg" alt="" class="wp-image-165122" width="512" height="512" srcset="https://sme.goiania.go.gov.br/conexaoescola/wp-content/uploads/2023/06/EUROPA-MAPA-1024x1024.jpg 1024w, https://sme.goiania.go.gov.br/conexaoescola/wp-content/uploads/2023/06/EUROPA-MAPA-300x300.jpg 300w, https://sme.goiania.go.gov.br/conexaoescola/wp-content/uploads/2023/06/EUROPA-MAPA-150x150.jpg 150w, https://sme.goiania.go.gov.br/conexaoescola/wp-content/uploads/2023/06/EUROPA-MAPA-768x768.jpg 768w, https://sme.goiania.go.gov.br/conexaoescola/wp-content/uploads/2023/06/EUROPA-MAPA-1536x1536.jpg 1536w, https://sme.goiania.go.gov.br/conexaoescola/wp-content/uploads/2023/06/EUROPA-MAPA.jpg 2000w" sizes="(max-width: 512px) 100vw, 512px" /><figcaption class="wp-element-caption">Disponível em: https://img.freepik.com/vetores-gratis/mapa-da-europa-com-paises-de-cores_23-2147798738.jpg, acesso em 10 de maio de 2023.</figcaption></figure></div>


<p class="has-black-color has-text-color has-medium-font-size">Ao longo da história da humanidade, as fronteiras e os territórios nacionais passaram por várias transformações. Essas mudanças ocorreram devido à expansão territorial de um país, à anexação de novas áreas ou até mesmo à criação de novos Estados. No século XX, em particular, houve mudanças significativas na configuração das fronteiras e territórios nacionais. Desde então, o mapa político mundial tem sido constantemente atualizado, uma vez que qualquer alteração na configuração territorial dos países resulta em mudanças nos limites representados em seus mapas políticos.</p>



<p class="has-black-color has-text-color has-medium-font-size">Até cerca de 1950, as principais mudanças nos limites territoriais entre os países ocorreram principalmente devido à Primeira Guerra Mundial (1914-1918) e à Segunda Guerra Mundial (1939-1945). Nas últimas décadas do século XX, a região que passou por mais transformações em sua configuração territorial foi a Europa, em grande parte devido ao declínio do sistema socialista e ao subsequente colapso da União Soviética. Esse importante evento histórico resultou na independência de diversos países e, consequentemente, na alteração de seus limites territoriais.</p>



<p class="has-black-color has-text-color has-medium-font-size">Podemos dividir o continente europeu em dois grupos de países. O primeiro é conhecido como Europa Ocidental ou desenvolvida, composto por nações que possuem, em sua maioria, economias fortes, diversificadas e altamente industrializadas. O segundo grupo é a Europa Oriental, formado por países com economias menos industrializadas, com predominância de nações que adotavam o regime socialista.</p>



<p class="has-black-color has-text-color has-medium-font-size"><strong>Agora vamos às questões</strong>.</p>



<p class="has-black-color has-text-color has-background has-medium-font-size" style="background-color:#8ce1ed"><strong>&nbsp;QUESTÃO 1</strong></p>



<p class="has-black-color has-text-color has-medium-font-size">A Europa pode ser regionalizada em dois grupos de países. Identifique e descreva os principais aspectos que caracterizam cada um desses grupos.</p>



<p class="has-black-color has-text-color has-background has-medium-font-size" style="background-color:#8ce1ed"><strong>&nbsp;QUESTÃO 2</strong></p>



<p class="has-black-color has-text-color has-medium-font-size">Cite quais conflitos ou embates geopolíticos ocorridos no século XX tiveram mais influência sobre a configuração dos limites territoriais entre os países da Europa.</p>



<p class="has-black-color has-text-color has-background has-medium-font-size" style="background-color:#8ce1ed"><strong>&nbsp;QUESTÃO 3</strong></p>



<p class="has-black-color has-text-color has-medium-font-size"> Pesquise sobre os limites e fronteiras da Europa atual (2022) e compare com mapas anteriores. Alguma mudança, algum novo país? Onde e quais?</p>



<p class="has-black-color has-text-color has-background has-medium-font-size" style="background-color:#81cefb"><strong>Saiba mais a respeito do assunto, acessando o vídeo a seguir .</strong></p>



<figure class="wp-block-embed is-type-video is-provider-youtube wp-block-embed-youtube wp-embed-aspect-4-3 wp-has-aspect-ratio"><div class="wp-block-embed__wrapper">
<p class="responsive-video-wrap clr"><iframe title="Iugoslávia: território e limites." width="1200" height="900" src="https://www.youtube.com/embed/1Y_DIQe7IiM?feature=oembed" frameborder="0" allow="accelerometer; autoplay; clipboard-write; encrypted-media; gyroscope; picture-in-picture; web-share" allowfullscreen></iframe></p>
</div><figcaption class="wp-element-caption">canal werllen pires &#8211; Iugoslávia: território e limites</figcaption></figure>



<p class="has-black-color has-text-color has-background has-medium-font-size" style="background-color:#bfbfbf">Acesse os materiais referentes a essa atividade clicando aqui:  <a rel="noreferrer noopener" href="https://sme.goiania.go.gov.br/conexaoescola/propostas_didaticas/propostas-didaticas-geografia-8a-serie-eja/" data-type="URL" data-id="https://sme.goiania.go.gov.br/conexaoescola/propostas_didaticas/propostas-didaticas-geografia-8a-serie-eja/" target="_blank">https://sme.goiania.go.gov.br/conexaoescola/propostas_didaticas/propostas-didaticas-geografia-8a-serie-eja/</a></p>



<figure class="wp-block-table is-style-stripes"><table><tbody><tr><td>Objetivos de aprendizagem e desenvolvimento</td><td><span class="has-inline-color has-black-color">(EAJAGE0813) Compreender as demarcações de limites e fronteiras na Europa, Ásia e Oceania segundo os diferentes momentos históricos e características naturais.</span></td></tr><tr><td>Referencial Teórico</td><td><br>TORREZANI, Neiva Camargo, Vontade de saber: geografia: 9º ano. Quinteto Editorial, 1ª Ed. São Paulo, 2018. Ensino Fundamental: anos finais.<br> <br>Matriz Estruturante EJA 2022.</td></tr></tbody></table></figure>
