{"id":131933,"date":"2021-09-20T07:01:00","date_gmt":"2021-09-20T10:01:00","guid":{"rendered":"https:\/\/sme.goiania.go.gov.br\/conexaoescola\/?post_type=eaja&#038;p=131933"},"modified":"2021-10-08T09:17:00","modified_gmt":"2021-10-08T12:17:00","slug":"historia-teocentrismo-e-antropocentrismo","status":"publish","type":"eaja","link":"https:\/\/sme.goiania.go.gov.br\/conexaoescola\/eaja\/historia-teocentrismo-e-antropocentrismo\/","title":{"rendered":"Hist\u00f3ria &#8211; Teocentrismo e antropocentrismo."},"content":{"rendered":"\n<p class=\"has-black-color has-pale-cyan-blue-background-color has-text-color has-background\" style=\"font-size:25px\"><em>Ol\u00e1! Esta aula de&nbsp;<strong>Hist\u00f3ria<\/strong>&nbsp;<\/em>\u00e9 destinada a educandos da<strong>&nbsp;7\u00aa S\u00e9rie<\/strong>&nbsp;da Eaja.<\/p>\n\n\n\n<figure class=\"wp-block-image size-large\"><img fetchpriority=\"high\" decoding=\"async\" width=\"910\" height=\"607\" src=\"https:\/\/sme.goiania.go.gov.br\/conexaoescola\/wp-content\/uploads\/2021\/09\/jesus-christ-jesus-christ-earth-e1631916983813.jpg\" alt=\"\" class=\"wp-image-131934\" srcset=\"https:\/\/sme.goiania.go.gov.br\/conexaoescola\/wp-content\/uploads\/2021\/09\/jesus-christ-jesus-christ-earth-e1631916983813.jpg 910w, https:\/\/sme.goiania.go.gov.br\/conexaoescola\/wp-content\/uploads\/2021\/09\/jesus-christ-jesus-christ-earth-e1631916983813-300x200.jpg 300w, https:\/\/sme.goiania.go.gov.br\/conexaoescola\/wp-content\/uploads\/2021\/09\/jesus-christ-jesus-christ-earth-e1631916983813-768x512.jpg 768w\" sizes=\"(max-width: 910px) 100vw, 910px\" \/><figcaption>Tem\u00e1tica &#8211; Hist\u00f3ria &#8211; Teocentrismo e antropocentrismo. Dispon\u00edvel em: &lt;https:\/\/www.piqsels.com\/pt\/public-domain-photo-fflyb&gt;. Acesso em: 15 de Setembro de 2021.<\/figcaption><\/figure>\n\n\n\n<p class=\"has-black-color has-cyan-bluish-gray-background-color has-text-color has-background\" style=\"font-size:25px\">Esta aula apresenta uma discuss\u00e3o sobre teocentrismo e antropocentrismo a partir de uma situa\u00e7\u00e3o pr\u00e1tica.<\/p>\n\n\n\n<hr class=\"wp-block-separator\"\/>\n\n\n\n<p class=\"has-text-align-center has-black-color has-vivid-green-cyan-background-color has-text-color has-background\" style=\"font-size:30px\"><strong>Assista a videoaula abaixo, com a tem\u00e1tica \u2013&nbsp;Hist\u00f3ria &#8211; Teocentrismo e antropocentrismo.<\/strong><\/p>\n\n\n\n<figure class=\"wp-block-embed is-type-video is-provider-youtube wp-block-embed-youtube wp-embed-aspect-16-9 wp-has-aspect-ratio\"><div class=\"wp-block-embed__wrapper\">\n<p class=\"responsive-video-wrap clr\"><iframe title=\"7\u00aa s\u00e9rie - Eaja - Hist\u00f3ria - Teocentrismo e antropocentrismo\" width=\"1200\" height=\"675\" src=\"https:\/\/www.youtube.com\/embed\/S4w9Ge0dQQM?feature=oembed\" frameborder=\"0\" allow=\"accelerometer; autoplay; clipboard-write; encrypted-media; gyroscope; picture-in-picture\" allowfullscreen><\/iframe><\/p>\n<\/div><figcaption>7\u00aa S\u00c9RIE | Eaja |HIST\u00d3RIA| PROF.: AN\u00cdSIO FILHO<\/figcaption><\/figure>\n\n\n\n<hr class=\"wp-block-separator\"\/>\n\n\n\n<p class=\"has-text-align-center has-black-color has-vivid-green-cyan-background-color has-text-color has-background\" style=\"font-size:30px\"><strong>Teocentrismo e antropocentrismo<\/strong><\/p>\n\n\n\n<p class=\"has-black-color has-text-color\" style=\"font-size:25px\">Imagine a seguinte situa\u00e7\u00e3o: consultando-se com um m\u00e9dico, Paulo descobriu que tem uma doen\u00e7a grave. Ele, ent\u00e3o, junta-se com seus amigos e come\u00e7a uma campanha de ora\u00e7\u00e3o pedindo a Deus a cura. Em casos como este, temos o cruzamento de duas formas de conhecimento que a humanidade construiu para entender o mundo e a si mesma: a ci\u00eancia e a religi\u00e3o.<\/p>\n\n\n\n<p class=\"has-black-color has-text-color\" style=\"font-size:25px\">A ci\u00eancia busca explicar as coisas fundamentando-se na raz\u00e3o. A raz\u00e3o baseia-se na capacidade do homem de entender o mundo e agir sobre ele. Agindo racionalmente, a ci\u00eancia lan\u00e7a m\u00e3o de m\u00e9todos, hip\u00f3teses, experimentos, para aceitar algo como verdade. O m\u00e9dico, diante do paciente, recorre a esse conhecimento cient\u00edfico, racional, que lhe informa sobre a composi\u00e7\u00e3o e o funcionamento do corpo humano; sobre causas e consequ\u00eancias das doen\u00e7as; e sobre suas formas de tratamento.<\/p>\n\n\n\n<p class=\"has-black-color has-text-color\" style=\"font-size:25px\">A religi\u00e3o, por sua vez, explica as coisas fundamentando-se na f\u00e9, bastando, muitas vezes, uma experi\u00eancia sensorial. Para a religi\u00e3o, o homem s\u00f3 conhece e age no mundo com a media\u00e7\u00e3o de Deus. As coisas que acontecem no dia a dia, como a cura de uma doen\u00e7a, s\u00e3o sempre controladas por Deus.<\/p>\n\n\n\n<p class=\"has-black-color has-text-color\" style=\"font-size:25px\">No mundo de hoje, ci\u00eancia e religi\u00e3o convivem, o lugar que cada uma ocupa na vida cotidiana mudou bastante desde que a ci\u00eancia surgiu. A seguir, voc\u00ea conhecer\u00e1 um pouco mais sobre o humanismo, movimento que deu base para o desenvolvimento da ci\u00eancia. De l\u00e1 para c\u00e1, essa forma de conhecimento foi alcan\u00e7ando um espa\u00e7o cada vez maior no cotidiano. Com o avan\u00e7o da tecnologia proporcionado pelo desenvolvimento da ci\u00eancia, esse espa\u00e7o tem se ampliado.<\/p>\n\n\n\n<p class=\"has-text-align-center has-vivid-red-color has-text-color\" style=\"font-size:25px\"><strong><em>Humanismo<\/em><\/strong><\/p>\n\n\n\n<p class=\"has-black-color has-text-color\" style=\"font-size:25px\">Os s\u00e9culos XV e XVI foram per\u00edodos marcados por grandes transforma\u00e7\u00f5es na explica\u00e7\u00e3o de mundo que os europeus tinham. \u00c9 nesse per\u00edodo que come\u00e7a a se desenvolver a valoriza\u00e7\u00e3o da capacidade criadora do homem a partir de sua sensibilidade e do seu pensamento. Desenvolve-se a no\u00e7\u00e3o de indiv\u00edduos como seres racionais capazes de criar e descobrir os segredos da natureza, dos seres vivos e do pr\u00f3prio Universo e n\u00e3o s\u00f3 como criaturas de Deus. Por valorizar o homem essas ideias ganharam o nome de humanismo.<\/p>\n\n\n\n<p class=\"has-black-color has-text-color\" style=\"font-size:25px\">E por que o humanismo representa uma grande mudan\u00e7a? Porque a explica\u00e7\u00e3o de mundo que se tinha era a da Idade M\u00e9dia, nela, o homem era s\u00f3 uma criatura de Deus. Ou seja, o ser humano era s\u00f3 um objeto dos des\u00edgnios divinos. A concep\u00e7\u00e3o medieval ficou conhecida como teocentrismo, que significa Deus como centro, quer dizer, Deus determina todas as coisas. O humanismo prop\u00f4s o antropocentrismo, ou seja, o homem como centro.<\/p>\n\n\n\n<p class=\"has-black-color has-text-color\" style=\"font-size:25px\">Os humanistas n\u00e3o duvidavam da exist\u00eancia de Deus, mas suas vis\u00f5es confrontavam as ideias da Igreja cat\u00f3lica vigentes na \u00e9poca. Erasmo de Roterdam, por exemplo, criticou a Igreja afirmando a necessidade de renov\u00e1-la e aproxim\u00e1-la mais do povo; tamb\u00e9m defendeu a liberdade de consci\u00eancia e de escolha.<\/p>\n\n\n\n<p class=\"has-black-color has-text-color\" style=\"font-size:25px\">O Humanismo plantou as sementes para o desenvolvimento da ci\u00eancia nos s\u00e9culos XVI e XVII. Em 1543, Nicolau Cop\u00e9rnico publicou o livro <em>Da revolu\u00e7\u00e3o das esferas terrestres<\/em> no qual defendeu o heliocentrismo, ou seja, o sol \u00e9 o centro do universo e em torno dele gira um sistema de planetas. Isso contrariava a doutrina cat\u00f3lica do geocentrismo segundo a qual a terra era o centro do universo. Galileu Galilei fez observa\u00e7\u00f5es dos corpos celestes a partir da teoria de Cop\u00e9rnico, em 1610 publicou o livro <em>O mensageiro das estrelas<\/em> defendendo que o sistema solar pertencia a uma gal\u00e1xia. No s\u00e9culo XVII a revolu\u00e7\u00e3o cient\u00edfica avan\u00e7ou inspirada pelo racionalismo filos\u00f3fico, um sistema de pensamento que buscava a fundamenta\u00e7\u00e3o do conhecimento na raz\u00e3o humana.<\/p>\n\n\n\n<p class=\"has-text-align-center has-black-color has-vivid-green-cyan-background-color has-text-color has-background\" style=\"font-size:30px\"><strong>Atividade<\/strong><\/p>\n\n\n\n<p class=\"has-black-color has-text-color\" style=\"font-size:25px\"><strong>Quest\u00e3o 1 &#8211; <\/strong>Qual a diferen\u00e7a entre teocentrismo e antropocentrismo?<\/p>\n\n\n\n<p class=\"has-black-color has-text-color\" style=\"font-size:25px\"><strong>Quest\u00e3o 2 &#8211;<\/strong> Religi\u00e3o e ci\u00eancia s\u00e3o formas distintas que o homem criou de entender o mundo e a si mesmo sobre as quais h\u00e1 muitos conflitos. Escreva um par\u00e1grafo sobre essas diferen\u00e7as e conflitos.<\/p>\n\n\n\n<hr class=\"wp-block-separator\"\/>\n\n\n\n<figure class=\"wp-block-table\"><table><tbody><tr><td class=\"has-text-align-center\" data-align=\"center\"><strong>Objetivos de aprendizagem e desenvolvimento:<\/strong><\/td><td>(EAJAHI0607) Problematizar a concep\u00e7\u00e3o teoc\u00eantrica e antropoc\u00eantrica.<\/td><\/tr><tr><td class=\"has-text-align-center\" data-align=\"center\"><strong>Refer\u00eancias:&nbsp;<\/strong><\/td><td>VAINFAS, Ronaldo. <em>et al<\/em>. Hist\u00f3ria.doc, 7\u00ba ano: ensino fundamental, anos finais. 2. ed. S\u00e3o Paulo: Saraiva, 2018.<\/td><\/tr><\/tbody><\/table><\/figure>\n","protected":false},"author":20,"featured_media":131934,"template":"","meta":{"_acf_changed":false,"ocean_post_layout":"","ocean_both_sidebars_style":"","ocean_both_sidebars_content_width":0,"ocean_both_sidebars_sidebars_width":0,"ocean_sidebar":"","ocean_second_sidebar":"","ocean_disable_margins":"enable","ocean_add_body_class":"","ocean_shortcode_before_top_bar":"","ocean_shortcode_after_top_bar":"","ocean_shortcode_before_header":"","ocean_shortcode_after_header":"","ocean_has_shortcode":"","ocean_shortcode_after_title":"","ocean_shortcode_before_footer_widgets":"","ocean_shortcode_after_footer_widgets":"","ocean_shortcode_before_footer_bottom":"","ocean_shortcode_after_footer_bottom":"","ocean_display_top_bar":"default","ocean_display_header":"default","ocean_header_style":"","ocean_center_header_left_menu":"","ocean_custom_header_template":"","ocean_custom_logo":0,"ocean_custom_retina_logo":0,"ocean_custom_logo_max_width":0,"ocean_custom_logo_tablet_max_width":0,"ocean_custom_logo_mobile_max_width":0,"ocean_custom_logo_max_height":0,"ocean_custom_logo_tablet_max_height":0,"ocean_custom_logo_mobile_max_height":0,"ocean_header_custom_menu":"","ocean_menu_typo_font_family":"","ocean_menu_typo_font_subset":"","ocean_menu_typo_font_size":0,"ocean_menu_typo_font_size_tablet":0,"ocean_menu_typo_font_size_mobile":0,"ocean_menu_typo_font_size_unit":"px","ocean_menu_typo_font_weight":"","ocean_menu_typo_font_weight_tablet":"","ocean_menu_typo_font_weight_mobile":"","ocean_menu_typo_transform":"","ocean_menu_typo_transform_tablet":"","ocean_menu_typo_transform_mobile":"","ocean_menu_typo_line_height":0,"ocean_menu_typo_line_height_tablet":0,"ocean_menu_typo_line_height_mobile":0,"ocean_menu_typo_line_height_unit":"","ocean_menu_typo_spacing":0,"ocean_menu_typo_spacing_tablet":0,"ocean_menu_typo_spacing_mobile":0,"ocean_menu_typo_spacing_unit":"","ocean_menu_link_color":"","ocean_menu_link_color_hover":"","ocean_menu_link_color_active":"","ocean_menu_link_background":"","ocean_menu_link_hover_background":"","ocean_menu_link_active_background":"","ocean_menu_social_links_bg":"","ocean_menu_social_hover_links_bg":"","ocean_menu_social_links_color":"","ocean_menu_social_hover_links_color":"","ocean_disable_title":"default","ocean_disable_heading":"default","ocean_post_title":"","ocean_post_subheading":"","ocean_post_title_style":"","ocean_post_title_background_color":"","ocean_post_title_background":0,"ocean_post_title_bg_image_position":"","ocean_post_title_bg_image_attachment":"","ocean_post_title_bg_image_repeat":"","ocean_post_title_bg_image_size":"","ocean_post_title_height":0,"ocean_post_title_bg_overlay":0.5,"ocean_post_title_bg_overlay_color":"","ocean_disable_breadcrumbs":"default","ocean_breadcrumbs_color":"","ocean_breadcrumbs_separator_color":"","ocean_breadcrumbs_links_color":"","ocean_breadcrumbs_links_hover_color":"","ocean_display_footer_widgets":"default","ocean_display_footer_bottom":"default","ocean_custom_footer_template":""},"eaja_categoria":[69],"serie":[76],"eaja_componente":[79],"class_list":["post-131933","eaja","type-eaja","status-publish","has-post-thumbnail","hentry","eaja_categoria-2o-segmento-7a-e-8a-serie","serie-7a-serie","eaja_componente-historia","entry","has-media"],"acf":[],"_links":{"self":[{"href":"https:\/\/sme.goiania.go.gov.br\/conexaoescola\/wp-json\/wp\/v2\/eaja\/131933","targetHints":{"allow":["GET"]}}],"collection":[{"href":"https:\/\/sme.goiania.go.gov.br\/conexaoescola\/wp-json\/wp\/v2\/eaja"}],"about":[{"href":"https:\/\/sme.goiania.go.gov.br\/conexaoescola\/wp-json\/wp\/v2\/types\/eaja"}],"author":[{"embeddable":true,"href":"https:\/\/sme.goiania.go.gov.br\/conexaoescola\/wp-json\/wp\/v2\/users\/20"}],"wp:featuredmedia":[{"embeddable":true,"href":"https:\/\/sme.goiania.go.gov.br\/conexaoescola\/wp-json\/wp\/v2\/media\/131934"}],"wp:attachment":[{"href":"https:\/\/sme.goiania.go.gov.br\/conexaoescola\/wp-json\/wp\/v2\/media?parent=131933"}],"wp:term":[{"taxonomy":"eaja_categoria","embeddable":true,"href":"https:\/\/sme.goiania.go.gov.br\/conexaoescola\/wp-json\/wp\/v2\/eaja_categoria?post=131933"},{"taxonomy":"serie","embeddable":true,"href":"https:\/\/sme.goiania.go.gov.br\/conexaoescola\/wp-json\/wp\/v2\/serie?post=131933"},{"taxonomy":"eaja_componente","embeddable":true,"href":"https:\/\/sme.goiania.go.gov.br\/conexaoescola\/wp-json\/wp\/v2\/eaja_componente?post=131933"}],"curies":[{"name":"wp","href":"https:\/\/api.w.org\/{rel}","templated":true}]}}

História &#8211; Teocentrismo e antropocentrismo.

<p class="has-black-color has-pale-cyan-blue-background-color has-text-color has-background" style="font-size:25px"><em>Olá! Esta aula de&nbsp;<strong>História</strong>&nbsp;</em>é destinada a educandos da<strong>&nbsp;7ª Série</strong>&nbsp;da Eaja.</p>



<figure class="wp-block-image size-large"><img fetchpriority="high" decoding="async" width="910" height="607" src="https://sme.goiania.go.gov.br/conexaoescola/wp-content/uploads/2021/09/jesus-christ-jesus-christ-earth-e1631916983813.jpg" alt="" class="wp-image-131934" srcset="https://sme.goiania.go.gov.br/conexaoescola/wp-content/uploads/2021/09/jesus-christ-jesus-christ-earth-e1631916983813.jpg 910w, https://sme.goiania.go.gov.br/conexaoescola/wp-content/uploads/2021/09/jesus-christ-jesus-christ-earth-e1631916983813-300x200.jpg 300w, https://sme.goiania.go.gov.br/conexaoescola/wp-content/uploads/2021/09/jesus-christ-jesus-christ-earth-e1631916983813-768x512.jpg 768w" sizes="(max-width: 910px) 100vw, 910px" /><figcaption>Temática &#8211; História &#8211; Teocentrismo e antropocentrismo. Disponível em: &lt;https://www.piqsels.com/pt/public-domain-photo-fflyb&gt;. Acesso em: 15 de Setembro de 2021.</figcaption></figure>



<p class="has-black-color has-cyan-bluish-gray-background-color has-text-color has-background" style="font-size:25px">Esta aula apresenta uma discussão sobre teocentrismo e antropocentrismo a partir de uma situação prática.</p>



<hr class="wp-block-separator"/>



<p class="has-text-align-center has-black-color has-vivid-green-cyan-background-color has-text-color has-background" style="font-size:30px"><strong>Assista a videoaula abaixo, com a temática –&nbsp;História &#8211; Teocentrismo e antropocentrismo.</strong></p>



<figure class="wp-block-embed is-type-video is-provider-youtube wp-block-embed-youtube wp-embed-aspect-16-9 wp-has-aspect-ratio"><div class="wp-block-embed__wrapper">
<p class="responsive-video-wrap clr"><iframe title="7ª série - Eaja - História - Teocentrismo e antropocentrismo" width="1200" height="675" src="https://www.youtube.com/embed/S4w9Ge0dQQM?feature=oembed" frameborder="0" allow="accelerometer; autoplay; clipboard-write; encrypted-media; gyroscope; picture-in-picture" allowfullscreen></iframe></p>
</div><figcaption>7ª SÉRIE | Eaja |HISTÓRIA| PROF.: ANÍSIO FILHO</figcaption></figure>



<hr class="wp-block-separator"/>



<p class="has-text-align-center has-black-color has-vivid-green-cyan-background-color has-text-color has-background" style="font-size:30px"><strong>Teocentrismo e antropocentrismo</strong></p>



<p class="has-black-color has-text-color" style="font-size:25px">Imagine a seguinte situação: consultando-se com um médico, Paulo descobriu que tem uma doença grave. Ele, então, junta-se com seus amigos e começa uma campanha de oração pedindo a Deus a cura. Em casos como este, temos o cruzamento de duas formas de conhecimento que a humanidade construiu para entender o mundo e a si mesma: a ciência e a religião.</p>



<p class="has-black-color has-text-color" style="font-size:25px">A ciência busca explicar as coisas fundamentando-se na razão. A razão baseia-se na capacidade do homem de entender o mundo e agir sobre ele. Agindo racionalmente, a ciência lança mão de métodos, hipóteses, experimentos, para aceitar algo como verdade. O médico, diante do paciente, recorre a esse conhecimento científico, racional, que lhe informa sobre a composição e o funcionamento do corpo humano; sobre causas e consequências das doenças; e sobre suas formas de tratamento.</p>



<p class="has-black-color has-text-color" style="font-size:25px">A religião, por sua vez, explica as coisas fundamentando-se na fé, bastando, muitas vezes, uma experiência sensorial. Para a religião, o homem só conhece e age no mundo com a mediação de Deus. As coisas que acontecem no dia a dia, como a cura de uma doença, são sempre controladas por Deus.</p>



<p class="has-black-color has-text-color" style="font-size:25px">No mundo de hoje, ciência e religião convivem, o lugar que cada uma ocupa na vida cotidiana mudou bastante desde que a ciência surgiu. A seguir, você conhecerá um pouco mais sobre o humanismo, movimento que deu base para o desenvolvimento da ciência. De lá para cá, essa forma de conhecimento foi alcançando um espaço cada vez maior no cotidiano. Com o avanço da tecnologia proporcionado pelo desenvolvimento da ciência, esse espaço tem se ampliado.</p>



<p class="has-text-align-center has-vivid-red-color has-text-color" style="font-size:25px"><strong><em>Humanismo</em></strong></p>



<p class="has-black-color has-text-color" style="font-size:25px">Os séculos XV e XVI foram períodos marcados por grandes transformações na explicação de mundo que os europeus tinham. É nesse período que começa a se desenvolver a valorização da capacidade criadora do homem a partir de sua sensibilidade e do seu pensamento. Desenvolve-se a noção de indivíduos como seres racionais capazes de criar e descobrir os segredos da natureza, dos seres vivos e do próprio Universo e não só como criaturas de Deus. Por valorizar o homem essas ideias ganharam o nome de humanismo.</p>



<p class="has-black-color has-text-color" style="font-size:25px">E por que o humanismo representa uma grande mudança? Porque a explicação de mundo que se tinha era a da Idade Média, nela, o homem era só uma criatura de Deus. Ou seja, o ser humano era só um objeto dos desígnios divinos. A concepção medieval ficou conhecida como teocentrismo, que significa Deus como centro, quer dizer, Deus determina todas as coisas. O humanismo propôs o antropocentrismo, ou seja, o homem como centro.</p>



<p class="has-black-color has-text-color" style="font-size:25px">Os humanistas não duvidavam da existência de Deus, mas suas visões confrontavam as ideias da Igreja católica vigentes na época. Erasmo de Roterdam, por exemplo, criticou a Igreja afirmando a necessidade de renová-la e aproximá-la mais do povo; também defendeu a liberdade de consciência e de escolha.</p>



<p class="has-black-color has-text-color" style="font-size:25px">O Humanismo plantou as sementes para o desenvolvimento da ciência nos séculos XVI e XVII. Em 1543, Nicolau Copérnico publicou o livro <em>Da revolução das esferas terrestres</em> no qual defendeu o heliocentrismo, ou seja, o sol é o centro do universo e em torno dele gira um sistema de planetas. Isso contrariava a doutrina católica do geocentrismo segundo a qual a terra era o centro do universo. Galileu Galilei fez observações dos corpos celestes a partir da teoria de Copérnico, em 1610 publicou o livro <em>O mensageiro das estrelas</em> defendendo que o sistema solar pertencia a uma galáxia. No século XVII a revolução científica avançou inspirada pelo racionalismo filosófico, um sistema de pensamento que buscava a fundamentação do conhecimento na razão humana.</p>



<p class="has-text-align-center has-black-color has-vivid-green-cyan-background-color has-text-color has-background" style="font-size:30px"><strong>Atividade</strong></p>



<p class="has-black-color has-text-color" style="font-size:25px"><strong>Questão 1 &#8211; </strong>Qual a diferença entre teocentrismo e antropocentrismo?</p>



<p class="has-black-color has-text-color" style="font-size:25px"><strong>Questão 2 &#8211;</strong> Religião e ciência são formas distintas que o homem criou de entender o mundo e a si mesmo sobre as quais há muitos conflitos. Escreva um parágrafo sobre essas diferenças e conflitos.</p>



<hr class="wp-block-separator"/>



<figure class="wp-block-table"><table><tbody><tr><td class="has-text-align-center" data-align="center"><strong>Objetivos de aprendizagem e desenvolvimento:</strong></td><td>(EAJAHI0607) Problematizar a concepção teocêntrica e antropocêntrica.</td></tr><tr><td class="has-text-align-center" data-align="center"><strong>Referências:&nbsp;</strong></td><td>VAINFAS, Ronaldo. <em>et al</em>. História.doc, 7º ano: ensino fundamental, anos finais. 2. ed. São Paulo: Saraiva, 2018.</td></tr></tbody></table></figure>
