{"id":130383,"date":"2021-08-23T07:00:00","date_gmt":"2021-08-23T10:00:00","guid":{"rendered":"https:\/\/sme.goiania.go.gov.br\/conexaoescola\/?post_type=eaja&#038;p=130383"},"modified":"2021-11-17T17:25:32","modified_gmt":"2021-11-17T19:25:32","slug":"efeito-estufa","status":"publish","type":"eaja","link":"https:\/\/sme.goiania.go.gov.br\/conexaoescola\/eaja\/efeito-estufa\/","title":{"rendered":"Ci\u00eancias da Natureza &#8211; Efeito Estufa"},"content":{"rendered":"\n<p class=\"has-black-color has-pale-cyan-blue-background-color has-text-color has-background has-medium-font-size\">Ol\u00e1!!! Hoje voc\u00ea vai estudar, um dos principais impactos ambientais que tem como uma das principais causas, a atividade humana.<\/p>\n\n\n\n<h2 class=\"has-medium-font-size wp-block-heading\">Atividade 1<\/h2>\n\n\n\n<p class=\"has-medium-font-size\"><strong>ASSISTA AO V\u00cdDEO<\/strong><\/p>\n\n\n\n<figure class=\"wp-block-embed is-type-video is-provider-youtube wp-block-embed-youtube wp-embed-aspect-16-9 wp-has-aspect-ratio\"><div class=\"wp-block-embed__wrapper\">\n<p class=\"responsive-video-wrap clr\"><iframe title=\"Efeito estufa, o que \u00e9?\" width=\"1200\" height=\"675\" src=\"https:\/\/www.youtube.com\/embed\/-KqLZnfV5bk?feature=oembed\" frameborder=\"0\" allow=\"accelerometer; autoplay; clipboard-write; encrypted-media; gyroscope; picture-in-picture\" allowfullscreen><\/iframe><\/p>\n<\/div><figcaption>Efeito estufa, o que \u00e9? &#8211; Canal: Mais Ci\u00eancias &#8211; Profa Rafaela Lima &#8211;<br>Link: https:\/\/www.youtube.com\/watch?v=-KqLZnfV5bk<\/figcaption><\/figure>\n\n\n\n<figure class=\"wp-block-image\"><img decoding=\"async\" src=\"https:\/\/lh5.googleusercontent.com\/35OHFaOrtKyEIg8fnCWdGAnJnlrKlnhulwDV3qsLYYSsAXnHJNqpe1c4fhE9DlI_LXzss5a0ZYLP-ngCXt9YU2Cse-KwzKMfU967IvWrmidGOg8D_Qp1wfBM72eGaQ6kweufjgs\" alt=\"Cidades e gases de efeito estufa: import\u00e2ncia de reduzi-los - Mar Sem Fim\"\/><\/figure>\n\n\n\n<p class=\"has-medium-font-size\">&nbsp;&nbsp;&nbsp;&nbsp;&nbsp;&nbsp;&nbsp;&nbsp;&nbsp;&nbsp;&nbsp;&nbsp;&nbsp;&nbsp;&nbsp;&nbsp;O efeito estufa \u00e9 um fen\u00f4meno natural ocasionado pela concentra\u00e7\u00e3o de gases na atmosfera, os quais formam uma camada que permite a passagem dos raios solares e a absor\u00e7\u00e3o de calor.&nbsp;<\/p>\n\n\n\n<p class=\"has-medium-font-size\">&nbsp;&nbsp;&nbsp;&nbsp;&nbsp;&nbsp;&nbsp;&nbsp;&nbsp;&nbsp;&nbsp;&nbsp;&nbsp;&nbsp;&nbsp;Esse processo \u00e9 respons\u00e1vel por manter a Terra em uma temperatura adequada, garantido o calor necess\u00e1rio. Sem ele, certamente nosso planeta seria muito frio e a sobreviv\u00eancia dos seres vivos seria afetada.<\/p>\n\n\n\n<p class=\"has-medium-font-size\"><strong>Como ocorre o efeito estufa?<\/strong><\/p>\n\n\n\n<p class=\"has-medium-font-size\">&nbsp;&nbsp;&nbsp;&nbsp;&nbsp;&nbsp;&nbsp;&nbsp;&nbsp;&nbsp;&nbsp;&nbsp;&nbsp;&nbsp;&nbsp;Quando os raios solares atingem a superf\u00edcie terrestre, devido a camada de gases de efeito estufa, em torno de 50% deles ficam retidos na atmosfera. A outra parte atinge a superf\u00edcie terrestre, aquecendo-a e irradiando calor.<\/p>\n\n\n\n<p class=\"has-medium-font-size\">&nbsp;&nbsp;&nbsp;&nbsp;&nbsp;&nbsp;&nbsp;&nbsp;&nbsp;&nbsp;&nbsp;&nbsp;&nbsp;&nbsp;&nbsp;Os gases de efeito estufa podem ser comparados a isolantes, pois absorvem parte da energia irradiada pela Terra.&nbsp;<\/p>\n\n\n\n<p class=\"has-medium-font-size\">&nbsp;&nbsp;&nbsp;&nbsp;&nbsp;&nbsp;&nbsp;&nbsp;&nbsp;&nbsp;&nbsp;&nbsp;&nbsp;&nbsp;&nbsp;O que acontece \u00e9 que nas \u00faltimas d\u00e9cadas a libera\u00e7\u00e3o de gases de efeito estufa, em virtude de atividades humanas, aumentou consideravelmente.<\/p>\n\n\n\n<p class=\"has-medium-font-size\">                Com esse ac\u00famulo de gases, mais quantidade de calor est\u00e1 sendo retida na atmosfera, resultando no aumento de temperatura. Essa situa\u00e7\u00e3o d\u00e1 origem ao aquecimento global.<\/p>\n\n\n\n<figure class=\"wp-block-image\"><img decoding=\"async\" src=\"https:\/\/lh6.googleusercontent.com\/U7qcI9sINxqA51rGZb661Ngiq0_dd1RUslhg3ObbrMCwwk0sYbEQLjCv340BeNxmsuO9bQB-n6f6gTm50odyN7H_gCDRkwxuc326zZX95K117A2JnY6MPW8HjMWXSLEaYUTxFG8\" alt=\"Efeito Estufa\"\/><\/figure>\n\n\n\n<p><strong>FONTE: Efeito estufa, o que \u00e9? Dispon\u00edvel em: Canal Mais Ci\u00eancias -Professora Rafaela Lima\/ <\/strong><a href=\"https:\/\/youtu.be\/-KqLZnfV5bk\"><strong>https:\/\/youtu.be\/-KqLZnfV5bk<\/strong><\/a><\/p>\n\n\n\n<p class=\"has-medium-font-size\">Para termos uma ideia, o efeito estufa pode ser comparado ao que ocorre no interior de um ve\u00edculo estacionado, com os vidros fechados e recebendo diretamente a luz solar. Apesar do vidro permitir a passagem da luz solar, ele impede a sa\u00edda do calor, aumentando a temperatura em seu interior.<\/p>\n\n\n\n<h2 class=\"has-pale-cyan-blue-background-color has-background wp-block-heading\">Atividade 2<\/h2>\n\n\n\n<p class=\"has-medium-font-size\">Ap\u00f3s a leitura do texto, responda as quest\u00f5es abaixo no seu caderno:&nbsp;<\/p>\n\n\n\n<p class=\"has-medium-font-size\">a) De acordo com o texto, o que \u00e9 o efeito estufa?&nbsp;<\/p>\n\n\n\n<p class=\"has-medium-font-size\">b) Apesar de parecer prejudicial, qual a import\u00e2ncia desse fen\u00f4meno?<\/p>\n\n\n\n<p class=\"has-medium-font-size\">c) De acordo com o texto, como ocorre o efeito estufa?<\/p>\n\n\n\n<p class=\"has-medium-font-size\">d) De acordo com o texto, porque est\u00e1 acontecendo o aquecimento global?<\/p>\n\n\n\n<p class=\"has-medium-font-size\"><strong>SAIBA MAIS SOBRE O ASSUNTO ACESSANDO O LINK&nbsp; DO VIDEO ABAIXO<\/strong><\/p>\n\n\n\n<figure class=\"wp-block-embed is-type-video is-provider-youtube wp-block-embed-youtube wp-embed-aspect-16-9 wp-has-aspect-ratio\"><div class=\"wp-block-embed__wrapper\">\n<p class=\"responsive-video-wrap clr\"><iframe title=\"Efeito Estufa\" width=\"1200\" height=\"675\" src=\"https:\/\/www.youtube.com\/embed\/OUFNC3bjMmc?feature=oembed\" frameborder=\"0\" allow=\"accelerometer; autoplay; clipboard-write; encrypted-media; gyroscope; picture-in-picture\" allowfullscreen><\/iframe><\/p>\n<\/div><figcaption>Efeito Estufa &#8211; Canal: Meteorologista C\u00e1tia Braga &#8211;<br>Link: https:\/\/www.youtube.com\/watch?v=OUFNC3bjMmc<\/figcaption><\/figure>\n\n\n\n<hr class=\"wp-block-separator\"\/>\n\n\n\n<figure class=\"wp-block-table alignwide is-style-regular\"><table><tbody><tr><td><strong>Proponentes \u2013 Professores:<\/strong><\/td><td>K\u00eanio Gomes Amaral<\/td><\/tr><tr><td><strong>Institui\u00e7\u00e3o Educacional:<\/strong><\/td><td>Escola Municipal Monteiro Lobato<\/td><\/tr><tr><td><strong>CRE:<\/strong><\/td><td>Jarbas Jayme<\/td><\/tr><\/tbody><\/table><\/figure>\n\n\n\n<hr class=\"wp-block-separator\"\/>\n\n\n\n<figure class=\"wp-block-table alignwide is-style-regular\"><table><tbody><tr><td><strong>EAJA &#8211;<\/strong><strong>S\u00e9rie:&nbsp;<\/strong><\/td><td>7\u00aa S\u00e9rie<\/td><\/tr><tr><td><strong>Componente Curricular:<\/strong><\/td><td>Ci\u00eancias&nbsp;&nbsp;&nbsp;&nbsp;&nbsp;&nbsp;&nbsp;&nbsp;&nbsp;&nbsp;&nbsp;&nbsp;&nbsp;&nbsp;&nbsp;&nbsp;&nbsp;&nbsp;&nbsp;&nbsp;&nbsp;&nbsp;&nbsp;&nbsp;&nbsp;&nbsp;&nbsp;&nbsp;&nbsp;&nbsp;&nbsp;&nbsp;&nbsp;&nbsp;&nbsp;&nbsp;&nbsp;&nbsp;&nbsp;&nbsp;&nbsp;&nbsp;&nbsp;&nbsp;&nbsp;&nbsp;&nbsp;&nbsp;<\/td><\/tr><tr><td><strong>EAJA:<\/strong><strong>Objetivos de Aprendizagem e Desenvolvimento<\/strong><\/td><td>(EAJACI0603) Analisar a varia\u00e7\u00e3o clim\u00e1tica, ao longo da hist\u00f3ria, e diagnosticar as altera\u00e7\u00f5es no aquecimento global da Terra.<\/td><\/tr><\/tbody><\/table><\/figure>\n","protected":false},"author":27,"featured_media":130385,"template":"","meta":{"_acf_changed":false,"ocean_post_layout":"","ocean_both_sidebars_style":"","ocean_both_sidebars_content_width":0,"ocean_both_sidebars_sidebars_width":0,"ocean_sidebar":"","ocean_second_sidebar":"","ocean_disable_margins":"enable","ocean_add_body_class":"","ocean_shortcode_before_top_bar":"","ocean_shortcode_after_top_bar":"","ocean_shortcode_before_header":"","ocean_shortcode_after_header":"","ocean_has_shortcode":"","ocean_shortcode_after_title":"","ocean_shortcode_before_footer_widgets":"","ocean_shortcode_after_footer_widgets":"","ocean_shortcode_before_footer_bottom":"","ocean_shortcode_after_footer_bottom":"","ocean_display_top_bar":"default","ocean_display_header":"default","ocean_header_style":"","ocean_center_header_left_menu":"","ocean_custom_header_template":"","ocean_custom_logo":0,"ocean_custom_retina_logo":0,"ocean_custom_logo_max_width":0,"ocean_custom_logo_tablet_max_width":0,"ocean_custom_logo_mobile_max_width":0,"ocean_custom_logo_max_height":0,"ocean_custom_logo_tablet_max_height":0,"ocean_custom_logo_mobile_max_height":0,"ocean_header_custom_menu":"","ocean_menu_typo_font_family":"","ocean_menu_typo_font_subset":"","ocean_menu_typo_font_size":0,"ocean_menu_typo_font_size_tablet":0,"ocean_menu_typo_font_size_mobile":0,"ocean_menu_typo_font_size_unit":"px","ocean_menu_typo_font_weight":"","ocean_menu_typo_font_weight_tablet":"","ocean_menu_typo_font_weight_mobile":"","ocean_menu_typo_transform":"","ocean_menu_typo_transform_tablet":"","ocean_menu_typo_transform_mobile":"","ocean_menu_typo_line_height":0,"ocean_menu_typo_line_height_tablet":0,"ocean_menu_typo_line_height_mobile":0,"ocean_menu_typo_line_height_unit":"","ocean_menu_typo_spacing":0,"ocean_menu_typo_spacing_tablet":0,"ocean_menu_typo_spacing_mobile":0,"ocean_menu_typo_spacing_unit":"","ocean_menu_link_color":"","ocean_menu_link_color_hover":"","ocean_menu_link_color_active":"","ocean_menu_link_background":"","ocean_menu_link_hover_background":"","ocean_menu_link_active_background":"","ocean_menu_social_links_bg":"","ocean_menu_social_hover_links_bg":"","ocean_menu_social_links_color":"","ocean_menu_social_hover_links_color":"","ocean_disable_title":"default","ocean_disable_heading":"default","ocean_post_title":"","ocean_post_subheading":"","ocean_post_title_style":"","ocean_post_title_background_color":"","ocean_post_title_background":0,"ocean_post_title_bg_image_position":"","ocean_post_title_bg_image_attachment":"","ocean_post_title_bg_image_repeat":"","ocean_post_title_bg_image_size":"","ocean_post_title_height":0,"ocean_post_title_bg_overlay":0.5,"ocean_post_title_bg_overlay_color":"","ocean_disable_breadcrumbs":"default","ocean_breadcrumbs_color":"","ocean_breadcrumbs_separator_color":"","ocean_breadcrumbs_links_color":"","ocean_breadcrumbs_links_hover_color":"","ocean_display_footer_widgets":"default","ocean_display_footer_bottom":"default","ocean_custom_footer_template":""},"eaja_categoria":[69],"serie":[76],"eaja_componente":[82],"class_list":["post-130383","eaja","type-eaja","status-publish","has-post-thumbnail","hentry","eaja_categoria-2o-segmento-7a-e-8a-serie","serie-7a-serie","eaja_componente-ciencias-da-natureza","entry","has-media"],"acf":[],"_links":{"self":[{"href":"https:\/\/sme.goiania.go.gov.br\/conexaoescola\/wp-json\/wp\/v2\/eaja\/130383","targetHints":{"allow":["GET"]}}],"collection":[{"href":"https:\/\/sme.goiania.go.gov.br\/conexaoescola\/wp-json\/wp\/v2\/eaja"}],"about":[{"href":"https:\/\/sme.goiania.go.gov.br\/conexaoescola\/wp-json\/wp\/v2\/types\/eaja"}],"author":[{"embeddable":true,"href":"https:\/\/sme.goiania.go.gov.br\/conexaoescola\/wp-json\/wp\/v2\/users\/27"}],"wp:featuredmedia":[{"embeddable":true,"href":"https:\/\/sme.goiania.go.gov.br\/conexaoescola\/wp-json\/wp\/v2\/media\/130385"}],"wp:attachment":[{"href":"https:\/\/sme.goiania.go.gov.br\/conexaoescola\/wp-json\/wp\/v2\/media?parent=130383"}],"wp:term":[{"taxonomy":"eaja_categoria","embeddable":true,"href":"https:\/\/sme.goiania.go.gov.br\/conexaoescola\/wp-json\/wp\/v2\/eaja_categoria?post=130383"},{"taxonomy":"serie","embeddable":true,"href":"https:\/\/sme.goiania.go.gov.br\/conexaoescola\/wp-json\/wp\/v2\/serie?post=130383"},{"taxonomy":"eaja_componente","embeddable":true,"href":"https:\/\/sme.goiania.go.gov.br\/conexaoescola\/wp-json\/wp\/v2\/eaja_componente?post=130383"}],"curies":[{"name":"wp","href":"https:\/\/api.w.org\/{rel}","templated":true}]}}

Ciências da Natureza &#8211; Efeito Estufa

<p class="has-black-color has-pale-cyan-blue-background-color has-text-color has-background has-medium-font-size">Olá!!! Hoje você vai estudar, um dos principais impactos ambientais que tem como uma das principais causas, a atividade humana.</p>



<h2 class="has-medium-font-size wp-block-heading">Atividade 1</h2>



<p class="has-medium-font-size"><strong>ASSISTA AO VÍDEO</strong></p>



<figure class="wp-block-embed is-type-video is-provider-youtube wp-block-embed-youtube wp-embed-aspect-16-9 wp-has-aspect-ratio"><div class="wp-block-embed__wrapper">
<p class="responsive-video-wrap clr"><iframe title="Efeito estufa, o que é?" width="1200" height="675" src="https://www.youtube.com/embed/-KqLZnfV5bk?feature=oembed" frameborder="0" allow="accelerometer; autoplay; clipboard-write; encrypted-media; gyroscope; picture-in-picture" allowfullscreen></iframe></p>
</div><figcaption>Efeito estufa, o que é? &#8211; Canal: Mais Ciências &#8211; Profa Rafaela Lima &#8211;<br>Link: https://www.youtube.com/watch?v=-KqLZnfV5bk</figcaption></figure>



<figure class="wp-block-image"><img decoding="async" src="https://lh5.googleusercontent.com/35OHFaOrtKyEIg8fnCWdGAnJnlrKlnhulwDV3qsLYYSsAXnHJNqpe1c4fhE9DlI_LXzss5a0ZYLP-ngCXt9YU2Cse-KwzKMfU967IvWrmidGOg8D_Qp1wfBM72eGaQ6kweufjgs" alt="Cidades e gases de efeito estufa: importância de reduzi-los - Mar Sem Fim"/></figure>



<p class="has-medium-font-size">&nbsp;&nbsp;&nbsp;&nbsp;&nbsp;&nbsp;&nbsp;&nbsp;&nbsp;&nbsp;&nbsp;&nbsp;&nbsp;&nbsp;&nbsp;&nbsp;O efeito estufa é um fenômeno natural ocasionado pela concentração de gases na atmosfera, os quais formam uma camada que permite a passagem dos raios solares e a absorção de calor.&nbsp;</p>



<p class="has-medium-font-size">&nbsp;&nbsp;&nbsp;&nbsp;&nbsp;&nbsp;&nbsp;&nbsp;&nbsp;&nbsp;&nbsp;&nbsp;&nbsp;&nbsp;&nbsp;Esse processo é responsável por manter a Terra em uma temperatura adequada, garantido o calor necessário. Sem ele, certamente nosso planeta seria muito frio e a sobrevivência dos seres vivos seria afetada.</p>



<p class="has-medium-font-size"><strong>Como ocorre o efeito estufa?</strong></p>



<p class="has-medium-font-size">&nbsp;&nbsp;&nbsp;&nbsp;&nbsp;&nbsp;&nbsp;&nbsp;&nbsp;&nbsp;&nbsp;&nbsp;&nbsp;&nbsp;&nbsp;Quando os raios solares atingem a superfície terrestre, devido a camada de gases de efeito estufa, em torno de 50% deles ficam retidos na atmosfera. A outra parte atinge a superfície terrestre, aquecendo-a e irradiando calor.</p>



<p class="has-medium-font-size">&nbsp;&nbsp;&nbsp;&nbsp;&nbsp;&nbsp;&nbsp;&nbsp;&nbsp;&nbsp;&nbsp;&nbsp;&nbsp;&nbsp;&nbsp;Os gases de efeito estufa podem ser comparados a isolantes, pois absorvem parte da energia irradiada pela Terra.&nbsp;</p>



<p class="has-medium-font-size">&nbsp;&nbsp;&nbsp;&nbsp;&nbsp;&nbsp;&nbsp;&nbsp;&nbsp;&nbsp;&nbsp;&nbsp;&nbsp;&nbsp;&nbsp;O que acontece é que nas últimas décadas a liberação de gases de efeito estufa, em virtude de atividades humanas, aumentou consideravelmente.</p>



<p class="has-medium-font-size">                Com esse acúmulo de gases, mais quantidade de calor está sendo retida na atmosfera, resultando no aumento de temperatura. Essa situação dá origem ao aquecimento global.</p>



<figure class="wp-block-image"><img decoding="async" src="https://lh6.googleusercontent.com/U7qcI9sINxqA51rGZb661Ngiq0_dd1RUslhg3ObbrMCwwk0sYbEQLjCv340BeNxmsuO9bQB-n6f6gTm50odyN7H_gCDRkwxuc326zZX95K117A2JnY6MPW8HjMWXSLEaYUTxFG8" alt="Efeito Estufa"/></figure>



<p><strong>FONTE: Efeito estufa, o que é? Disponível em: Canal Mais Ciências -Professora Rafaela Lima/ </strong><a href="https://youtu.be/-KqLZnfV5bk"><strong>https://youtu.be/-KqLZnfV5bk</strong></a></p>



<p class="has-medium-font-size">Para termos uma ideia, o efeito estufa pode ser comparado ao que ocorre no interior de um veículo estacionado, com os vidros fechados e recebendo diretamente a luz solar. Apesar do vidro permitir a passagem da luz solar, ele impede a saída do calor, aumentando a temperatura em seu interior.</p>



<h2 class="has-pale-cyan-blue-background-color has-background wp-block-heading">Atividade 2</h2>



<p class="has-medium-font-size">Após a leitura do texto, responda as questões abaixo no seu caderno:&nbsp;</p>



<p class="has-medium-font-size">a) De acordo com o texto, o que é o efeito estufa?&nbsp;</p>



<p class="has-medium-font-size">b) Apesar de parecer prejudicial, qual a importância desse fenômeno?</p>



<p class="has-medium-font-size">c) De acordo com o texto, como ocorre o efeito estufa?</p>



<p class="has-medium-font-size">d) De acordo com o texto, porque está acontecendo o aquecimento global?</p>



<p class="has-medium-font-size"><strong>SAIBA MAIS SOBRE O ASSUNTO ACESSANDO O LINK&nbsp; DO VIDEO ABAIXO</strong></p>



<figure class="wp-block-embed is-type-video is-provider-youtube wp-block-embed-youtube wp-embed-aspect-16-9 wp-has-aspect-ratio"><div class="wp-block-embed__wrapper">
<p class="responsive-video-wrap clr"><iframe title="Efeito Estufa" width="1200" height="675" src="https://www.youtube.com/embed/OUFNC3bjMmc?feature=oembed" frameborder="0" allow="accelerometer; autoplay; clipboard-write; encrypted-media; gyroscope; picture-in-picture" allowfullscreen></iframe></p>
</div><figcaption>Efeito Estufa &#8211; Canal: Meteorologista Cátia Braga &#8211;<br>Link: https://www.youtube.com/watch?v=OUFNC3bjMmc</figcaption></figure>



<hr class="wp-block-separator"/>



<figure class="wp-block-table alignwide is-style-regular"><table><tbody><tr><td><strong>Proponentes – Professores:</strong></td><td>Kênio Gomes Amaral</td></tr><tr><td><strong>Instituição Educacional:</strong></td><td>Escola Municipal Monteiro Lobato</td></tr><tr><td><strong>CRE:</strong></td><td>Jarbas Jayme</td></tr></tbody></table></figure>



<hr class="wp-block-separator"/>



<figure class="wp-block-table alignwide is-style-regular"><table><tbody><tr><td><strong>EAJA &#8211;</strong><strong>Série:&nbsp;</strong></td><td>7ª Série</td></tr><tr><td><strong>Componente Curricular:</strong></td><td>Ciências&nbsp;&nbsp;&nbsp;&nbsp;&nbsp;&nbsp;&nbsp;&nbsp;&nbsp;&nbsp;&nbsp;&nbsp;&nbsp;&nbsp;&nbsp;&nbsp;&nbsp;&nbsp;&nbsp;&nbsp;&nbsp;&nbsp;&nbsp;&nbsp;&nbsp;&nbsp;&nbsp;&nbsp;&nbsp;&nbsp;&nbsp;&nbsp;&nbsp;&nbsp;&nbsp;&nbsp;&nbsp;&nbsp;&nbsp;&nbsp;&nbsp;&nbsp;&nbsp;&nbsp;&nbsp;&nbsp;&nbsp;&nbsp;</td></tr><tr><td><strong>EAJA:</strong><strong>Objetivos de Aprendizagem e Desenvolvimento</strong></td><td>(EAJACI0603) Analisar a variação climática, ao longo da história, e diagnosticar as alterações no aquecimento global da Terra.</td></tr></tbody></table></figure>
