{"id":130175,"date":"2021-08-23T07:00:00","date_gmt":"2021-08-23T10:00:00","guid":{"rendered":"https:\/\/sme.goiania.go.gov.br\/conexaoescola\/?post_type=eaja&#038;p=130175"},"modified":"2021-12-21T14:22:13","modified_gmt":"2021-12-21T16:22:13","slug":"arte-danca-contemporanea","status":"publish","type":"eaja","link":"https:\/\/sme.goiania.go.gov.br\/conexaoescola\/eaja\/arte-danca-contemporanea\/","title":{"rendered":"ARTE &#8211; Dan\u00e7a Contempor\u00e2nea"},"content":{"rendered":"\n<p class=\"has-pale-cyan-blue-background-color has-background has-medium-font-size\"><em>Ol\u00e1, estudante!<\/em><br><em>Assista a videoaula de <\/em><strong><em>Arte<\/em><\/strong><em> a seguir, na modalidade e tem\u00e1tica <\/em><strong><em>DAN\u00c7A<\/em><\/strong><em>, que est\u00e1 dispon\u00edvel juntamente com a proposta de atividade.<\/em><\/p>\n\n\n\n<hr class=\"wp-block-separator\"\/>\n\n\n\n<p class=\"has-text-align-center has-medium-font-size\"><strong>A linguagem art\u00edstica desta aula ser\u00e1 a Dan\u00e7a. Vamos falar sobre o que \u00e9 a dan\u00e7a contempor\u00e2nea e suas caracter\u00edsticas.<\/strong><\/p>\n\n\n\n<hr class=\"wp-block-separator has-text-color has-background has-vivid-cyan-blue-background-color has-vivid-cyan-blue-color\"\/>\n\n\n\n<figure class=\"wp-block-embed is-type-video is-provider-youtube wp-block-embed-youtube wp-embed-aspect-4-3 wp-has-aspect-ratio\"><div class=\"wp-block-embed__wrapper\">\n<p class=\"responsive-video-wrap clr\"><iframe title=\"EAJA 7\u00aa S\u00e9rie Arte Dan\u00e7a AULA 5\" width=\"1200\" height=\"900\" src=\"https:\/\/www.youtube.com\/embed\/1jCv72ReG4A?feature=oembed\" frameborder=\"0\" allow=\"accelerometer; autoplay; clipboard-write; encrypted-media; gyroscope; picture-in-picture\" allowfullscreen><\/iframe><\/p>\n<\/div><figcaption>ARTE | 7\u00aa S\u00c9RIE | Eaja | PROF.: EURIM PABLO<\/figcaption><\/figure>\n\n\n\n<hr class=\"wp-block-separator has-text-color has-background has-vivid-cyan-blue-background-color has-vivid-cyan-blue-color\"\/>\n\n\n\n<p class=\"has-medium-font-size\"><strong>Em termos t\u00e9cnicos, a dan\u00e7a contempor\u00e2nea tende a combinar diversas qualidades de movimento, uma vez que n\u00e3o se prende \u00e0s est\u00e9ticas pr\u00e9-estabelecidas. Cada projeto coreogr\u00e1fico compreende um projeto t\u00e9cnico, elaborado durante o processo de composi\u00e7\u00e3o. Maria Jos\u00e9 Fazenda, no pref\u00e1cio do livro j\u00e1 citado, diz que: \u201cQuanto \u00e0 obra coreogr\u00e1fica contempor\u00e2nea, ela apresenta formas e conte\u00fados diferentes e formatos diversificados \u2013 na dimens\u00e3o, no n\u00famero de int\u00e9rpretes, nos lugares de apresenta\u00e7\u00e3o \u2013 e, nela, o movimento do corpo estabelece m\u00faltiplas rela\u00e7\u00f5es com os elementos pl\u00e1sticos (objetos, cen\u00e1rios) e sonoros e com as imagens virtuais\u201d.<\/strong><\/p>\n\n\n\n<p class=\"has-medium-font-size\"><strong>Pode observar-se, de forma diversa, por exemplo, o forte e controlado trabalho das pernas do bal\u00e9 com a \u00eanfase sobre o torso, da dan\u00e7a moderna, al\u00e9m de empregar as t\u00e9cnicas de contract-release (contra\u00e7\u00e3o e relaxamento), floor work (dan\u00e7a do solo e parede), fall-recovery (queda e recupera\u00e7\u00e3o) e improvisa\u00e7\u00e3o caracter\u00edsticas da dan\u00e7a moderna. Imprevis\u00edveis mudan\u00e7as de ritmo, velocidade e dire\u00e7\u00e3o tamb\u00e9m s\u00e3o usadas, assim como podem ser incorporados elementos de dan\u00e7as n\u00e3o ocidentais, tais como os joelhos semifluidos da dan\u00e7a africana ou os movimentos do Butoh.<\/strong><\/p>\n\n\n\n<hr class=\"wp-block-separator has-text-color has-background has-vivid-cyan-blue-background-color has-vivid-cyan-blue-color\"\/>\n\n\n\n<p class=\"has-text-align-center\"><img decoding=\"async\" src=\"https:\/\/lh4.googleusercontent.com\/3nqIZ6k3Dh-5DrXxS4DwKepHAloSWmpgFSMu5LFSUFl0m3VrCd9rclf-QKq6u5ZCcw9Q_WtCwNYLHu4aSmDhCt9ITXn-08zaRbjfygN60ASClKgtu9Io3Iio1TnbiQBiqfSYWy4\" style=\"width: undefinedpx;\"><\/p>\n\n\n\n<p class=\"has-text-align-center\">Dispon\u00edvel em Pixabay.com<\/p>\n\n\n\n<hr class=\"wp-block-separator has-text-color has-background has-vivid-cyan-blue-background-color has-vivid-cyan-blue-color\"\/>\n\n\n\n<div class=\"wp-block-group has-white-color has-vivid-cyan-blue-background-color has-text-color has-background\"><div class=\"wp-block-group__inner-container is-layout-flow wp-block-group-is-layout-flow\">\n<p class=\"has-text-align-center has-medium-font-size\"><strong>Caracter\u00edsticas da dan\u00e7a contempor\u00e2nea<\/strong><\/p>\n\n\n\n<p class=\"has-medium-font-size\"><strong>Mais que uma t\u00e9cnica espec\u00edfica, a dan\u00e7a contempor\u00e2nea \u00e9 uma cole\u00e7\u00e3o de sistemas e m\u00e9todos desenvolvidos a partir da dan\u00e7a moderna e p\u00f3s-moderna. O desenvolvimento da dan\u00e7a contempor\u00e2nea foi paralelo, mas separado do desenvolvimento da New Dance na Inglaterra. Distin\u00e7\u00f5es podem ser feitas entre a dan\u00e7a contempor\u00e2nea: Brasileira; Americana; Canadense; Europeia.<\/strong><\/p>\n\n\n\n<p class=\"has-medium-font-size\"><strong>A dan\u00e7a contempor\u00e2nea, como proposi\u00e7\u00e3o, n\u00e3o possui uma t\u00e9cnica de dan\u00e7a espec\u00edfica que seja sua base. O criador\/int\u00e9rprete em dan\u00e7a contempor\u00e2nea pode partir de t\u00e9cnicas sistematizadas como ballet cl\u00e1ssico, contato-improvisa\u00e7\u00e3o, tap, dan\u00e7a flamenca ou algumas t\u00e9cnicas de dan\u00e7as modernas como Lester Horton, Jos\u00e9 Lim\u00f3n ou Martha Graham, entretanto, o resultado da dan\u00e7a n\u00e3o necessariamente \u00e9 fiel \u00e0s t\u00e9cnicas que foram solicitadas. A pesquisa em dan\u00e7a contempor\u00e2nea tem como premissa a busca de um movimento individualizado, de acordo com a autora Laurence Louppe, em seu livro \u201cPo\u00e9tica da Dan\u00e7a Contempor\u00e2nea\u201d (Lisboa: Orfeu Negro, 2012).<\/strong><\/p>\n\n\n\n<p class=\"has-medium-font-size\"><strong>N\u00e3o se descarta as t\u00e9cnicas que o bailarino\/int\u00e9rprete conhece previamente, mas, em sua pesquisa, ele busca desenvolver uma movimenta\u00e7\u00e3o que seja espec\u00edfica de seu corpo e, com a repeti\u00e7\u00e3o, estabelecer crit\u00e9rios de execu\u00e7\u00e3o que se tornem a pr\u00f3pria t\u00e9cnica de seu trabalho individualizado: o que deve acontecer para cada projeto coreogr\u00e1fico.<\/strong><\/p>\n\n\n\n<p class=\"has-medium-font-size\"><strong>A dan\u00e7a contempor\u00e2nea n\u00e3o se define em t\u00e9cnicas ou movimentos espec\u00edficos, pois o int\u00e9rprete\/bailarino ganha autonomia para construir suas pr\u00f3prias coreografias a partir de m\u00e9todos e procedimentos de pesquisa como: improvisa\u00e7\u00e3o, improvisa\u00e7\u00e3o de contato, m\u00e9todo Laban, t\u00e9cnica de release, Body Mind Centering (BMC), Alwin Nikolais. Esses m\u00e9todos trazem instrumentos para que o int\u00e9rprete crie as suas composi\u00e7\u00f5es a partir de temas relacionados com quest\u00f5es pol\u00edticas, sociais, culturais, autobiogr\u00e1ficas, comportamentais e cotidianas, como tamb\u00e9m a fisiologia e a anatomia corporal. Aliado a isso, viu-se a necessidade de uma pesquisa te\u00f3rica para complemento da pr\u00e1tica.<\/strong><\/p>\n\n\n\n<p class=\"has-medium-font-size\"><strong>O corpo na dan\u00e7a contempor\u00e2nea \u00e9 constru\u00eddo na maioria das vezes a partir de t\u00e9cnicas som\u00e1ticas, incluindo o trabalho da consciencializa\u00e7\u00e3o do corpo e do movimento, como as t\u00e9cnicas de Alexander, Feldenkrais, eutonia, Klauss Vianna entre outros.<\/strong><\/p>\n<\/div><\/div>\n\n\n\n<hr class=\"wp-block-separator has-text-color has-background has-vivid-cyan-blue-background-color has-vivid-cyan-blue-color\"\/>\n\n\n\n<p class=\"has-medium-font-size\"><strong>ATIVIDADE<\/strong><\/p>\n\n\n\n<p class=\"has-medium-font-size\">&nbsp;Assistam v\u00eddeos de dan\u00e7a contempor\u00e2nea nas plataformas da internet e percebam seus entendimentos e sensa\u00e7\u00f5es observadas nas dan\u00e7as. Lembre-se que n\u00e3o existe certo e errado, existe o que voc\u00ea entendeu e sentiu.<\/p>\n\n\n\n<hr class=\"wp-block-separator has-text-color has-background has-vivid-cyan-blue-background-color has-vivid-cyan-blue-color\"\/>\n\n\n\n<p class=\"has-vivid-red-color has-text-color has-medium-font-size\"><strong>Ent\u00e3o pessoal, essa foi a nossa aula de hoje, at\u00e9 nosso pr\u00f3ximo encontro e bom trabalho.<\/strong><\/p>\n\n\n\n<hr class=\"wp-block-separator has-text-color has-background has-vivid-cyan-blue-background-color has-vivid-cyan-blue-color\"\/>\n\n\n\n<p class=\"has-cyan-bluish-gray-background-color has-background has-medium-font-size\"><em>Professor, essa aula segue a Matriz Estruturante para a Eaja 2021. Foi elaborada no ano de 2020, com a suspens\u00e3o das aulas presenciais devido \u00e0 pandemia da Covid-19 e segue as orienta\u00e7\u00f5es de flexibiliza\u00e7\u00e3o curricular para o bi\u00eanio 2020\/2021 (Of\u00edcio Circular 149\/2020 Dirped).<\/em><\/p>\n\n\n\n<p><strong>Objetivos de Aprendizagem e Desenvolvimento<\/strong><\/p>\n\n\n\n<p>(EAJAAR0733) Experienciar e promover o contato com elementos constitutivos de diferentes t\u00e9cnicas de dan\u00e7a, levando em considera\u00e7\u00e3o o estudo no\/pelo corpo de diferentes elementos que as constituem, tais como: respira\u00e7\u00e3o, contra\u00e7\u00e3o\/relaxamento, equil\u00edbrio\/desequil\u00edbrio, aspectos c\u00eanicos e de expressividade e outros aspectos que constituem a est\u00e9tica do movimento dan\u00e7ado.<\/p>\n\n\n\n<p>(EAJAAR0632) Identificar e explorar distintas manifesta\u00e7\u00f5es em dan\u00e7a a partir da cultura popular urbana, buscando ampliar a experi\u00eancia sens\u00edvel e est\u00e9tica do sujeito a partir dos conhecimentos\/experi\u00eancias pr\u00e9vias do educando.<\/p>\n","protected":false},"author":6,"featured_media":130181,"template":"","meta":{"_acf_changed":false,"ocean_post_layout":"","ocean_both_sidebars_style":"","ocean_both_sidebars_content_width":0,"ocean_both_sidebars_sidebars_width":0,"ocean_sidebar":"","ocean_second_sidebar":"","ocean_disable_margins":"enable","ocean_add_body_class":"","ocean_shortcode_before_top_bar":"","ocean_shortcode_after_top_bar":"","ocean_shortcode_before_header":"","ocean_shortcode_after_header":"","ocean_has_shortcode":"","ocean_shortcode_after_title":"","ocean_shortcode_before_footer_widgets":"","ocean_shortcode_after_footer_widgets":"","ocean_shortcode_before_footer_bottom":"","ocean_shortcode_after_footer_bottom":"","ocean_display_top_bar":"default","ocean_display_header":"default","ocean_header_style":"","ocean_center_header_left_menu":"","ocean_custom_header_template":"","ocean_custom_logo":0,"ocean_custom_retina_logo":0,"ocean_custom_logo_max_width":0,"ocean_custom_logo_tablet_max_width":0,"ocean_custom_logo_mobile_max_width":0,"ocean_custom_logo_max_height":0,"ocean_custom_logo_tablet_max_height":0,"ocean_custom_logo_mobile_max_height":0,"ocean_header_custom_menu":"","ocean_menu_typo_font_family":"","ocean_menu_typo_font_subset":"","ocean_menu_typo_font_size":0,"ocean_menu_typo_font_size_tablet":0,"ocean_menu_typo_font_size_mobile":0,"ocean_menu_typo_font_size_unit":"px","ocean_menu_typo_font_weight":"","ocean_menu_typo_font_weight_tablet":"","ocean_menu_typo_font_weight_mobile":"","ocean_menu_typo_transform":"","ocean_menu_typo_transform_tablet":"","ocean_menu_typo_transform_mobile":"","ocean_menu_typo_line_height":0,"ocean_menu_typo_line_height_tablet":0,"ocean_menu_typo_line_height_mobile":0,"ocean_menu_typo_line_height_unit":"","ocean_menu_typo_spacing":0,"ocean_menu_typo_spacing_tablet":0,"ocean_menu_typo_spacing_mobile":0,"ocean_menu_typo_spacing_unit":"","ocean_menu_link_color":"","ocean_menu_link_color_hover":"","ocean_menu_link_color_active":"","ocean_menu_link_background":"","ocean_menu_link_hover_background":"","ocean_menu_link_active_background":"","ocean_menu_social_links_bg":"","ocean_menu_social_hover_links_bg":"","ocean_menu_social_links_color":"","ocean_menu_social_hover_links_color":"","ocean_disable_title":"default","ocean_disable_heading":"default","ocean_post_title":"","ocean_post_subheading":"","ocean_post_title_style":"","ocean_post_title_background_color":"","ocean_post_title_background":0,"ocean_post_title_bg_image_position":"","ocean_post_title_bg_image_attachment":"","ocean_post_title_bg_image_repeat":"","ocean_post_title_bg_image_size":"","ocean_post_title_height":0,"ocean_post_title_bg_overlay":0.5,"ocean_post_title_bg_overlay_color":"","ocean_disable_breadcrumbs":"default","ocean_breadcrumbs_color":"","ocean_breadcrumbs_separator_color":"","ocean_breadcrumbs_links_color":"","ocean_breadcrumbs_links_hover_color":"","ocean_display_footer_widgets":"default","ocean_display_footer_bottom":"default","ocean_custom_footer_template":""},"eaja_categoria":[69],"serie":[76],"eaja_componente":[83],"class_list":["post-130175","eaja","type-eaja","status-publish","has-post-thumbnail","hentry","eaja_categoria-2o-segmento-7a-e-8a-serie","serie-7a-serie","eaja_componente-arte","entry","has-media"],"acf":[],"_links":{"self":[{"href":"https:\/\/sme.goiania.go.gov.br\/conexaoescola\/wp-json\/wp\/v2\/eaja\/130175","targetHints":{"allow":["GET"]}}],"collection":[{"href":"https:\/\/sme.goiania.go.gov.br\/conexaoescola\/wp-json\/wp\/v2\/eaja"}],"about":[{"href":"https:\/\/sme.goiania.go.gov.br\/conexaoescola\/wp-json\/wp\/v2\/types\/eaja"}],"author":[{"embeddable":true,"href":"https:\/\/sme.goiania.go.gov.br\/conexaoescola\/wp-json\/wp\/v2\/users\/6"}],"wp:featuredmedia":[{"embeddable":true,"href":"https:\/\/sme.goiania.go.gov.br\/conexaoescola\/wp-json\/wp\/v2\/media\/130181"}],"wp:attachment":[{"href":"https:\/\/sme.goiania.go.gov.br\/conexaoescola\/wp-json\/wp\/v2\/media?parent=130175"}],"wp:term":[{"taxonomy":"eaja_categoria","embeddable":true,"href":"https:\/\/sme.goiania.go.gov.br\/conexaoescola\/wp-json\/wp\/v2\/eaja_categoria?post=130175"},{"taxonomy":"serie","embeddable":true,"href":"https:\/\/sme.goiania.go.gov.br\/conexaoescola\/wp-json\/wp\/v2\/serie?post=130175"},{"taxonomy":"eaja_componente","embeddable":true,"href":"https:\/\/sme.goiania.go.gov.br\/conexaoescola\/wp-json\/wp\/v2\/eaja_componente?post=130175"}],"curies":[{"name":"wp","href":"https:\/\/api.w.org\/{rel}","templated":true}]}}

ARTE &#8211; Dança Contemporânea

<p class="has-pale-cyan-blue-background-color has-background has-medium-font-size"><em>Olá, estudante!</em><br><em>Assista a videoaula de </em><strong><em>Arte</em></strong><em> a seguir, na modalidade e temática </em><strong><em>DANÇA</em></strong><em>, que está disponível juntamente com a proposta de atividade.</em></p>



<hr class="wp-block-separator"/>



<p class="has-text-align-center has-medium-font-size"><strong>A linguagem artística desta aula será a Dança. Vamos falar sobre o que é a dança contemporânea e suas características.</strong></p>



<hr class="wp-block-separator has-text-color has-background has-vivid-cyan-blue-background-color has-vivid-cyan-blue-color"/>



<figure class="wp-block-embed is-type-video is-provider-youtube wp-block-embed-youtube wp-embed-aspect-4-3 wp-has-aspect-ratio"><div class="wp-block-embed__wrapper">
<p class="responsive-video-wrap clr"><iframe title="EAJA 7ª Série Arte Dança AULA 5" width="1200" height="900" src="https://www.youtube.com/embed/1jCv72ReG4A?feature=oembed" frameborder="0" allow="accelerometer; autoplay; clipboard-write; encrypted-media; gyroscope; picture-in-picture" allowfullscreen></iframe></p>
</div><figcaption>ARTE | 7ª SÉRIE | Eaja | PROF.: EURIM PABLO</figcaption></figure>



<hr class="wp-block-separator has-text-color has-background has-vivid-cyan-blue-background-color has-vivid-cyan-blue-color"/>



<p class="has-medium-font-size"><strong>Em termos técnicos, a dança contemporânea tende a combinar diversas qualidades de movimento, uma vez que não se prende às estéticas pré-estabelecidas. Cada projeto coreográfico compreende um projeto técnico, elaborado durante o processo de composição. Maria José Fazenda, no prefácio do livro já citado, diz que: “Quanto à obra coreográfica contemporânea, ela apresenta formas e conteúdos diferentes e formatos diversificados – na dimensão, no número de intérpretes, nos lugares de apresentação – e, nela, o movimento do corpo estabelece múltiplas relações com os elementos plásticos (objetos, cenários) e sonoros e com as imagens virtuais”.</strong></p>



<p class="has-medium-font-size"><strong>Pode observar-se, de forma diversa, por exemplo, o forte e controlado trabalho das pernas do balé com a ênfase sobre o torso, da dança moderna, além de empregar as técnicas de contract-release (contração e relaxamento), floor work (dança do solo e parede), fall-recovery (queda e recuperação) e improvisação características da dança moderna. Imprevisíveis mudanças de ritmo, velocidade e direção também são usadas, assim como podem ser incorporados elementos de danças não ocidentais, tais como os joelhos semifluidos da dança africana ou os movimentos do Butoh.</strong></p>



<hr class="wp-block-separator has-text-color has-background has-vivid-cyan-blue-background-color has-vivid-cyan-blue-color"/>



<p class="has-text-align-center"><img decoding="async" src="https://lh4.googleusercontent.com/3nqIZ6k3Dh-5DrXxS4DwKepHAloSWmpgFSMu5LFSUFl0m3VrCd9rclf-QKq6u5ZCcw9Q_WtCwNYLHu4aSmDhCt9ITXn-08zaRbjfygN60ASClKgtu9Io3Iio1TnbiQBiqfSYWy4" style="width: undefinedpx;"></p>



<p class="has-text-align-center">Disponível em Pixabay.com</p>



<hr class="wp-block-separator has-text-color has-background has-vivid-cyan-blue-background-color has-vivid-cyan-blue-color"/>



<div class="wp-block-group has-white-color has-vivid-cyan-blue-background-color has-text-color has-background"><div class="wp-block-group__inner-container is-layout-flow wp-block-group-is-layout-flow">
<p class="has-text-align-center has-medium-font-size"><strong>Características da dança contemporânea</strong></p>



<p class="has-medium-font-size"><strong>Mais que uma técnica específica, a dança contemporânea é uma coleção de sistemas e métodos desenvolvidos a partir da dança moderna e pós-moderna. O desenvolvimento da dança contemporânea foi paralelo, mas separado do desenvolvimento da New Dance na Inglaterra. Distinções podem ser feitas entre a dança contemporânea: Brasileira; Americana; Canadense; Europeia.</strong></p>



<p class="has-medium-font-size"><strong>A dança contemporânea, como proposição, não possui uma técnica de dança específica que seja sua base. O criador/intérprete em dança contemporânea pode partir de técnicas sistematizadas como ballet clássico, contato-improvisação, tap, dança flamenca ou algumas técnicas de danças modernas como Lester Horton, José Limón ou Martha Graham, entretanto, o resultado da dança não necessariamente é fiel às técnicas que foram solicitadas. A pesquisa em dança contemporânea tem como premissa a busca de um movimento individualizado, de acordo com a autora Laurence Louppe, em seu livro “Poética da Dança Contemporânea” (Lisboa: Orfeu Negro, 2012).</strong></p>



<p class="has-medium-font-size"><strong>Não se descarta as técnicas que o bailarino/intérprete conhece previamente, mas, em sua pesquisa, ele busca desenvolver uma movimentação que seja específica de seu corpo e, com a repetição, estabelecer critérios de execução que se tornem a própria técnica de seu trabalho individualizado: o que deve acontecer para cada projeto coreográfico.</strong></p>



<p class="has-medium-font-size"><strong>A dança contemporânea não se define em técnicas ou movimentos específicos, pois o intérprete/bailarino ganha autonomia para construir suas próprias coreografias a partir de métodos e procedimentos de pesquisa como: improvisação, improvisação de contato, método Laban, técnica de release, Body Mind Centering (BMC), Alwin Nikolais. Esses métodos trazem instrumentos para que o intérprete crie as suas composições a partir de temas relacionados com questões políticas, sociais, culturais, autobiográficas, comportamentais e cotidianas, como também a fisiologia e a anatomia corporal. Aliado a isso, viu-se a necessidade de uma pesquisa teórica para complemento da prática.</strong></p>



<p class="has-medium-font-size"><strong>O corpo na dança contemporânea é construído na maioria das vezes a partir de técnicas somáticas, incluindo o trabalho da consciencialização do corpo e do movimento, como as técnicas de Alexander, Feldenkrais, eutonia, Klauss Vianna entre outros.</strong></p>
</div></div>



<hr class="wp-block-separator has-text-color has-background has-vivid-cyan-blue-background-color has-vivid-cyan-blue-color"/>



<p class="has-medium-font-size"><strong>ATIVIDADE</strong></p>



<p class="has-medium-font-size">&nbsp;Assistam vídeos de dança contemporânea nas plataformas da internet e percebam seus entendimentos e sensações observadas nas danças. Lembre-se que não existe certo e errado, existe o que você entendeu e sentiu.</p>



<hr class="wp-block-separator has-text-color has-background has-vivid-cyan-blue-background-color has-vivid-cyan-blue-color"/>



<p class="has-vivid-red-color has-text-color has-medium-font-size"><strong>Então pessoal, essa foi a nossa aula de hoje, até nosso próximo encontro e bom trabalho.</strong></p>



<hr class="wp-block-separator has-text-color has-background has-vivid-cyan-blue-background-color has-vivid-cyan-blue-color"/>



<p class="has-cyan-bluish-gray-background-color has-background has-medium-font-size"><em>Professor, essa aula segue a Matriz Estruturante para a Eaja 2021. Foi elaborada no ano de 2020, com a suspensão das aulas presenciais devido à pandemia da Covid-19 e segue as orientações de flexibilização curricular para o biênio 2020/2021 (Ofício Circular 149/2020 Dirped).</em></p>



<p><strong>Objetivos de Aprendizagem e Desenvolvimento</strong></p>



<p>(EAJAAR0733) Experienciar e promover o contato com elementos constitutivos de diferentes técnicas de dança, levando em consideração o estudo no/pelo corpo de diferentes elementos que as constituem, tais como: respiração, contração/relaxamento, equilíbrio/desequilíbrio, aspectos cênicos e de expressividade e outros aspectos que constituem a estética do movimento dançado.</p>



<p>(EAJAAR0632) Identificar e explorar distintas manifestações em dança a partir da cultura popular urbana, buscando ampliar a experiência sensível e estética do sujeito a partir dos conhecimentos/experiências prévias do educando.</p>
