{"id":127747,"date":"2021-05-20T07:12:00","date_gmt":"2021-05-20T10:12:00","guid":{"rendered":"https:\/\/sme.goiania.go.gov.br\/conexaoescola\/?post_type=eaja&#038;p=127747"},"modified":"2021-05-11T16:25:51","modified_gmt":"2021-05-11T19:25:51","slug":"lingua-inglesa-elementos-do-texto-narrativo-genero-textual-fabula","status":"publish","type":"eaja","link":"https:\/\/sme.goiania.go.gov.br\/conexaoescola\/eaja\/lingua-inglesa-elementos-do-texto-narrativo-genero-textual-fabula\/","title":{"rendered":"L\u00edngua Inglesa: Elementos do texto narrativo &#8211; g\u00eanero textual f\u00e1bula"},"content":{"rendered":"\n<p class=\"has-text-color has-background has-text-align-center has-pale-pink-color has-very-dark-gray-background-color\"><em>Ol\u00e1, educando (a)!Esta videoaula de <\/em><strong><em>L\u00edngua Inglesa<\/em><\/strong><em> foi veiculada na TV no dia <strong>20<\/strong><\/em><strong><em>\/05\/2021 (quinta-feira)<\/em><\/strong><em>. Aqui no Portal Conex\u00e3o Escola, ela est\u00e1 dispon\u00edvel juntamente com a proposta de atividade.<\/em><\/p>\n\n\n\n<p style=\"color:#0e0d0d\" class=\"has-text-color has-background has-text-align-center has-pale-pink-background-color\">Discutiremos os elementos b\u00e1sicos do texto narrativo: tipos de narrador, personagem, espa\u00e7o e tempo atrav\u00e9s do g\u00eanero textual f\u00e1bula. Tamb\u00e9m discorreremos sobre o mesmo, evidenciando um escritor e suas caracter\u00edsticas<\/p>\n\n\n\n<p class=\"has-text-align-center\"><img fetchpriority=\"high\" decoding=\"async\" width=\"550\" height=\"367\" src=\"https:\/\/lh4.googleusercontent.com\/U9jdX4XHvPDZ1LvzdZwwDp7FNh7HlNQm-eswIv79XONSEKGDot5nU-nLAod03uqLz07YXIQF-v7SLj8KGivzwz44CGhk9KAA5gdWwzc2myI15-mN4TrJlJKyJ-IBjg\"><\/p>\n\n\n\n<p class=\"has-text-align-center has-small-font-size\"><a href=\"https:\/\/pixabay.com\/pt\/photos\/m%C3%A3os-escrito-palavras-letra-1373363\/\">https:\/\/pixabay.com\/pt\/photos\/m%C3%A3os-escrito-palavras-letra-1373363\/<\/a><\/p>\n\n\n\n<p class=\"has-text-color has-background has-text-align-center has-pale-pink-color has-very-dark-gray-background-color\">Assista a videoaula abaixo, com a tem\u00e1tica: Elementos do texto narrativo &#8211; g\u00eanero textual f\u00e1bula<\/p>\n\n\n\n<figure class=\"wp-block-embed-youtube wp-block-embed is-type-video is-provider-youtube wp-embed-aspect-16-9 wp-has-aspect-ratio\"><div class=\"wp-block-embed__wrapper\">\n<p class=\"responsive-video-wrap clr\"><iframe title=\"Eaja Ingl\u00eas 7\u00aaS\u00e9rie aula2 - Elementos do Texto Narrativo\" width=\"1200\" height=\"675\" src=\"https:\/\/www.youtube.com\/embed\/XUy-OKy9oyw?feature=oembed\" frameborder=\"0\" allow=\"accelerometer; autoplay; clipboard-write; encrypted-media; gyroscope; picture-in-picture\" allowfullscreen><\/iframe><\/p>\n<\/div><figcaption>Eaja &#8211; Ingl\u00eas &#8211; 7\u00aa s\u00e9rie <\/figcaption><\/figure>\n\n\n\n<p><strong>O texto narrativo possui algumas caracter\u00edsticas essenciais, as quais estudamos no v\u00eddeo da CONEX\u00c3O ESCOLA TV.&nbsp; Vimos que os personagens s\u00e3o os seres que movimentam o enredo, que o enredo \u00e9 constitu\u00eddo pela trama e pelos acontecimentos que levam ao desfecho da narrativa, que esta \u00e9 constitu\u00edda pelo espa\u00e7o, lugar onde o enredo se desenrola e pelo tempo, per\u00edodo no qual o enredo acontece. Alguns desses elementos podem ser indeterminados. Vimos que existem alguns tipos b\u00e1sicos de narrador e suas caracter\u00edsticas e estudamos o g\u00eanero textual narrativo F\u00e1bula.<\/strong><\/p>\n\n\n\n<p><strong>&nbsp;&nbsp;A f\u00e1bula \u00e9 uma narrativa ficcional, geralmente curta, com animais sempre como personagens. Estes animais possuem caracter\u00edsticas humanas e o enredo no qual s\u00e3o envolvidos sempre revela uma reflex\u00e3o moral no seu desfecho.&nbsp;<\/strong><\/p>\n\n\n\n<p class=\"has-text-color has-background has-text-align-center has-pale-pink-color has-very-dark-gray-background-color\"><strong>Leia a f\u00e1bula abaixo usando as estrat\u00e9gias de leitura que estudamos e consultando as ferramentas de tradu\u00e7\u00e3o quando necess\u00e1rio.<\/strong><\/p>\n\n\n\n<p style=\"color:#111010\" class=\"has-text-color has-background has-text-align-center has-pale-pink-background-color\"><strong>The Ant and the Grasshopper<\/strong><\/p>\n\n\n\n<p><strong>&nbsp;&nbsp;It was summer, hot and sunny, and, instead of working and preparing for winter, a Grasshopper preferred to dance, sing and play his violin at his leisure, not minding that these wonderful days will soon be over, that cold and rainy days will soon be near. On seeing a hardworking Ant passing by him, preparing for the hard winter that was to come one day, he invited him to join him and share his fun.<\/strong><\/p>\n\n\n\n<p><strong>&nbsp;\u201cUnfortunately, I don\u2019t have time for this\u201d, the Ant answered, \u201cI must work hard, so that winter won\u2019t find me without shelter and food.\u201d<\/strong><\/p>\n\n\n\n<p><strong>&nbsp;\u201cStop worrying so much, there is still plenty of time to prepare for winter. Let\u2019s sing and dance together, let\u2019s laugh and enjoy life\u201d.<\/strong><\/p>\n\n\n\n<p><strong>&nbsp;But Ant was very wise and wouldn\u2019t pay attention to the Grasshopper\u2019s words and continued to work hard and store food for the long winter that was to come.<\/strong><\/p>\n\n\n\n<p><strong>&nbsp;The winter came sooner than expected, and the Grasshopper found himself without home and without food. He went to the Ant\u2019s house and begged him for food and shelter.<\/strong><\/p>\n\n\n\n<p><strong>&nbsp;\u201cI\u2019m sorry, but I can\u2019t help you\u201d, the Ant said. \u201cI only have room and food for me and my family, so go find help somewhere else.\u201d<\/strong><\/p>\n\n\n\n<p><strong>&nbsp;\u201cI should have followed Ant\u2019s example in the summer\u201d, the Grasshopper thought sadly. \u201cI would have been so happy now\u2026<\/strong><\/p>\n\n\n\n<p class=\"has-text-color has-background has-text-align-center has-pale-pink-color has-very-dark-gray-background-color\"><strong>Responda \u00e0s quest\u00f5es abaixo:<\/strong><\/p>\n\n\n\n<p><strong>01) Quais s\u00e3o os personagens da f\u00e1bula?<\/strong><\/p>\n\n\n\n<p><strong>o2) Onde a f\u00e1bula ocorre?<\/strong><\/p>\n\n\n\n<p><strong>03) Quando a f\u00e1bula ocorre?<\/strong><\/p>\n\n\n\n<p><strong>04) Qual o convite que o personagem gafanhoto faz \u00e0 formiga?<\/strong><\/p>\n\n\n\n<p><strong>05) O que a formiga responde?<\/strong><\/p>\n\n\n\n<p><strong>06) O que acontece depois?<\/strong><\/p>\n\n\n\n<p><strong>07) Qual a moral da f\u00e1bula?<\/strong><\/p>\n\n\n\n<figure class=\"wp-block-table\"><table><tbody><tr><td>&nbsp;<strong>EAJA: Objetivos de Aprendizagem e Desenvolvimento<\/strong><\/td><td><br>(EAJALI0707) Compreender as particularidades de textos narrativos curtos (contos, f\u00e1bulas, anedotas, relatos pessoais, hist\u00f3ria em quadrinhos, tirinhas, entre outros)(EAJALI0708) Desenvolver estrat\u00e9gias de leitura e compreens\u00e3o dos textos narrativos.(EAJALI0709) Compreender a linguagem verbal e a linguagem n\u00e3o verbal e sua aplicabilidade nos textos.<br><\/td><\/tr><\/tbody><\/table><\/figure>\n","protected":false},"author":30,"featured_media":127748,"template":"","meta":{"_acf_changed":false,"ocean_post_layout":"","ocean_both_sidebars_style":"","ocean_both_sidebars_content_width":0,"ocean_both_sidebars_sidebars_width":0,"ocean_sidebar":"","ocean_second_sidebar":"","ocean_disable_margins":"enable","ocean_add_body_class":"","ocean_shortcode_before_top_bar":"","ocean_shortcode_after_top_bar":"","ocean_shortcode_before_header":"","ocean_shortcode_after_header":"","ocean_has_shortcode":"","ocean_shortcode_after_title":"","ocean_shortcode_before_footer_widgets":"","ocean_shortcode_after_footer_widgets":"","ocean_shortcode_before_footer_bottom":"","ocean_shortcode_after_footer_bottom":"","ocean_display_top_bar":"default","ocean_display_header":"default","ocean_header_style":"","ocean_center_header_left_menu":"","ocean_custom_header_template":"","ocean_custom_logo":0,"ocean_custom_retina_logo":0,"ocean_custom_logo_max_width":0,"ocean_custom_logo_tablet_max_width":0,"ocean_custom_logo_mobile_max_width":0,"ocean_custom_logo_max_height":0,"ocean_custom_logo_tablet_max_height":0,"ocean_custom_logo_mobile_max_height":0,"ocean_header_custom_menu":"","ocean_menu_typo_font_family":"","ocean_menu_typo_font_subset":"","ocean_menu_typo_font_size":0,"ocean_menu_typo_font_size_tablet":0,"ocean_menu_typo_font_size_mobile":0,"ocean_menu_typo_font_size_unit":"px","ocean_menu_typo_font_weight":"","ocean_menu_typo_font_weight_tablet":"","ocean_menu_typo_font_weight_mobile":"","ocean_menu_typo_transform":"","ocean_menu_typo_transform_tablet":"","ocean_menu_typo_transform_mobile":"","ocean_menu_typo_line_height":0,"ocean_menu_typo_line_height_tablet":0,"ocean_menu_typo_line_height_mobile":0,"ocean_menu_typo_line_height_unit":"","ocean_menu_typo_spacing":0,"ocean_menu_typo_spacing_tablet":0,"ocean_menu_typo_spacing_mobile":0,"ocean_menu_typo_spacing_unit":"","ocean_menu_link_color":"","ocean_menu_link_color_hover":"","ocean_menu_link_color_active":"","ocean_menu_link_background":"","ocean_menu_link_hover_background":"","ocean_menu_link_active_background":"","ocean_menu_social_links_bg":"","ocean_menu_social_hover_links_bg":"","ocean_menu_social_links_color":"","ocean_menu_social_hover_links_color":"","ocean_disable_title":"default","ocean_disable_heading":"default","ocean_post_title":"","ocean_post_subheading":"","ocean_post_title_style":"","ocean_post_title_background_color":"","ocean_post_title_background":0,"ocean_post_title_bg_image_position":"","ocean_post_title_bg_image_attachment":"","ocean_post_title_bg_image_repeat":"","ocean_post_title_bg_image_size":"","ocean_post_title_height":0,"ocean_post_title_bg_overlay":0.5,"ocean_post_title_bg_overlay_color":"","ocean_disable_breadcrumbs":"default","ocean_breadcrumbs_color":"","ocean_breadcrumbs_separator_color":"","ocean_breadcrumbs_links_color":"","ocean_breadcrumbs_links_hover_color":"","ocean_display_footer_widgets":"default","ocean_display_footer_bottom":"default","ocean_custom_footer_template":""},"eaja_categoria":[],"serie":[],"eaja_componente":[],"class_list":["post-127747","eaja","type-eaja","status-publish","has-post-thumbnail","hentry","entry","has-media"],"acf":[],"_links":{"self":[{"href":"https:\/\/sme.goiania.go.gov.br\/conexaoescola\/wp-json\/wp\/v2\/eaja\/127747","targetHints":{"allow":["GET"]}}],"collection":[{"href":"https:\/\/sme.goiania.go.gov.br\/conexaoescola\/wp-json\/wp\/v2\/eaja"}],"about":[{"href":"https:\/\/sme.goiania.go.gov.br\/conexaoescola\/wp-json\/wp\/v2\/types\/eaja"}],"author":[{"embeddable":true,"href":"https:\/\/sme.goiania.go.gov.br\/conexaoescola\/wp-json\/wp\/v2\/users\/30"}],"wp:featuredmedia":[{"embeddable":true,"href":"https:\/\/sme.goiania.go.gov.br\/conexaoescola\/wp-json\/wp\/v2\/media\/127748"}],"wp:attachment":[{"href":"https:\/\/sme.goiania.go.gov.br\/conexaoescola\/wp-json\/wp\/v2\/media?parent=127747"}],"wp:term":[{"taxonomy":"eaja_categoria","embeddable":true,"href":"https:\/\/sme.goiania.go.gov.br\/conexaoescola\/wp-json\/wp\/v2\/eaja_categoria?post=127747"},{"taxonomy":"serie","embeddable":true,"href":"https:\/\/sme.goiania.go.gov.br\/conexaoescola\/wp-json\/wp\/v2\/serie?post=127747"},{"taxonomy":"eaja_componente","embeddable":true,"href":"https:\/\/sme.goiania.go.gov.br\/conexaoescola\/wp-json\/wp\/v2\/eaja_componente?post=127747"}],"curies":[{"name":"wp","href":"https:\/\/api.w.org\/{rel}","templated":true}]}}

Língua Inglesa: Elementos do texto narrativo &#8211; gênero textual fábula

<p class="has-text-color has-background has-text-align-center has-pale-pink-color has-very-dark-gray-background-color"><em>Olá, educando (a)!Esta videoaula de </em><strong><em>Língua Inglesa</em></strong><em> foi veiculada na TV no dia <strong>20</strong></em><strong><em>/05/2021 (quinta-feira)</em></strong><em>. Aqui no Portal Conexão Escola, ela está disponível juntamente com a proposta de atividade.</em></p>



<p style="color:#0e0d0d" class="has-text-color has-background has-text-align-center has-pale-pink-background-color">Discutiremos os elementos básicos do texto narrativo: tipos de narrador, personagem, espaço e tempo através do gênero textual fábula. Também discorreremos sobre o mesmo, evidenciando um escritor e suas características</p>



<p class="has-text-align-center"><img fetchpriority="high" decoding="async" width="550" height="367" src="https://lh4.googleusercontent.com/U9jdX4XHvPDZ1LvzdZwwDp7FNh7HlNQm-eswIv79XONSEKGDot5nU-nLAod03uqLz07YXIQF-v7SLj8KGivzwz44CGhk9KAA5gdWwzc2myI15-mN4TrJlJKyJ-IBjg"></p>



<p class="has-text-align-center has-small-font-size"><a href="https://pixabay.com/pt/photos/m%C3%A3os-escrito-palavras-letra-1373363/">https://pixabay.com/pt/photos/m%C3%A3os-escrito-palavras-letra-1373363/</a></p>



<p class="has-text-color has-background has-text-align-center has-pale-pink-color has-very-dark-gray-background-color">Assista a videoaula abaixo, com a temática: Elementos do texto narrativo &#8211; gênero textual fábula</p>



<figure class="wp-block-embed-youtube wp-block-embed is-type-video is-provider-youtube wp-embed-aspect-16-9 wp-has-aspect-ratio"><div class="wp-block-embed__wrapper">
<p class="responsive-video-wrap clr"><iframe title="Eaja Inglês 7ªSérie aula2 - Elementos do Texto Narrativo" width="1200" height="675" src="https://www.youtube.com/embed/XUy-OKy9oyw?feature=oembed" frameborder="0" allow="accelerometer; autoplay; clipboard-write; encrypted-media; gyroscope; picture-in-picture" allowfullscreen></iframe></p>
</div><figcaption>Eaja &#8211; Inglês &#8211; 7ª série </figcaption></figure>



<p><strong>O texto narrativo possui algumas características essenciais, as quais estudamos no vídeo da CONEXÃO ESCOLA TV.&nbsp; Vimos que os personagens são os seres que movimentam o enredo, que o enredo é constituído pela trama e pelos acontecimentos que levam ao desfecho da narrativa, que esta é constituída pelo espaço, lugar onde o enredo se desenrola e pelo tempo, período no qual o enredo acontece. Alguns desses elementos podem ser indeterminados. Vimos que existem alguns tipos básicos de narrador e suas características e estudamos o gênero textual narrativo Fábula.</strong></p>



<p><strong>&nbsp;&nbsp;A fábula é uma narrativa ficcional, geralmente curta, com animais sempre como personagens. Estes animais possuem características humanas e o enredo no qual são envolvidos sempre revela uma reflexão moral no seu desfecho.&nbsp;</strong></p>



<p class="has-text-color has-background has-text-align-center has-pale-pink-color has-very-dark-gray-background-color"><strong>Leia a fábula abaixo usando as estratégias de leitura que estudamos e consultando as ferramentas de tradução quando necessário.</strong></p>



<p style="color:#111010" class="has-text-color has-background has-text-align-center has-pale-pink-background-color"><strong>The Ant and the Grasshopper</strong></p>



<p><strong>&nbsp;&nbsp;It was summer, hot and sunny, and, instead of working and preparing for winter, a Grasshopper preferred to dance, sing and play his violin at his leisure, not minding that these wonderful days will soon be over, that cold and rainy days will soon be near. On seeing a hardworking Ant passing by him, preparing for the hard winter that was to come one day, he invited him to join him and share his fun.</strong></p>



<p><strong>&nbsp;“Unfortunately, I don’t have time for this”, the Ant answered, “I must work hard, so that winter won’t find me without shelter and food.”</strong></p>



<p><strong>&nbsp;“Stop worrying so much, there is still plenty of time to prepare for winter. Let’s sing and dance together, let’s laugh and enjoy life”.</strong></p>



<p><strong>&nbsp;But Ant was very wise and wouldn’t pay attention to the Grasshopper’s words and continued to work hard and store food for the long winter that was to come.</strong></p>



<p><strong>&nbsp;The winter came sooner than expected, and the Grasshopper found himself without home and without food. He went to the Ant’s house and begged him for food and shelter.</strong></p>



<p><strong>&nbsp;“I’m sorry, but I can’t help you”, the Ant said. “I only have room and food for me and my family, so go find help somewhere else.”</strong></p>



<p><strong>&nbsp;“I should have followed Ant’s example in the summer”, the Grasshopper thought sadly. “I would have been so happy now…</strong></p>



<p class="has-text-color has-background has-text-align-center has-pale-pink-color has-very-dark-gray-background-color"><strong>Responda às questões abaixo:</strong></p>



<p><strong>01) Quais são os personagens da fábula?</strong></p>



<p><strong>o2) Onde a fábula ocorre?</strong></p>



<p><strong>03) Quando a fábula ocorre?</strong></p>



<p><strong>04) Qual o convite que o personagem gafanhoto faz à formiga?</strong></p>



<p><strong>05) O que a formiga responde?</strong></p>



<p><strong>06) O que acontece depois?</strong></p>



<p><strong>07) Qual a moral da fábula?</strong></p>



<figure class="wp-block-table"><table><tbody><tr><td>&nbsp;<strong>EAJA: Objetivos de Aprendizagem e Desenvolvimento</strong></td><td><br>(EAJALI0707) Compreender as particularidades de textos narrativos curtos (contos, fábulas, anedotas, relatos pessoais, história em quadrinhos, tirinhas, entre outros)(EAJALI0708) Desenvolver estratégias de leitura e compreensão dos textos narrativos.(EAJALI0709) Compreender a linguagem verbal e a linguagem não verbal e sua aplicabilidade nos textos.<br></td></tr></tbody></table></figure>
