{"id":185119,"date":"2024-07-29T11:05:44","date_gmt":"2024-07-29T14:05:44","guid":{"rendered":"https:\/\/sme.goiania.go.gov.br\/conexaoescola\/?post_type=biblioteca_virtual&#038;p=185119"},"modified":"2024-07-29T11:05:44","modified_gmt":"2024-07-29T14:05:44","slug":"conectarte-debora-di-sa-cantora-compositora-atriz-e-artista-circense","status":"publish","type":"biblioteca_virtual","link":"https:\/\/sme.goiania.go.gov.br\/conexaoescola\/biblioteca_virtual\/conectarte-debora-di-sa-cantora-compositora-atriz-e-artista-circense\/","title":{"rendered":"ConectARTE: D\u00e9bora Di S\u00e1 &#8211; cantora, compositora, atriz e artista circense."},"content":{"rendered":"\n<p class=\"has-background has-medium-font-size\" style=\"background-color:#fcbd005c\">O programa apresenta a cantora, compositora, atriz e artista circense, D\u00e9bora Di S\u00e1. D\u00e9bora fala sobre o seu percurso art\u00edstico e os seus projetos, os espet\u00e1culos circenses que misturam m\u00fasica, teatro e circo, onde interpreta can\u00e7\u00f5es autorais e faz acrobacias, al\u00e9m de cantar e tocar alguns trechos de seu repert\u00f3rio e composi\u00e7\u00f5es.<\/p>\n\n\n\n<figure class=\"wp-block-embed is-type-video is-provider-youtube wp-block-embed-youtube wp-embed-aspect-16-9 wp-has-aspect-ratio\"><div class=\"wp-block-embed__wrapper\">\n<p class=\"responsive-video-wrap clr\"><iframe title=\"Conectarte#77 - D\u00e9bora Di S\u00e1   Cantora , Compositora, Atriz e Artista Circense\" width=\"1200\" height=\"675\" src=\"https:\/\/www.youtube.com\/embed\/VnaQ3DLIBoY?list=PLxRkqxlT0AC09M7AN5yPZgg1EItlwJgz4\" frameborder=\"0\" allow=\"accelerometer; autoplay; clipboard-write; encrypted-media; gyroscope; picture-in-picture; web-share\" referrerpolicy=\"strict-origin-when-cross-origin\" allowfullscreen><\/iframe><\/p>\n<\/div><figcaption class=\"wp-element-caption\">Canal Portal Conex\u00e3o Escola. &#8220;Conectarte#77 &#8211; D\u00e9bora Di S\u00e1 Cantora , Compositora, Atriz e Artista Circense&#8221;. Dispon\u00edvel em https:\/\/www.youtube.com\/watch?v=VnaQ3DLIBoY&amp;list=PLxRkqxlT0AC09M7AN5yPZgg1EItlwJgz4&amp;index=79 Acesso em 29, julho, 2024.<\/figcaption><\/figure>\n\n\n\n<div class=\"wp-block-group\"><div class=\"wp-block-group__inner-container is-layout-constrained wp-block-group-is-layout-constrained\">\n<figure class=\"wp-block-table is-style-stripes has-medium-font-size\"><table class=\"has-fixed-layout\"><tbody><tr><td class=\"has-text-align-center\" data-align=\"center\"><strong>Componente<\/strong> <strong>Curricular<\/strong><\/td><td class=\"has-text-align-center\" data-align=\"center\"><strong>Arte\/Artes\/Visuais<\/strong><\/td><\/tr><tr><td class=\"has-text-align-center\" data-align=\"center\"><strong>Objetivo de Aprendizagem e Desenvolvimento<\/strong><\/td><td class=\"has-text-align-center\" data-align=\"center\">(EJAAM0201) Reconhecer e identificar as manifesta\u00e7\u00f5es musicais que valorizam a<br>goianidade em detrimento da cultura musical massificada.<\/td><\/tr><tr><td class=\"has-text-align-center\" data-align=\"center\"><strong>Habilidade<\/strong><br>&nbsp;          <\/td><td class=\"has-text-align-center\" data-align=\"center\">(GO-EF06AR23) Reconhecer e experimentar, em projetos tem\u00e1ticos, as rela\u00e7\u00f5es processuais entre<br>a linguagem musical e as diversas linguagens art\u00edsticas.<\/td><\/tr><\/tbody><\/table><\/figure>\n<\/div><\/div>\n\n\n\n<p class=\"has-text-align-center has-medium-font-size\">Documento Curricular para RME Goi\u00e2nia &#8211; EJA 2023<\/p>\n\n\n\n<p class=\"has-text-align-center has-medium-font-size\">Documento Curricular para GOI\u00c1S &#8211; Ampliado  <\/p>\n\n\n\n<p><\/p>\n","protected":false},"featured_media":185120,"template":"","taxonomia_bv":[108],"class_list":["post-185119","biblioteca_virtual","type-biblioteca_virtual","status-publish","has-post-thumbnail","hentry","taxonomia_bv-videos","entry","has-media"],"acf":[],"_links":{"self":[{"href":"https:\/\/sme.goiania.go.gov.br\/conexaoescola\/wp-json\/wp\/v2\/biblioteca_virtual\/185119","targetHints":{"allow":["GET"]}}],"collection":[{"href":"https:\/\/sme.goiania.go.gov.br\/conexaoescola\/wp-json\/wp\/v2\/biblioteca_virtual"}],"about":[{"href":"https:\/\/sme.goiania.go.gov.br\/conexaoescola\/wp-json\/wp\/v2\/types\/biblioteca_virtual"}],"wp:featuredmedia":[{"embeddable":true,"href":"https:\/\/sme.goiania.go.gov.br\/conexaoescola\/wp-json\/wp\/v2\/media\/185120"}],"wp:attachment":[{"href":"https:\/\/sme.goiania.go.gov.br\/conexaoescola\/wp-json\/wp\/v2\/media?parent=185119"}],"wp:term":[{"taxonomy":"taxonomia_bv","embeddable":true,"href":"https:\/\/sme.goiania.go.gov.br\/conexaoescola\/wp-json\/wp\/v2\/taxonomia_bv?post=185119"}],"curies":[{"name":"wp","href":"https:\/\/api.w.org\/{rel}","templated":true}]}}

ConectARTE: Débora Di Sá &#8211; cantora, compositora, atriz e artista circense.

<p class="has-background has-medium-font-size" style="background-color:#fcbd005c">O programa apresenta a cantora, compositora, atriz e artista circense, Débora Di Sá. Débora fala sobre o seu percurso artístico e os seus projetos, os espetáculos circenses que misturam música, teatro e circo, onde interpreta canções autorais e faz acrobacias, além de cantar e tocar alguns trechos de seu repertório e composições.</p>



<figure class="wp-block-embed is-type-video is-provider-youtube wp-block-embed-youtube wp-embed-aspect-16-9 wp-has-aspect-ratio"><div class="wp-block-embed__wrapper">
<p class="responsive-video-wrap clr"><iframe title="Conectarte#77 - Débora Di Sá   Cantora , Compositora, Atriz e Artista Circense" width="1200" height="675" src="https://www.youtube.com/embed/VnaQ3DLIBoY?list=PLxRkqxlT0AC09M7AN5yPZgg1EItlwJgz4" frameborder="0" allow="accelerometer; autoplay; clipboard-write; encrypted-media; gyroscope; picture-in-picture; web-share" referrerpolicy="strict-origin-when-cross-origin" allowfullscreen></iframe></p>
</div><figcaption class="wp-element-caption">Canal Portal Conexão Escola. &#8220;Conectarte#77 &#8211; Débora Di Sá Cantora , Compositora, Atriz e Artista Circense&#8221;. Disponível em https://www.youtube.com/watch?v=VnaQ3DLIBoY&amp;list=PLxRkqxlT0AC09M7AN5yPZgg1EItlwJgz4&amp;index=79 Acesso em 29, julho, 2024.</figcaption></figure>



<div class="wp-block-group"><div class="wp-block-group__inner-container is-layout-constrained wp-block-group-is-layout-constrained">
<figure class="wp-block-table is-style-stripes has-medium-font-size"><table class="has-fixed-layout"><tbody><tr><td class="has-text-align-center" data-align="center"><strong>Componente</strong> <strong>Curricular</strong></td><td class="has-text-align-center" data-align="center"><strong>Arte/Artes/Visuais</strong></td></tr><tr><td class="has-text-align-center" data-align="center"><strong>Objetivo de Aprendizagem e Desenvolvimento</strong></td><td class="has-text-align-center" data-align="center">(EJAAM0201) Reconhecer e identificar as manifestações musicais que valorizam a<br>goianidade em detrimento da cultura musical massificada.</td></tr><tr><td class="has-text-align-center" data-align="center"><strong>Habilidade</strong><br>&nbsp;          </td><td class="has-text-align-center" data-align="center">(GO-EF06AR23) Reconhecer e experimentar, em projetos temáticos, as relações processuais entre<br>a linguagem musical e as diversas linguagens artísticas.</td></tr></tbody></table></figure>
</div></div>



<p class="has-text-align-center has-medium-font-size">Documento Curricular para RME Goiânia &#8211; EJA 2023</p>



<p class="has-text-align-center has-medium-font-size">Documento Curricular para GOIÁS &#8211; Ampliado  </p>



<p></p>
