{"id":184769,"date":"2024-06-27T13:08:20","date_gmt":"2024-06-27T16:08:20","guid":{"rendered":"https:\/\/sme.goiania.go.gov.br\/conexaoescola\/?post_type=biblioteca_virtual&#038;p=184769"},"modified":"2024-06-27T13:14:51","modified_gmt":"2024-06-27T16:14:51","slug":"a-curiosidade-ta-on-as-ferias-de-julho-em-goiania","status":"publish","type":"biblioteca_virtual","link":"https:\/\/sme.goiania.go.gov.br\/conexaoescola\/biblioteca_virtual\/a-curiosidade-ta-on-as-ferias-de-julho-em-goiania\/","title":{"rendered":"A Curiosidade t\u00e1 ON &#8211; \u00a0As f\u00e9rias de julho em Goi\u00e2nia"},"content":{"rendered":"\n<p class=\"has-text-align-center has-black-color has-text-color has-background has-medium-font-size\" style=\"background-color:#d9fcfd\">O Conex\u00e3o Escola &#8211; \u201cCuriosidade est\u00e1 On\u201d, \u00e9 um quadro educativo baseado no Documento Curricular para GOI\u00c1S &#8211; Ampliado, que busca aprofundar o conhecimento de temas diversos, ampliando o repert\u00f3rio cient\u00edfico, art\u00edstico e cultural, com objetivo de possibilitar uma amplia\u00e7\u00e3o dos conhecimentos, com vista ao desenvolvimento de aprendizagem e cria\u00e7\u00e3o de novos projetos, que estimule a comunidade escolar na busca pelo conhecimento.<\/p>\n\n\n\n<figure class=\"wp-block-image size-large\"><img fetchpriority=\"high\" decoding=\"async\" width=\"1024\" height=\"577\" src=\"https:\/\/sme.goiania.go.gov.br\/conexaoescola\/wp-content\/uploads\/2023\/02\/curiosidade-e1675874498818-1024x577.png\" alt=\"\" class=\"wp-image-157032\" srcset=\"https:\/\/sme.goiania.go.gov.br\/conexaoescola\/wp-content\/uploads\/2023\/02\/curiosidade-e1675874498818-1024x577.png 1024w, https:\/\/sme.goiania.go.gov.br\/conexaoescola\/wp-content\/uploads\/2023\/02\/curiosidade-e1675874498818-300x169.png 300w, https:\/\/sme.goiania.go.gov.br\/conexaoescola\/wp-content\/uploads\/2023\/02\/curiosidade-e1675874498818-768x433.png 768w, https:\/\/sme.goiania.go.gov.br\/conexaoescola\/wp-content\/uploads\/2023\/02\/curiosidade-e1675874498818.png 1504w\" sizes=\"(max-width: 1024px) 100vw, 1024px\" \/><\/figure>\n\n\n\n<p class=\"has-text-align-center has-black-color has-very-light-gray-to-cyan-bluish-gray-gradient-background has-text-color has-background has-large-font-size\"><strong>As f\u00e9rias de julho em Goi\u00e2nia<\/strong><\/p>\n\n\n\n<figure class=\"wp-block-embed is-type-video is-provider-youtube wp-block-embed-youtube wp-embed-aspect-16-9 wp-has-aspect-ratio\"><div class=\"wp-block-embed__wrapper\">\n<p class=\"responsive-video-wrap clr\"><iframe title=\"A Curiosidade T\u00e1 On#77 - As F\u00e9rias de Julho em Goi\u00e2nia\" width=\"1200\" height=\"675\" src=\"https:\/\/www.youtube.com\/embed\/NDzLZaT13y0?feature=oembed\" frameborder=\"0\" allow=\"accelerometer; autoplay; clipboard-write; encrypted-media; gyroscope; picture-in-picture; web-share\" referrerpolicy=\"strict-origin-when-cross-origin\" allowfullscreen><\/iframe><\/p>\n<\/div><figcaption class=\"wp-element-caption\">Canal Conex\u00e3o Escola &#8211; A Curiosidade t\u00e1 ON &#8211; &#8220;As f\u00e9rias de julho em Goi\u00e2nia&#8221;. Dispon\u00edvel em: <a href=\"https:\/\/youtu.be\/NDzLZaT13y0?si=s2ylmC5nZm-9FTKK\">https:\/\/youtu.be\/NDzLZaT13y0?si=s2ylmC5nZm-9FTKK<\/a><\/figcaption><\/figure>\n\n\n\n<p class=\"has-text-align-center has-black-color has-very-light-gray-to-cyan-bluish-gray-gradient-background has-text-color has-background has-large-font-size\"><strong>Voc\u00ea sabia?<\/strong><\/p>\n\n\n\n<p class=\"has-medium-font-size\">Voc\u00eas sabiam que o Parque Mutirama foi inaugurado no final da d\u00e9cada de 60, em 1969, pelo ent\u00e3o prefeito na \u00e9poca Iris Rezende Machado?\u00a0<\/p>\n\n\n\n<p class=\"has-medium-font-size\">O parque est\u00e1 Localizado ao lado do Parque Botafogo, o Mutirama est\u00e1 em uma \u00e1rea criada e planejada desde a funda\u00e7\u00e3o de Goi\u00e2nia, no Centro da capital.&nbsp;<\/p>\n\n\n\n<p class=\"has-medium-font-size\">Em suas instala\u00e7\u00f5es, consta o planet\u00e1rio que pertence \u00e0 Universidade Federal de Goi\u00e1s e o Parque dos Dinossauros, contendo r\u00e9plicas em tamanho real.&nbsp;<\/p>\n\n\n\n<p class=\"has-medium-font-size\">O parque, que completar\u00e1 55 anos em 24 de outubro de 2024, al\u00e9m de fazer parte da hist\u00f3ria e inf\u00e2ncia de v\u00e1rias pessoas, contempla 21 atra\u00e7\u00f5es em funcionamento, o parque \u00e9 aberto ao p\u00fablico de todas as idades. Com espa\u00e7o para atender at\u00e9 10 mil pessoas, diariamente, o Parque Mutirama recebe a popula\u00e7\u00e3o com entrada gratuita.<\/p>\n\n\n<div class=\"wp-block-image\">\n<figure class=\"aligncenter size-full is-resized\"><img decoding=\"async\" width=\"1024\" height=\"680\" src=\"https:\/\/sme.goiania.go.gov.br\/conexaoescola\/wp-content\/uploads\/2024\/06\/parque-mutirama-e1719504140663.jpg\" alt=\"\" class=\"wp-image-184770\" style=\"width:622px;height:auto\" srcset=\"https:\/\/sme.goiania.go.gov.br\/conexaoescola\/wp-content\/uploads\/2024\/06\/parque-mutirama-e1719504140663.jpg 1024w, https:\/\/sme.goiania.go.gov.br\/conexaoescola\/wp-content\/uploads\/2024\/06\/parque-mutirama-e1719504140663-300x199.jpg 300w, https:\/\/sme.goiania.go.gov.br\/conexaoescola\/wp-content\/uploads\/2024\/06\/parque-mutirama-e1719504140663-768x510.jpg 768w\" sizes=\"(max-width: 1024px) 100vw, 1024px\" \/><\/figure><\/div>\n\n\n<p class=\"has-small-font-size\">Imagem dispon\u00edvel em: <a href=\"https:\/\/www.goiania.go.gov.br\/agetul\/mutirama\/\">https:\/\/www.goiania.go.gov.br\/agetul\/mutirama\/<\/a>> Acesso em 27\/06\/2024.<\/p>\n\n\n\n<p class=\"has-text-align-center has-black-color has-very-light-gray-to-cyan-bluish-gray-gradient-background has-text-color has-background has-large-font-size\"><strong><strong>PROPOSTA DE ATIVIDADE<\/strong><\/strong><\/p>\n\n\n\n<p class=\"has-medium-font-size\">Hoje faremos um planejamento das f\u00e9rias!! <\/p>\n\n\n\n<p class=\"has-medium-font-size\"><strong>Passo 1 &#8211;<\/strong> Primeiro verifique no calend\u00e1rio os dias que voc\u00ea e sua fam\u00edlia poder\u00e3o ficar de f\u00e9rias.<\/p>\n\n\n\n<p class=\"has-medium-font-size\"><strong>Passo 2 &#8211;<\/strong> Ap\u00f3s essa a\u00e7\u00e3o, converse com os seus familiares e estabele\u00e7a locais que voc\u00eas querem conhecer durante o per\u00edodo de f\u00e9rias, fa\u00e7a uma lista com o nome dos locais, hor\u00e1rios e os motivos para visitar, quando estiver no local, fa\u00e7a um registro de fotos do local e da sua fam\u00edlia.\u00a0<\/p>\n\n\n\n<p class=\"has-medium-font-size\"><strong>Passo 3 &#8211;<\/strong> Agora, voc\u00ea ir\u00e1 planejar as atividades que ser\u00e1 poss\u00edvel desenvolver em casa, pense em brincadeiras, jogos e a\u00e7\u00f5es de entretenimento para fazer com a sua fam\u00edlia.\u00a0<\/p>\n\n\n\n<p class=\"has-medium-font-size\"><strong>Passo 4 &#8211;<\/strong> Quando estiver no final das f\u00e9rias, escreva um texto narrando como foram as suas f\u00e9rias e depois compartilhe eles com os seus amigos.<\/p>\n\n\n\n<hr class=\"wp-block-separator has-alpha-channel-opacity is-style-wide\"\/>\n\n\n\n<figure class=\"wp-block-table is-style-stripes has-medium-font-size\"><table><tbody><tr><td><strong>Habilidades<\/strong>:<\/td><td><strong>Componente:<\/strong>\u00a0Hist\u00f3ria<br><br>(GO-EF01HI08-D) Reconhecer os significados das comemora\u00e7\u00f5es e as tradi\u00e7\u00f5es familiares que perpetuam na cultura do seu munic\u00edpio.<\/td><\/tr><tr><td><strong>Habilidades<\/strong>:<\/td><td><strong>Componente:<\/strong>\u00a0Geografia<br><br>(EF04GE01-C) Reconhecer e valorizar o que \u00e9 pr\u00f3prio de cada uma delas e sua contribui\u00e7\u00e3o para a forma\u00e7\u00e3o da cultura local, goiana, regional e brasileira. <br>(EF04GE11-C) Identificar os pontos tur\u00edsticos do estado de Goi\u00e1s e reconhecer sua import\u00e2ncia para a economia local, para a cultura e para a qualidade de vida.<\/td><\/tr><tr><td><strong>Habilidades<\/strong>:<\/td><td><strong>Componente:<\/strong>\u00a0L\u00edngua Portuguesa<br><br>(EF15LP05-B) Utilizar os recursos dos tipos textuais: narra\u00e7\u00e3o, descri\u00e7\u00e3o, prescri\u00e7\u00e3o, injun\u00e7\u00e3o, argumenta\u00e7\u00e3o ou exposi\u00e7\u00e3o para organiza\u00e7\u00e3o composicional e estil\u00edstica do texto.<\/td><\/tr><\/tbody><\/table><\/figure>\n","protected":false},"featured_media":184772,"template":"","taxonomia_bv":[108],"class_list":["post-184769","biblioteca_virtual","type-biblioteca_virtual","status-publish","has-post-thumbnail","hentry","taxonomia_bv-videos","entry","has-media"],"acf":[],"_links":{"self":[{"href":"https:\/\/sme.goiania.go.gov.br\/conexaoescola\/wp-json\/wp\/v2\/biblioteca_virtual\/184769","targetHints":{"allow":["GET"]}}],"collection":[{"href":"https:\/\/sme.goiania.go.gov.br\/conexaoescola\/wp-json\/wp\/v2\/biblioteca_virtual"}],"about":[{"href":"https:\/\/sme.goiania.go.gov.br\/conexaoescola\/wp-json\/wp\/v2\/types\/biblioteca_virtual"}],"wp:featuredmedia":[{"embeddable":true,"href":"https:\/\/sme.goiania.go.gov.br\/conexaoescola\/wp-json\/wp\/v2\/media\/184772"}],"wp:attachment":[{"href":"https:\/\/sme.goiania.go.gov.br\/conexaoescola\/wp-json\/wp\/v2\/media?parent=184769"}],"wp:term":[{"taxonomy":"taxonomia_bv","embeddable":true,"href":"https:\/\/sme.goiania.go.gov.br\/conexaoescola\/wp-json\/wp\/v2\/taxonomia_bv?post=184769"}],"curies":[{"name":"wp","href":"https:\/\/api.w.org\/{rel}","templated":true}]}}

A Curiosidade tá ON &#8211;  As férias de julho em Goiânia

<p class="has-text-align-center has-black-color has-text-color has-background has-medium-font-size" style="background-color:#d9fcfd">O Conexão Escola &#8211; “Curiosidade está On”, é um quadro educativo baseado no Documento Curricular para GOIÁS &#8211; Ampliado, que busca aprofundar o conhecimento de temas diversos, ampliando o repertório científico, artístico e cultural, com objetivo de possibilitar uma ampliação dos conhecimentos, com vista ao desenvolvimento de aprendizagem e criação de novos projetos, que estimule a comunidade escolar na busca pelo conhecimento.</p>



<figure class="wp-block-image size-large"><img fetchpriority="high" decoding="async" width="1024" height="577" src="https://sme.goiania.go.gov.br/conexaoescola/wp-content/uploads/2023/02/curiosidade-e1675874498818-1024x577.png" alt="" class="wp-image-157032" srcset="https://sme.goiania.go.gov.br/conexaoescola/wp-content/uploads/2023/02/curiosidade-e1675874498818-1024x577.png 1024w, https://sme.goiania.go.gov.br/conexaoescola/wp-content/uploads/2023/02/curiosidade-e1675874498818-300x169.png 300w, https://sme.goiania.go.gov.br/conexaoescola/wp-content/uploads/2023/02/curiosidade-e1675874498818-768x433.png 768w, https://sme.goiania.go.gov.br/conexaoescola/wp-content/uploads/2023/02/curiosidade-e1675874498818.png 1504w" sizes="(max-width: 1024px) 100vw, 1024px" /></figure>



<p class="has-text-align-center has-black-color has-very-light-gray-to-cyan-bluish-gray-gradient-background has-text-color has-background has-large-font-size"><strong>As férias de julho em Goiânia</strong></p>



<figure class="wp-block-embed is-type-video is-provider-youtube wp-block-embed-youtube wp-embed-aspect-16-9 wp-has-aspect-ratio"><div class="wp-block-embed__wrapper">
<p class="responsive-video-wrap clr"><iframe title="A Curiosidade Tá On#77 - As Férias de Julho em Goiânia" width="1200" height="675" src="https://www.youtube.com/embed/NDzLZaT13y0?feature=oembed" frameborder="0" allow="accelerometer; autoplay; clipboard-write; encrypted-media; gyroscope; picture-in-picture; web-share" referrerpolicy="strict-origin-when-cross-origin" allowfullscreen></iframe></p>
</div><figcaption class="wp-element-caption">Canal Conexão Escola &#8211; A Curiosidade tá ON &#8211; &#8220;As férias de julho em Goiânia&#8221;. Disponível em: <a href="https://youtu.be/NDzLZaT13y0?si=s2ylmC5nZm-9FTKK">https://youtu.be/NDzLZaT13y0?si=s2ylmC5nZm-9FTKK</a></figcaption></figure>



<p class="has-text-align-center has-black-color has-very-light-gray-to-cyan-bluish-gray-gradient-background has-text-color has-background has-large-font-size"><strong>Você sabia?</strong></p>



<p class="has-medium-font-size">Vocês sabiam que o Parque Mutirama foi inaugurado no final da década de 60, em 1969, pelo então prefeito na época Iris Rezende Machado? </p>



<p class="has-medium-font-size">O parque está Localizado ao lado do Parque Botafogo, o Mutirama está em uma área criada e planejada desde a fundação de Goiânia, no Centro da capital.&nbsp;</p>



<p class="has-medium-font-size">Em suas instalações, consta o planetário que pertence à Universidade Federal de Goiás e o Parque dos Dinossauros, contendo réplicas em tamanho real.&nbsp;</p>



<p class="has-medium-font-size">O parque, que completará 55 anos em 24 de outubro de 2024, além de fazer parte da história e infância de várias pessoas, contempla 21 atrações em funcionamento, o parque é aberto ao público de todas as idades. Com espaço para atender até 10 mil pessoas, diariamente, o Parque Mutirama recebe a população com entrada gratuita.</p>


<div class="wp-block-image">
<figure class="aligncenter size-full is-resized"><img decoding="async" width="1024" height="680" src="https://sme.goiania.go.gov.br/conexaoescola/wp-content/uploads/2024/06/parque-mutirama-e1719504140663.jpg" alt="" class="wp-image-184770" style="width:622px;height:auto" srcset="https://sme.goiania.go.gov.br/conexaoescola/wp-content/uploads/2024/06/parque-mutirama-e1719504140663.jpg 1024w, https://sme.goiania.go.gov.br/conexaoescola/wp-content/uploads/2024/06/parque-mutirama-e1719504140663-300x199.jpg 300w, https://sme.goiania.go.gov.br/conexaoescola/wp-content/uploads/2024/06/parque-mutirama-e1719504140663-768x510.jpg 768w" sizes="(max-width: 1024px) 100vw, 1024px" /></figure></div>


<p class="has-small-font-size">Imagem disponível em: <a href="https://www.goiania.go.gov.br/agetul/mutirama/">https://www.goiania.go.gov.br/agetul/mutirama/</a>> Acesso em 27/06/2024.</p>



<p class="has-text-align-center has-black-color has-very-light-gray-to-cyan-bluish-gray-gradient-background has-text-color has-background has-large-font-size"><strong><strong>PROPOSTA DE ATIVIDADE</strong></strong></p>



<p class="has-medium-font-size">Hoje faremos um planejamento das férias!! </p>



<p class="has-medium-font-size"><strong>Passo 1 &#8211;</strong> Primeiro verifique no calendário os dias que você e sua família poderão ficar de férias.</p>



<p class="has-medium-font-size"><strong>Passo 2 &#8211;</strong> Após essa ação, converse com os seus familiares e estabeleça locais que vocês querem conhecer durante o período de férias, faça uma lista com o nome dos locais, horários e os motivos para visitar, quando estiver no local, faça um registro de fotos do local e da sua família. </p>



<p class="has-medium-font-size"><strong>Passo 3 &#8211;</strong> Agora, você irá planejar as atividades que será possível desenvolver em casa, pense em brincadeiras, jogos e ações de entretenimento para fazer com a sua família. </p>



<p class="has-medium-font-size"><strong>Passo 4 &#8211;</strong> Quando estiver no final das férias, escreva um texto narrando como foram as suas férias e depois compartilhe eles com os seus amigos.</p>



<hr class="wp-block-separator has-alpha-channel-opacity is-style-wide"/>



<figure class="wp-block-table is-style-stripes has-medium-font-size"><table><tbody><tr><td><strong>Habilidades</strong>:</td><td><strong>Componente:</strong> História<br><br>(GO-EF01HI08-D) Reconhecer os significados das comemorações e as tradições familiares que perpetuam na cultura do seu município.</td></tr><tr><td><strong>Habilidades</strong>:</td><td><strong>Componente:</strong> Geografia<br><br>(EF04GE01-C) Reconhecer e valorizar o que é próprio de cada uma delas e sua contribuição para a formação da cultura local, goiana, regional e brasileira. <br>(EF04GE11-C) Identificar os pontos turísticos do estado de Goiás e reconhecer sua importância para a economia local, para a cultura e para a qualidade de vida.</td></tr><tr><td><strong>Habilidades</strong>:</td><td><strong>Componente:</strong> Língua Portuguesa<br><br>(EF15LP05-B) Utilizar os recursos dos tipos textuais: narração, descrição, prescrição, injunção, argumentação ou exposição para organização composicional e estilística do texto.</td></tr></tbody></table></figure>
