{"id":183395,"date":"2024-05-29T09:54:03","date_gmt":"2024-05-29T12:54:03","guid":{"rendered":"https:\/\/sme.goiania.go.gov.br\/conexaoescola\/?post_type=biblioteca_virtual&#038;p=183395"},"modified":"2024-05-29T10:15:49","modified_gmt":"2024-05-29T13:15:49","slug":"conectarte-kassius-artista-visual","status":"publish","type":"biblioteca_virtual","link":"https:\/\/sme.goiania.go.gov.br\/conexaoescola\/biblioteca_virtual\/conectarte-kassius-artista-visual\/","title":{"rendered":"ConectARTE: Kassius &#8211; Artista Visual"},"content":{"rendered":"\n<p class=\"has-background has-medium-font-size\" style=\"background-color:#fc5f0033\">Neste programa fomos at\u00e9 a Galeria de Artes Visuais da FAV &#8211; Faculdade de Artes Visuais da UFG para conversarmos com o arquiteto, urbanista e artista visual Kassius, que fala sobre seu percurso art\u00edstico desde a arquitetura at\u00e9 chegar nas artes visuais. O artista visual descreve o seu processo de cria\u00e7\u00e3o para a exposi\u00e7\u00e3o \u201cProjeto para a constru\u00e7\u00e3o de uma mem\u00f3ria\u201d, que est\u00e1 ligada \u00e0s fotografias e as mem\u00f3rias da sua inf\u00e2ncia. Criou uma s\u00e9rie de trabalhos, reconstruindo as casas que morou at\u00e9 os dez anos de idade, digitalmente em 3D.<\/p>\n\n\n\n<figure class=\"wp-block-embed is-type-video is-provider-youtube wp-block-embed-youtube wp-embed-aspect-16-9 wp-has-aspect-ratio\"><div class=\"wp-block-embed__wrapper\">\n<p class=\"responsive-video-wrap clr\"><iframe title=\"Conectarte#72 - Kassius - Artista Visual\" width=\"1200\" height=\"675\" src=\"https:\/\/www.youtube.com\/embed\/8CNfFYG5sxc?list=PLxRkqxlT0AC09M7AN5yPZgg1EItlwJgz4\" frameborder=\"0\" allow=\"accelerometer; autoplay; clipboard-write; encrypted-media; gyroscope; picture-in-picture; web-share\" referrerpolicy=\"strict-origin-when-cross-origin\" allowfullscreen><\/iframe><\/p>\n<\/div><figcaption class=\"wp-element-caption\">Canal <a href=\"https:\/\/www.youtube.com\/@portalconexaoescola703\">Portal Conex\u00e3o Escola<\/a>. &#8220;Conectarte#72 &#8211; Kassius &#8211; Artista Visual&#8221;. Dispon\u00edvel em https:\/\/www.youtube.com\/watch?v=8CNfFYG5sxc&amp;list=PLxRkqxlT0AC09M7AN5yPZgg1EItlwJgz4&amp;index=74&amp;t=772s Acesso em 29, mai. 2024.<\/figcaption><\/figure>\n\n\n\n<div class=\"wp-block-group\"><div class=\"wp-block-group__inner-container is-layout-constrained wp-block-group-is-layout-constrained\">\n<figure class=\"wp-block-table is-style-stripes has-medium-font-size\"><table class=\"has-fixed-layout\"><tbody><tr><td class=\"has-text-align-center\" data-align=\"center\"><strong>Componente<\/strong> <strong>Curricular<\/strong><\/td><td class=\"has-text-align-center\" data-align=\"center\"><strong>Arte<\/strong>\/<strong>Artes Visuais<\/strong><\/td><\/tr><tr><td class=\"has-text-align-center\" data-align=\"center\"><strong>Objetivo de Aprendizagem e Desenvolvimento<\/strong><\/td><td class=\"has-text-align-center\" data-align=\"center\">(EJAAV0306) Investigar e utilizar t\u00e9cnicas de arte com procedimentos de pesquisa,<br>experimenta\u00e7\u00e3o e representa\u00e7\u00e3o de ideias e c\u00f3digos po\u00e9ticos.<\/td><\/tr><tr><td class=\"has-text-align-center\" data-align=\"center\"><strong>Habilidade<\/strong><br>&nbsp;          <\/td><td class=\"has-text-align-center\" data-align=\"center\">(GO-EF09AR06-A) Desenvolver processos de cria\u00e7\u00e3o em artes visuais, com base em temas<br>cotidianos ou de interesses art\u00edsticos de modo autoral, fazendo uso de materiais, instrumentos e recursos convencionais, alternativos e digitais, dialogando sobre a obra de artistas em<br>contextos diversos, ressignificando sua pr\u00f3pria produ\u00e7\u00e3o art\u00edstica e as dos colegas, para<br>alcan\u00e7ar sentidos plurais, bem como ampliar seu repert\u00f3rio imag\u00e9tico e inventivo, dando<br>sentido aos contextos afetivos, sociais e culturais, de modo cr\u00edtico e reflexivo.<\/td><\/tr><\/tbody><\/table><\/figure>\n<\/div><\/div>\n\n\n\n<p class=\"has-text-align-center has-medium-font-size\">Documento Curricular para RME Goi\u00e2nia &#8211; EJA 2023<\/p>\n\n\n\n<p class=\"has-text-align-center has-medium-font-size\">Documento Curricular para GOI\u00c1S &#8211; Ampliado  <\/p>\n\n\n\n<p><\/p>\n","protected":false},"featured_media":183397,"template":"","taxonomia_bv":[108],"class_list":["post-183395","biblioteca_virtual","type-biblioteca_virtual","status-publish","has-post-thumbnail","hentry","taxonomia_bv-videos","entry","has-media"],"acf":[],"_links":{"self":[{"href":"https:\/\/sme.goiania.go.gov.br\/conexaoescola\/wp-json\/wp\/v2\/biblioteca_virtual\/183395","targetHints":{"allow":["GET"]}}],"collection":[{"href":"https:\/\/sme.goiania.go.gov.br\/conexaoescola\/wp-json\/wp\/v2\/biblioteca_virtual"}],"about":[{"href":"https:\/\/sme.goiania.go.gov.br\/conexaoescola\/wp-json\/wp\/v2\/types\/biblioteca_virtual"}],"wp:featuredmedia":[{"embeddable":true,"href":"https:\/\/sme.goiania.go.gov.br\/conexaoescola\/wp-json\/wp\/v2\/media\/183397"}],"wp:attachment":[{"href":"https:\/\/sme.goiania.go.gov.br\/conexaoescola\/wp-json\/wp\/v2\/media?parent=183395"}],"wp:term":[{"taxonomy":"taxonomia_bv","embeddable":true,"href":"https:\/\/sme.goiania.go.gov.br\/conexaoescola\/wp-json\/wp\/v2\/taxonomia_bv?post=183395"}],"curies":[{"name":"wp","href":"https:\/\/api.w.org\/{rel}","templated":true}]}}

<p class="has-background has-medium-font-size" style="background-color:#fc5f0033">Neste programa fomos até a Galeria de Artes Visuais da FAV &#8211; Faculdade de Artes Visuais da UFG para conversarmos com o arquiteto, urbanista e artista visual Kassius, que fala sobre seu percurso artístico desde a arquitetura até chegar nas artes visuais. O artista visual descreve o seu processo de criação para a exposição “Projeto para a construção de uma memória”, que está ligada às fotografias e as memórias da sua infância. Criou uma série de trabalhos, reconstruindo as casas que morou até os dez anos de idade, digitalmente em 3D.</p>



<figure class="wp-block-embed is-type-video is-provider-youtube wp-block-embed-youtube wp-embed-aspect-16-9 wp-has-aspect-ratio"><div class="wp-block-embed__wrapper">
<p class="responsive-video-wrap clr"><iframe title="Conectarte#72 - Kassius - Artista Visual" width="1200" height="675" src="https://www.youtube.com/embed/8CNfFYG5sxc?list=PLxRkqxlT0AC09M7AN5yPZgg1EItlwJgz4" frameborder="0" allow="accelerometer; autoplay; clipboard-write; encrypted-media; gyroscope; picture-in-picture; web-share" referrerpolicy="strict-origin-when-cross-origin" allowfullscreen></iframe></p>
</div><figcaption class="wp-element-caption">Canal <a href="https://www.youtube.com/@portalconexaoescola703">Portal Conexão Escola</a>. &#8220;Conectarte#72 &#8211; Kassius &#8211; Artista Visual&#8221;. Disponível em https://www.youtube.com/watch?v=8CNfFYG5sxc&amp;list=PLxRkqxlT0AC09M7AN5yPZgg1EItlwJgz4&amp;index=74&amp;t=772s Acesso em 29, mai. 2024.</figcaption></figure>



<div class="wp-block-group"><div class="wp-block-group__inner-container is-layout-constrained wp-block-group-is-layout-constrained">
<figure class="wp-block-table is-style-stripes has-medium-font-size"><table class="has-fixed-layout"><tbody><tr><td class="has-text-align-center" data-align="center"><strong>Componente</strong> <strong>Curricular</strong></td><td class="has-text-align-center" data-align="center"><strong>Arte</strong>/<strong>Artes Visuais</strong></td></tr><tr><td class="has-text-align-center" data-align="center"><strong>Objetivo de Aprendizagem e Desenvolvimento</strong></td><td class="has-text-align-center" data-align="center">(EJAAV0306) Investigar e utilizar técnicas de arte com procedimentos de pesquisa,<br>experimentação e representação de ideias e códigos poéticos.</td></tr><tr><td class="has-text-align-center" data-align="center"><strong>Habilidade</strong><br>&nbsp;          </td><td class="has-text-align-center" data-align="center">(GO-EF09AR06-A) Desenvolver processos de criação em artes visuais, com base em temas<br>cotidianos ou de interesses artísticos de modo autoral, fazendo uso de materiais, instrumentos e recursos convencionais, alternativos e digitais, dialogando sobre a obra de artistas em<br>contextos diversos, ressignificando sua própria produção artística e as dos colegas, para<br>alcançar sentidos plurais, bem como ampliar seu repertório imagético e inventivo, dando<br>sentido aos contextos afetivos, sociais e culturais, de modo crítico e reflexivo.</td></tr></tbody></table></figure>
</div></div>



<p class="has-text-align-center has-medium-font-size">Documento Curricular para RME Goiânia &#8211; EJA 2023</p>



<p class="has-text-align-center has-medium-font-size">Documento Curricular para GOIÁS &#8211; Ampliado  </p>



<p></p>
