{"id":172441,"date":"2023-11-08T11:22:07","date_gmt":"2023-11-08T14:22:07","guid":{"rendered":"https:\/\/sme.goiania.go.gov.br\/conexaoescola\/?post_type=biblioteca_virtual&#038;p=172441"},"modified":"2023-11-08T11:22:07","modified_gmt":"2023-11-08T14:22:07","slug":"a-curiosidade-ta-on-projeto-jornada-do-conhecimento-na-e-m-lauricio-pedro-rasmussem","status":"publish","type":"biblioteca_virtual","link":"https:\/\/sme.goiania.go.gov.br\/conexaoescola\/biblioteca_virtual\/a-curiosidade-ta-on-projeto-jornada-do-conhecimento-na-e-m-lauricio-pedro-rasmussem\/","title":{"rendered":"A Curiosidade t\u00e1 ON &#8211;\u00a0\u00a0Projeto Jornada do Conhecimento na E. M.\u00a0 Lauricio Pedro Rasmussem"},"content":{"rendered":"\n<p class=\"has-text-align-center has-black-color has-text-color has-background has-medium-font-size\" style=\"background-color:#d9fcfd\">O Conex\u00e3o Escola &#8211; \u201cCuriosidade est\u00e1 On\u201d, \u00e9 um quadro educativo baseado no Documento Curricular para GOI\u00c1S &#8211; Ampliado, que busca aprofundar o conhecimento de temas diversos, ampliando o repert\u00f3rio cient\u00edfico, art\u00edstico e cultural, com objetivo de possibilitar uma amplia\u00e7\u00e3o dos conhecimentos, com vista ao desenvolvimento de aprendizagem e cria\u00e7\u00e3o de novos projetos, que estimule a comunidade escolar na busca pelo conhecimento.<\/p>\n\n\n\n<figure class=\"wp-block-image size-large\"><img fetchpriority=\"high\" decoding=\"async\" width=\"1024\" height=\"577\" src=\"https:\/\/sme.goiania.go.gov.br\/conexaoescola\/wp-content\/uploads\/2023\/02\/curiosidade-e1675874498818-1024x577.png\" alt=\"\" class=\"wp-image-157032\" srcset=\"https:\/\/sme.goiania.go.gov.br\/conexaoescola\/wp-content\/uploads\/2023\/02\/curiosidade-e1675874498818-1024x577.png 1024w, https:\/\/sme.goiania.go.gov.br\/conexaoescola\/wp-content\/uploads\/2023\/02\/curiosidade-e1675874498818-300x169.png 300w, https:\/\/sme.goiania.go.gov.br\/conexaoescola\/wp-content\/uploads\/2023\/02\/curiosidade-e1675874498818-768x433.png 768w, https:\/\/sme.goiania.go.gov.br\/conexaoescola\/wp-content\/uploads\/2023\/02\/curiosidade-e1675874498818.png 1504w\" sizes=\"(max-width: 1024px) 100vw, 1024px\" \/><\/figure>\n\n\n\n<p class=\"has-text-align-center has-black-color has-very-light-gray-to-cyan-bluish-gray-gradient-background has-text-color has-background has-large-font-size\">\u00a0Projeto Jornada do Conhecimento na E. M.\u00a0 Lauricio Pedro Rasmussem<\/p>\n\n\n\n<figure class=\"wp-block-embed is-type-video is-provider-youtube wp-block-embed-youtube wp-embed-aspect-16-9 wp-has-aspect-ratio\"><div class=\"wp-block-embed__wrapper\">\n<p class=\"responsive-video-wrap clr\"><iframe title=\"A Curiosidade T\u00e1 On #51 - Projeto Jornada do conhecimento na EM Lauricio Pedro Rasmussem\" width=\"1200\" height=\"675\" src=\"https:\/\/www.youtube.com\/embed\/4RLnmFtIBIQ?feature=oembed\" frameborder=\"0\" allow=\"accelerometer; autoplay; clipboard-write; encrypted-media; gyroscope; picture-in-picture; web-share\" allowfullscreen><\/iframe><\/p>\n<\/div><figcaption class=\"wp-element-caption\">Canal Conex\u00e3o Escola &#8211; A Curiosidade t\u00e1 ON &#8211; &#8220;Projeto Jornada do Conhecimento na EM Laur\u00edcio Pedro Rasmussem&#8221;. Dispon\u00edvel em: <a href=\"https:\/\/youtu.be\/4RLnmFtIBIQ?feature=shared\">https:\/\/youtu.be\/4RLnmFtIBIQ?feature=shared<\/a><\/figcaption><\/figure>\n\n\n\n<p class=\"has-text-align-center has-black-color has-very-light-gray-to-cyan-bluish-gray-gradient-background has-text-color has-background has-large-font-size\"><strong>PROPOSTA DE ATIVIDADE<\/strong><\/p>\n\n\n\n<p class=\"has-text-align-center has-medium-font-size\"><strong>Projeto Jornada do Conhecimento na E. M.\u00a0 Lauricio Pedro Rasmussem<\/strong><\/p>\n\n\n\n<p class=\"has-medium-font-size\">Hoje  acompanhamos o<strong> <\/strong>Projeto Jornada do Conhecimento na E. M.\u00a0 Lauricio Pedro Rasmussem.<\/p>\n\n\n\n<p class=\"has-medium-font-size\">O\u00a0 Projeto Jornada do Conhecimento, ocorreu em parceria com a Universidade Federal de Goi\u00e1s, que levou at\u00e9 a escola o seu projeto \u201cUFG em todo Lugar&#8221;.<\/p>\n\n\n\n<p class=\"has-medium-font-size\">Agradecemos aos professores, estudantes, comunidade e grupo gestor da Escola, e tamb\u00e9m, agradecemos muito o apoio da UFG.<\/p>\n\n\n\n<figure class=\"wp-block-image size-large\"><img decoding=\"async\" width=\"1024\" height=\"572\" src=\"https:\/\/sme.goiania.go.gov.br\/conexaoescola\/wp-content\/uploads\/2023\/11\/Jornada-do-conhecimento-e1699452836884-1024x572.png\" alt=\"\" class=\"wp-image-172448\" srcset=\"https:\/\/sme.goiania.go.gov.br\/conexaoescola\/wp-content\/uploads\/2023\/11\/Jornada-do-conhecimento-e1699452836884-1024x572.png 1024w, https:\/\/sme.goiania.go.gov.br\/conexaoescola\/wp-content\/uploads\/2023\/11\/Jornada-do-conhecimento-e1699452836884-300x168.png 300w, https:\/\/sme.goiania.go.gov.br\/conexaoescola\/wp-content\/uploads\/2023\/11\/Jornada-do-conhecimento-e1699452836884-768x429.png 768w, https:\/\/sme.goiania.go.gov.br\/conexaoescola\/wp-content\/uploads\/2023\/11\/Jornada-do-conhecimento-e1699452836884-1536x858.png 1536w, https:\/\/sme.goiania.go.gov.br\/conexaoescola\/wp-content\/uploads\/2023\/11\/Jornada-do-conhecimento-e1699452836884.png 1737w\" sizes=\"(max-width: 1024px) 100vw, 1024px\" \/><\/figure>\n\n\n\n<p class=\"has-small-font-size\">Imagem do acervo pessoal do N\u00facleo Educa\u00e7\u00e3o Conectada &#8211; A Curiosidade t\u00e1 ON<\/p>\n\n\n\n<p class=\"has-text-align-center has-black-color has-very-light-gray-to-cyan-bluish-gray-gradient-background has-text-color has-background has-large-font-size\"><strong>Passo a passo da atividade<\/strong><\/p>\n\n\n\n<p class=\"has-medium-font-size\"><strong>Passo 1 &#8211; <\/strong>A atividade de hoje \u00e9 uma proposta para a sua escola. Aos que ficaram interessados em receber os projetos da UFG, basta enviar um e-mail para: <a href=\"mailto:proec@ufg.br\">proec@ufg.br<\/a>,  nesse e-mail voc\u00eas podem pegar mais informa\u00e7\u00f5es e ver como agendar para que a UFG v\u00e1 at\u00e9 a sua escola. <\/p>\n\n\n\n<hr class=\"wp-block-separator has-alpha-channel-opacity is-style-wide\"\/>\n\n\n\n<figure class=\"wp-block-table is-style-stripes has-small-font-size\"><table class=\"has-black-color has-text-color\"><tbody><tr><td><strong>Habilidades<\/strong>:<\/td><td><strong>Componente: <\/strong>Geografia<br><br>(EF06GE05-A) Identificar os fen\u00f4menos naturais globais e relacionar as interdepend\u00eancias do clima, solo, relevo, hidrografia e forma\u00e7\u00f5es vegetais, dando \u00eanfase ao Cerrado.<br><strong><br>Componente: <\/strong>Ci\u00eancias da Natureza<br><br>(EF07CI07-A) Identificar as caracter\u00edsticas do Cerrado, destacando seu predom\u00ednio em Goi\u00e1s e seu potencial h\u00eddrico.<br>(EF07CI09-A) Identificar e interpretar as condi\u00e7\u00f5es de sa\u00fade da comunidade local com base na an\u00e1lise e na compara\u00e7\u00e3o de indicadores de sa\u00fade, como taxa de mortalidade infantil, cobertura de saneamento b\u00e1sico e incid\u00eancia de doen\u00e7as de veicula\u00e7\u00e3o h\u00eddrica, atmosf\u00e9rica entre outras, bem como nos resultados de pol\u00edticas p\u00fablicas destinadas \u00e0 sa\u00fade.<\/td><\/tr><\/tbody><\/table><\/figure>\n","protected":false},"featured_media":172450,"template":"","taxonomia_bv":[108],"class_list":["post-172441","biblioteca_virtual","type-biblioteca_virtual","status-publish","has-post-thumbnail","hentry","taxonomia_bv-videos","entry","has-media"],"acf":[],"_links":{"self":[{"href":"https:\/\/sme.goiania.go.gov.br\/conexaoescola\/wp-json\/wp\/v2\/biblioteca_virtual\/172441","targetHints":{"allow":["GET"]}}],"collection":[{"href":"https:\/\/sme.goiania.go.gov.br\/conexaoescola\/wp-json\/wp\/v2\/biblioteca_virtual"}],"about":[{"href":"https:\/\/sme.goiania.go.gov.br\/conexaoescola\/wp-json\/wp\/v2\/types\/biblioteca_virtual"}],"wp:featuredmedia":[{"embeddable":true,"href":"https:\/\/sme.goiania.go.gov.br\/conexaoescola\/wp-json\/wp\/v2\/media\/172450"}],"wp:attachment":[{"href":"https:\/\/sme.goiania.go.gov.br\/conexaoescola\/wp-json\/wp\/v2\/media?parent=172441"}],"wp:term":[{"taxonomy":"taxonomia_bv","embeddable":true,"href":"https:\/\/sme.goiania.go.gov.br\/conexaoescola\/wp-json\/wp\/v2\/taxonomia_bv?post=172441"}],"curies":[{"name":"wp","href":"https:\/\/api.w.org\/{rel}","templated":true}]}}

A Curiosidade tá ON &#8211;  Projeto Jornada do Conhecimento na E. M.  Lauricio Pedro Rasmussem

<p class="has-text-align-center has-black-color has-text-color has-background has-medium-font-size" style="background-color:#d9fcfd">O Conexão Escola &#8211; “Curiosidade está On”, é um quadro educativo baseado no Documento Curricular para GOIÁS &#8211; Ampliado, que busca aprofundar o conhecimento de temas diversos, ampliando o repertório científico, artístico e cultural, com objetivo de possibilitar uma ampliação dos conhecimentos, com vista ao desenvolvimento de aprendizagem e criação de novos projetos, que estimule a comunidade escolar na busca pelo conhecimento.</p>



<figure class="wp-block-image size-large"><img fetchpriority="high" decoding="async" width="1024" height="577" src="https://sme.goiania.go.gov.br/conexaoescola/wp-content/uploads/2023/02/curiosidade-e1675874498818-1024x577.png" alt="" class="wp-image-157032" srcset="https://sme.goiania.go.gov.br/conexaoescola/wp-content/uploads/2023/02/curiosidade-e1675874498818-1024x577.png 1024w, https://sme.goiania.go.gov.br/conexaoescola/wp-content/uploads/2023/02/curiosidade-e1675874498818-300x169.png 300w, https://sme.goiania.go.gov.br/conexaoescola/wp-content/uploads/2023/02/curiosidade-e1675874498818-768x433.png 768w, https://sme.goiania.go.gov.br/conexaoescola/wp-content/uploads/2023/02/curiosidade-e1675874498818.png 1504w" sizes="(max-width: 1024px) 100vw, 1024px" /></figure>



<p class="has-text-align-center has-black-color has-very-light-gray-to-cyan-bluish-gray-gradient-background has-text-color has-background has-large-font-size"> Projeto Jornada do Conhecimento na E. M.  Lauricio Pedro Rasmussem</p>



<figure class="wp-block-embed is-type-video is-provider-youtube wp-block-embed-youtube wp-embed-aspect-16-9 wp-has-aspect-ratio"><div class="wp-block-embed__wrapper">
<p class="responsive-video-wrap clr"><iframe title="A Curiosidade Tá On #51 - Projeto Jornada do conhecimento na EM Lauricio Pedro Rasmussem" width="1200" height="675" src="https://www.youtube.com/embed/4RLnmFtIBIQ?feature=oembed" frameborder="0" allow="accelerometer; autoplay; clipboard-write; encrypted-media; gyroscope; picture-in-picture; web-share" allowfullscreen></iframe></p>
</div><figcaption class="wp-element-caption">Canal Conexão Escola &#8211; A Curiosidade tá ON &#8211; &#8220;Projeto Jornada do Conhecimento na EM Laurício Pedro Rasmussem&#8221;. Disponível em: <a href="https://youtu.be/4RLnmFtIBIQ?feature=shared">https://youtu.be/4RLnmFtIBIQ?feature=shared</a></figcaption></figure>



<p class="has-text-align-center has-black-color has-very-light-gray-to-cyan-bluish-gray-gradient-background has-text-color has-background has-large-font-size"><strong>PROPOSTA DE ATIVIDADE</strong></p>



<p class="has-text-align-center has-medium-font-size"><strong>Projeto Jornada do Conhecimento na E. M.  Lauricio Pedro Rasmussem</strong></p>



<p class="has-medium-font-size">Hoje  acompanhamos o<strong> </strong>Projeto Jornada do Conhecimento na E. M.  Lauricio Pedro Rasmussem.</p>



<p class="has-medium-font-size">O  Projeto Jornada do Conhecimento, ocorreu em parceria com a Universidade Federal de Goiás, que levou até a escola o seu projeto “UFG em todo Lugar&#8221;.</p>



<p class="has-medium-font-size">Agradecemos aos professores, estudantes, comunidade e grupo gestor da Escola, e também, agradecemos muito o apoio da UFG.</p>



<figure class="wp-block-image size-large"><img decoding="async" width="1024" height="572" src="https://sme.goiania.go.gov.br/conexaoescola/wp-content/uploads/2023/11/Jornada-do-conhecimento-e1699452836884-1024x572.png" alt="" class="wp-image-172448" srcset="https://sme.goiania.go.gov.br/conexaoescola/wp-content/uploads/2023/11/Jornada-do-conhecimento-e1699452836884-1024x572.png 1024w, https://sme.goiania.go.gov.br/conexaoescola/wp-content/uploads/2023/11/Jornada-do-conhecimento-e1699452836884-300x168.png 300w, https://sme.goiania.go.gov.br/conexaoescola/wp-content/uploads/2023/11/Jornada-do-conhecimento-e1699452836884-768x429.png 768w, https://sme.goiania.go.gov.br/conexaoescola/wp-content/uploads/2023/11/Jornada-do-conhecimento-e1699452836884-1536x858.png 1536w, https://sme.goiania.go.gov.br/conexaoescola/wp-content/uploads/2023/11/Jornada-do-conhecimento-e1699452836884.png 1737w" sizes="(max-width: 1024px) 100vw, 1024px" /></figure>



<p class="has-small-font-size">Imagem do acervo pessoal do Núcleo Educação Conectada &#8211; A Curiosidade tá ON</p>



<p class="has-text-align-center has-black-color has-very-light-gray-to-cyan-bluish-gray-gradient-background has-text-color has-background has-large-font-size"><strong>Passo a passo da atividade</strong></p>



<p class="has-medium-font-size"><strong>Passo 1 &#8211; </strong>A atividade de hoje é uma proposta para a sua escola. Aos que ficaram interessados em receber os projetos da UFG, basta enviar um e-mail para: <a href="mailto:proec@ufg.br">proec@ufg.br</a>,  nesse e-mail vocês podem pegar mais informações e ver como agendar para que a UFG vá até a sua escola. </p>



<hr class="wp-block-separator has-alpha-channel-opacity is-style-wide"/>



<figure class="wp-block-table is-style-stripes has-small-font-size"><table class="has-black-color has-text-color"><tbody><tr><td><strong>Habilidades</strong>:</td><td><strong>Componente: </strong>Geografia<br><br>(EF06GE05-A) Identificar os fenômenos naturais globais e relacionar as interdependências do clima, solo, relevo, hidrografia e formações vegetais, dando ênfase ao Cerrado.<br><strong><br>Componente: </strong>Ciências da Natureza<br><br>(EF07CI07-A) Identificar as características do Cerrado, destacando seu predomínio em Goiás e seu potencial hídrico.<br>(EF07CI09-A) Identificar e interpretar as condições de saúde da comunidade local com base na análise e na comparação de indicadores de saúde, como taxa de mortalidade infantil, cobertura de saneamento básico e incidência de doenças de veiculação hídrica, atmosférica entre outras, bem como nos resultados de políticas públicas destinadas à saúde.</td></tr></tbody></table></figure>
