{"id":170432,"date":"2023-09-26T19:13:37","date_gmt":"2023-09-26T22:13:37","guid":{"rendered":"https:\/\/sme.goiania.go.gov.br\/conexaoescola\/?post_type=biblioteca_virtual&#038;p=170432"},"modified":"2024-02-28T14:24:23","modified_gmt":"2024-02-28T17:24:23","slug":"informando-educacao-climatica-conscientizacao-global-acao-local","status":"publish","type":"biblioteca_virtual","link":"https:\/\/sme.goiania.go.gov.br\/conexaoescola\/biblioteca_virtual\/informando-educacao-climatica-conscientizacao-global-acao-local\/","title":{"rendered":"INformando: Educa\u00e7\u00e3o Clim\u00e1tica: conscientiza\u00e7\u00e3o global, a\u00e7\u00e3o local!"},"content":{"rendered":"\n<p class=\"has-text-align-center has-pale-cyan-blue-background-color has-background has-medium-font-size\"><strong><em>O Conex\u00e3o Escola \u2013 InFormando<\/em>&nbsp;\u00e9 um quadro educativo que objetiva &nbsp;compartilhar informa\u00e7\u00f5es e conte\u00fados relacionados \u00e0 pr\u00e1tica pedag\u00f3gica, \u00e0 forma\u00e7\u00e3o continuada de professores e \u00e0 conviv\u00eancia nos espa\u00e7os educacionais da Rede Municipal de Educa\u00e7\u00e3o de Goi\u00e2nia \u2013 RME, devidamente alinhados aos documentos norteadores em vig\u00eancia.<\/strong><\/p>\n\n\n<div class=\"wp-block-image\">\n<figure class=\"aligncenter size-large is-resized\"><img fetchpriority=\"high\" decoding=\"async\" src=\"https:\/\/sme.goiania.go.gov.br\/conexaoescola\/wp-content\/uploads\/2023\/09\/43-1-1024x948.png\" alt=\"\" class=\"wp-image-170434\" width=\"512\" height=\"474\" srcset=\"https:\/\/sme.goiania.go.gov.br\/conexaoescola\/wp-content\/uploads\/2023\/09\/43-1-1024x948.png 1024w, https:\/\/sme.goiania.go.gov.br\/conexaoescola\/wp-content\/uploads\/2023\/09\/43-1-300x278.png 300w, https:\/\/sme.goiania.go.gov.br\/conexaoescola\/wp-content\/uploads\/2023\/09\/43-1-768x711.png 768w, https:\/\/sme.goiania.go.gov.br\/conexaoescola\/wp-content\/uploads\/2023\/09\/43-1.png 1080w\" sizes=\"(max-width: 512px) 100vw, 512px\" \/><\/figure><\/div>\n\n\n<p class=\"has-text-align-center has-large-font-size\"><strong>&nbsp;<strong>EDUCA\u00c7\u00c3O CLIM\u00c1TICA: CONSCIENTIZA\u00c7\u00c3O GLOBAL, A\u00c7\u00c3O LOCAL!<\/strong><\/strong><\/p>\n\n\n\n<p class=\"has-text-align-center has-pale-cyan-blue-background-color has-background has-medium-font-size\"><strong>No InFormando teve o privil\u00e9gio de entrevistar a professora Dr\u00aa Juliana Ramalho, do Instituto de Estudos Socioambientais da Universidade Federal de Goi\u00e1s, que nos conduziu em uma jornada sobre educa\u00e7\u00e3o clim\u00e1tica. a entrevista aconteceu no laborat\u00f3rio de geografia, imagin\u00e1rio, criatividade e arte, o Lagicriarte, da UFG, e esse epis\u00f3dio tem como temas: O que \u00e9 educa\u00e7\u00e3o clim\u00e1tica e por que \u00e9 urgente trazer para a sala de aula as quest\u00f5es ambientais? Como a educa\u00e7\u00e3o clim\u00e1tica transcende disciplinas, impactando diversas \u00e1reas do curr\u00edculo?\u00a0Quais os desafios para a implementa\u00e7\u00e3o da educa\u00e7\u00e3o clim\u00e1tica no curr\u00edculo?<\/strong><\/p>\n\n\n\n<figure class=\"wp-block-embed is-type-video is-provider-youtube wp-block-embed-youtube wp-embed-aspect-16-9 wp-has-aspect-ratio\"><div class=\"wp-block-embed__wrapper\">\n<p class=\"responsive-video-wrap clr\"><iframe title=\"Informando #48 - Educa\u00e7\u00e3o clim\u00e1tica: conscientiza\u00e7\u00e3o global, a\u00e7\u00e3o local!\" width=\"1200\" height=\"675\" src=\"https:\/\/www.youtube.com\/embed\/PZp-h0yZswU?list=PLxRkqxlT0AC2y7O7HGwpocb-b_djoEXw0\" frameborder=\"0\" allow=\"accelerometer; autoplay; clipboard-write; encrypted-media; gyroscope; picture-in-picture; web-share\" allowfullscreen><\/iframe><\/p>\n<\/div><\/figure>\n\n\n\n<figure class=\"wp-block-table\"><table><tbody><tr><td>Compet\u00eancia Geral<\/td><td>Compet\u00eancia 1<br> Valorizar e utilizar os conhecimentos historicamente constru\u00eddos sobre os mundos f\u00edsico, social, cultural e digital para entender e explicar a realidade. Continuar aprendendo e colaborar para a constru\u00e7\u00e3o de uma sociedade justa, democr\u00e1tica e inclusiva.&nbsp;<\/td><\/tr><\/tbody><\/table><\/figure>\n","protected":false},"featured_media":170434,"template":"","taxonomia_bv":[108],"class_list":["post-170432","biblioteca_virtual","type-biblioteca_virtual","status-publish","has-post-thumbnail","hentry","taxonomia_bv-videos","entry","has-media"],"acf":[],"_links":{"self":[{"href":"https:\/\/sme.goiania.go.gov.br\/conexaoescola\/wp-json\/wp\/v2\/biblioteca_virtual\/170432","targetHints":{"allow":["GET"]}}],"collection":[{"href":"https:\/\/sme.goiania.go.gov.br\/conexaoescola\/wp-json\/wp\/v2\/biblioteca_virtual"}],"about":[{"href":"https:\/\/sme.goiania.go.gov.br\/conexaoescola\/wp-json\/wp\/v2\/types\/biblioteca_virtual"}],"wp:featuredmedia":[{"embeddable":true,"href":"https:\/\/sme.goiania.go.gov.br\/conexaoescola\/wp-json\/wp\/v2\/media\/170434"}],"wp:attachment":[{"href":"https:\/\/sme.goiania.go.gov.br\/conexaoescola\/wp-json\/wp\/v2\/media?parent=170432"}],"wp:term":[{"taxonomy":"taxonomia_bv","embeddable":true,"href":"https:\/\/sme.goiania.go.gov.br\/conexaoescola\/wp-json\/wp\/v2\/taxonomia_bv?post=170432"}],"curies":[{"name":"wp","href":"https:\/\/api.w.org\/{rel}","templated":true}]}}

INformando: Educação Climática: conscientização global, ação local!

<p class="has-text-align-center has-pale-cyan-blue-background-color has-background has-medium-font-size"><strong><em>O Conexão Escola – InFormando</em>&nbsp;é um quadro educativo que objetiva &nbsp;compartilhar informações e conteúdos relacionados à prática pedagógica, à formação continuada de professores e à convivência nos espaços educacionais da Rede Municipal de Educação de Goiânia – RME, devidamente alinhados aos documentos norteadores em vigência.</strong></p>


<div class="wp-block-image">
<figure class="aligncenter size-large is-resized"><img fetchpriority="high" decoding="async" src="https://sme.goiania.go.gov.br/conexaoescola/wp-content/uploads/2023/09/43-1-1024x948.png" alt="" class="wp-image-170434" width="512" height="474" srcset="https://sme.goiania.go.gov.br/conexaoescola/wp-content/uploads/2023/09/43-1-1024x948.png 1024w, https://sme.goiania.go.gov.br/conexaoescola/wp-content/uploads/2023/09/43-1-300x278.png 300w, https://sme.goiania.go.gov.br/conexaoescola/wp-content/uploads/2023/09/43-1-768x711.png 768w, https://sme.goiania.go.gov.br/conexaoescola/wp-content/uploads/2023/09/43-1.png 1080w" sizes="(max-width: 512px) 100vw, 512px" /></figure></div>


<p class="has-text-align-center has-large-font-size"><strong>&nbsp;<strong>EDUCAÇÃO CLIMÁTICA: CONSCIENTIZAÇÃO GLOBAL, AÇÃO LOCAL!</strong></strong></p>



<p class="has-text-align-center has-pale-cyan-blue-background-color has-background has-medium-font-size"><strong>No InFormando teve o privilégio de entrevistar a professora Drª Juliana Ramalho, do Instituto de Estudos Socioambientais da Universidade Federal de Goiás, que nos conduziu em uma jornada sobre educação climática. a entrevista aconteceu no laboratório de geografia, imaginário, criatividade e arte, o Lagicriarte, da UFG, e esse episódio tem como temas: O que é educação climática e por que é urgente trazer para a sala de aula as questões ambientais? Como a educação climática transcende disciplinas, impactando diversas áreas do currículo? Quais os desafios para a implementação da educação climática no currículo?</strong></p>



<figure class="wp-block-embed is-type-video is-provider-youtube wp-block-embed-youtube wp-embed-aspect-16-9 wp-has-aspect-ratio"><div class="wp-block-embed__wrapper">
<p class="responsive-video-wrap clr"><iframe title="Informando #48 - Educação climática: conscientização global, ação local!" width="1200" height="675" src="https://www.youtube.com/embed/PZp-h0yZswU?list=PLxRkqxlT0AC2y7O7HGwpocb-b_djoEXw0" frameborder="0" allow="accelerometer; autoplay; clipboard-write; encrypted-media; gyroscope; picture-in-picture; web-share" allowfullscreen></iframe></p>
</div></figure>



<figure class="wp-block-table"><table><tbody><tr><td>Competência Geral</td><td>Competência 1<br> Valorizar e utilizar os conhecimentos historicamente construídos sobre os mundos físico, social, cultural e digital para entender e explicar a realidade. Continuar aprendendo e colaborar para a construção de uma sociedade justa, democrática e inclusiva.&nbsp;</td></tr></tbody></table></figure>
