{"id":170059,"date":"2023-09-20T11:34:40","date_gmt":"2023-09-20T14:34:40","guid":{"rendered":"https:\/\/sme.goiania.go.gov.br\/conexaoescola\/?post_type=biblioteca_virtual&#038;p=170059"},"modified":"2025-01-07T09:16:25","modified_gmt":"2025-01-07T12:16:25","slug":"a-curiosidade-ta-on-a-uniao-africana","status":"publish","type":"biblioteca_virtual","link":"https:\/\/sme.goiania.go.gov.br\/conexaoescola\/biblioteca_virtual\/a-curiosidade-ta-on-a-uniao-africana\/","title":{"rendered":"A Curiosidade t\u00e1 ON &#8211; \u00a0\u00a0A Uni\u00e3o Africana"},"content":{"rendered":"\n<p class=\"has-text-align-center has-black-color has-text-color has-background has-medium-font-size\" style=\"background-color:#d9fcfd\">O Conex\u00e3o Escola &#8211; \u201cCuriosidade est\u00e1 On\u201d, \u00e9 um quadro educativo baseado no Documento Curricular para GOI\u00c1S &#8211; Ampliado, que busca aprofundar o conhecimento de temas diversos, ampliando o repert\u00f3rio cient\u00edfico, art\u00edstico e cultural, com objetivo de possibilitar uma amplia\u00e7\u00e3o dos conhecimentos, com vista ao desenvolvimento de aprendizagem e cria\u00e7\u00e3o de novos projetos, que estimule a comunidade escolar na busca pelo conhecimento.<\/p>\n\n\n\n<figure class=\"wp-block-image size-large\"><img fetchpriority=\"high\" decoding=\"async\" width=\"1024\" height=\"577\" src=\"https:\/\/sme.goiania.go.gov.br\/conexaoescola\/wp-content\/uploads\/2023\/02\/curiosidade-e1675874498818-1024x577.png\" alt=\"\" class=\"wp-image-157032\" srcset=\"https:\/\/sme.goiania.go.gov.br\/conexaoescola\/wp-content\/uploads\/2023\/02\/curiosidade-e1675874498818-1024x577.png 1024w, https:\/\/sme.goiania.go.gov.br\/conexaoescola\/wp-content\/uploads\/2023\/02\/curiosidade-e1675874498818-300x169.png 300w, https:\/\/sme.goiania.go.gov.br\/conexaoescola\/wp-content\/uploads\/2023\/02\/curiosidade-e1675874498818-768x433.png 768w, https:\/\/sme.goiania.go.gov.br\/conexaoescola\/wp-content\/uploads\/2023\/02\/curiosidade-e1675874498818.png 1504w\" sizes=\"(max-width: 1024px) 100vw, 1024px\" \/><\/figure>\n\n\n\n<p class=\"has-text-align-center has-black-color has-very-light-gray-to-cyan-bluish-gray-gradient-background has-text-color has-background has-large-font-size\"><strong>A Uni\u00e3o Africana<\/strong><\/p>\n\n\n\n<figure class=\"wp-block-embed is-type-video is-provider-youtube wp-block-embed-youtube wp-embed-aspect-16-9 wp-has-aspect-ratio\"><div class=\"wp-block-embed__wrapper\">\n<p class=\"responsive-video-wrap clr\"><iframe title=\"A Curiosidade T\u00e1 On #47- A Uni\u00e3o Africana\" width=\"1200\" height=\"675\" src=\"https:\/\/www.youtube.com\/embed\/xUcQnT3O_HE?feature=oembed\" frameborder=\"0\" allow=\"accelerometer; autoplay; clipboard-write; encrypted-media; gyroscope; picture-in-picture; web-share\" referrerpolicy=\"strict-origin-when-cross-origin\" allowfullscreen><\/iframe><\/p>\n<\/div><figcaption class=\"wp-element-caption\">Canal Conex\u00e3o Escola &#8211; A Curiosidade t\u00e1 ON &#8211; &#8220;A Uni\u00e3o Africana&#8221;. Dispon\u00edvel em: <a href=\"https:\/\/youtu.be\/xUcQnT3O_HE?feature=shared\">https:\/\/youtu.be\/xUcQnT3O_HE?feature=shared<\/a><\/figcaption><\/figure>\n\n\n\n<p class=\"has-text-align-center has-black-color has-very-light-gray-to-cyan-bluish-gray-gradient-background has-text-color has-background has-large-font-size\"><strong>PROPOSTA DE ATIVIDADE<\/strong><\/p>\n\n\n\n<p class=\"has-text-align-center has-medium-font-size\"><strong><strong>A Uni\u00e3o Africana<\/strong><\/strong><\/p>\n\n\n\n<p class=\"has-black-color has-text-color has-link-color has-medium-font-size wp-elements-4ebf04cac7abae6b2c3dd6b412efa2e5\">A Uni\u00e3o Africana (UA) \u00e9 uma organiza\u00e7\u00e3o continental que desempenha um papel central na pol\u00edtica, economia e geografia do continente africano. Criada para promover a integra\u00e7\u00e3o, o desenvolvimento sustent\u00e1vel e a paz entre os pa\u00edses membros, a UA reflete os esfor\u00e7os hist\u00f3ricos de emancipa\u00e7\u00e3o e uni\u00e3o das na\u00e7\u00f5es africanas ap\u00f3s o per\u00edodo de coloniza\u00e7\u00e3o. Entender a import\u00e2ncia da Uni\u00e3o Africana exige uma an\u00e1lise cr\u00edtica sobre os desafios e as conquistas de um continente diverso em culturas, recursos naturais e quest\u00f5es geopol\u00edticas.<\/p>\n\n\n\n<p class=\"has-black-color has-text-color has-link-color has-medium-font-size wp-elements-a716cc90a85135b0a463609c541c1bf0\">A Uni\u00e3o Africana foi oficialmente estabelecida em 2001, substituindo a Organiza\u00e7\u00e3o da Unidade Africana (OUA), que existia desde 1963. A UA conta com 55 Estados membros, abrangendo todo o continente africano. Sua sede est\u00e1 localizada em Adis Abeba, Eti\u00f3pia, e sua estrutura organizacional inclui \u00f3rg\u00e3os como: <\/p>\n\n\n\n<p class=\"has-black-color has-text-color has-link-color has-medium-font-size wp-elements-15533574a1d5e025cc887f769ba3bee5\">Assembleia da Uni\u00e3o Africana: principal \u00f3rg\u00e3o de decis\u00e3o, composto pelos chefes de Estado e governo dos pa\u00edses membros. <\/p>\n\n\n\n<p class=\"has-black-color has-text-color has-link-color has-medium-font-size wp-elements-71dcf157785a4e02380d08ec1f4d1a0b\">Comiss\u00e3o da Uni\u00e3o Africana: respons\u00e1vel por implementar as decis\u00f5es e coordenar as atividades. <\/p>\n\n\n\n<p class=\"has-black-color has-text-color has-link-color has-medium-font-size wp-elements-c7aacf4af1accc3d171314f1b0c9460e\">Parlamento Pan-Africano: um espa\u00e7o para debates e recomenda\u00e7\u00f5es que representam os cidad\u00e3os africanos.<\/p>\n\n\n\n<p class=\"has-black-color has-text-color has-link-color has-medium-font-size wp-elements-6b473583aa4d229babeb9a0387341a2e\">Os objetivos da UA s\u00e3o amplos, abrangendo a promo\u00e7\u00e3o da paz e seguran\u00e7a, a defesa dos direitos humanos, a integra\u00e7\u00e3o econ\u00f4mica e o desenvolvimento sustent\u00e1vel. Al\u00e9m disso, busca fortalecer a posi\u00e7\u00e3o do continente no cen\u00e1rio global, promovendo a uni\u00e3o e a coopera\u00e7\u00e3o entre seus pa\u00edses.<\/p>\n\n\n\n<p class=\"has-medium-font-size\">Caso voc\u00ea tenha interesse em entender um pouco mais sobre a Uni\u00e3o Africana, acessem as redes sociais do nosso amigo Kinibismael no canal do YouTube \u00c1frica do jeito que nunca viu @africajnviu.<\/p>\n\n\n\n<figure class=\"wp-block-image size-large\"><img decoding=\"async\" width=\"1024\" height=\"668\" src=\"https:\/\/sme.goiania.go.gov.br\/conexaoescola\/wp-content\/uploads\/2023\/09\/uniao-africana1-e1695220191554-1024x668.jpg\" alt=\"\" class=\"wp-image-170061\" srcset=\"https:\/\/sme.goiania.go.gov.br\/conexaoescola\/wp-content\/uploads\/2023\/09\/uniao-africana1-e1695220191554-1024x668.jpg 1024w, https:\/\/sme.goiania.go.gov.br\/conexaoescola\/wp-content\/uploads\/2023\/09\/uniao-africana1-e1695220191554-300x196.jpg 300w, https:\/\/sme.goiania.go.gov.br\/conexaoescola\/wp-content\/uploads\/2023\/09\/uniao-africana1-e1695220191554-768x501.jpg 768w, https:\/\/sme.goiania.go.gov.br\/conexaoescola\/wp-content\/uploads\/2023\/09\/uniao-africana1-e1695220191554.jpg 1079w\" sizes=\"(max-width: 1024px) 100vw, 1024px\" \/><\/figure>\n\n\n\n<p class=\"has-small-font-size\">Dispon\u00edvel em: <a href=\"https:\/\/www.canva.com\/photos\/MAEbKep9yHg\/ \">https:\/\/www.canva.com\/photos\/MAEbKep9yHg\/ <\/a>&gt; acesso em 20\/09\/2023<\/p>\n\n\n\n<p class=\"has-text-align-center has-black-color has-very-light-gray-to-cyan-bluish-gray-gradient-background has-text-color has-background has-large-font-size\"><strong>Passo a passo da atividade<\/strong><\/p>\n\n\n\n<p class=\"has-medium-font-size\"><strong>Passo 1 &#8211; <\/strong>Divida a classe em pequenos grupos e atribua a cada grupo um t\u00f3pico espec\u00edfico relacionado \u00e0 Uni\u00e3o Africana, como: seus \u00f3rg\u00e3os principais, o papel do Conselho de Paz e Seguran\u00e7a, os objetivos da UA (Uni\u00e3o Africana) e a integra\u00e7\u00e3o econ\u00f4mica. <\/p>\n\n\n\n<p class=\"has-medium-font-size\"><strong>Passo 2 &#8211; <\/strong>Pe\u00e7a aos grupos para pesquisarem e criarem um pequeno p\u00f4ster sobre o t\u00f3pico atribu\u00eddo.<\/p>\n\n\n\n<p class=\"has-medium-font-size\"><strong>Passo 3 <\/strong>&#8211; Cada grupo dever\u00e1 compartilhar suas descobertas com a classe, por meio do p\u00f4ster elaborado. <\/p>\n\n\n\n<p class=\"has-medium-font-size\"><strong>Passo 4<\/strong> &#8211; Ap\u00f3s todas as apresenta\u00e7\u00f5es, promova uma discuss\u00e3o em grupo. Fa\u00e7a perguntas aos alunos, como: quais s\u00e3o os principais objetivos da Uni\u00e3o Africana? Como a UA promove a paz e a estabilidade na regi\u00e3o? Qual \u00e9 o papel do Conselho de Paz e Seguran\u00e7a? Como a Uni\u00e3o Africana trabalha para promover a coopera\u00e7\u00e3o econ\u00f4mica?<\/p>\n\n\n\n<hr class=\"wp-block-separator has-alpha-channel-opacity is-style-wide\"\/>\n\n\n\n<figure class=\"wp-block-table is-style-stripes has-small-font-size\"><table class=\"has-black-color has-text-color\"><tbody><tr><td><strong>Habilidades<\/strong>:<\/td><td><strong>Componente: <\/strong>Geografia<br><br>(EF08GE08-B) Analisar as mudan\u00e7as geopol\u00edticas ocorridas na \u00c1frica e na Am\u00e9rica a partir do p\u00f3s-guerra.&nbsp;<br>(EF08GE20-A) Compreender as diversas identidades do continente americano e africano e as interculturalidades originadas pelo processo hist\u00f3rico de ocupa\u00e7\u00e3o.&nbsp;<br><strong><br>Componente: <\/strong>Hist\u00f3ria<br><br>(EF08HI26) Identificar e contextualizar o protagonismo das popula\u00e7\u00f5es locais na resist\u00eancia ao imperialismo na \u00c1frica e \u00c1sia.<br><br><strong>Componente: <\/strong>L\u00edngua Portuguesa<br><br>(EF69LP35-B) Produzir, revisar e editar textos voltados para a divulga\u00e7\u00e3o do conhecimento e de dados e resultados de pesquisas, tais como verbete de enciclop\u00e9dia, verbete de enciclop\u00e9dia digital colaborativa e relat\u00f3rio.<\/td><\/tr><\/tbody><\/table><\/figure>\n","protected":false},"featured_media":170062,"template":"","taxonomia_bv":[108],"class_list":["post-170059","biblioteca_virtual","type-biblioteca_virtual","status-publish","has-post-thumbnail","hentry","taxonomia_bv-videos","entry","has-media"],"acf":[],"_links":{"self":[{"href":"https:\/\/sme.goiania.go.gov.br\/conexaoescola\/wp-json\/wp\/v2\/biblioteca_virtual\/170059","targetHints":{"allow":["GET"]}}],"collection":[{"href":"https:\/\/sme.goiania.go.gov.br\/conexaoescola\/wp-json\/wp\/v2\/biblioteca_virtual"}],"about":[{"href":"https:\/\/sme.goiania.go.gov.br\/conexaoescola\/wp-json\/wp\/v2\/types\/biblioteca_virtual"}],"wp:featuredmedia":[{"embeddable":true,"href":"https:\/\/sme.goiania.go.gov.br\/conexaoescola\/wp-json\/wp\/v2\/media\/170062"}],"wp:attachment":[{"href":"https:\/\/sme.goiania.go.gov.br\/conexaoescola\/wp-json\/wp\/v2\/media?parent=170059"}],"wp:term":[{"taxonomy":"taxonomia_bv","embeddable":true,"href":"https:\/\/sme.goiania.go.gov.br\/conexaoescola\/wp-json\/wp\/v2\/taxonomia_bv?post=170059"}],"curies":[{"name":"wp","href":"https:\/\/api.w.org\/{rel}","templated":true}]}}

A Curiosidade tá ON &#8211;   A União Africana

<p class="has-text-align-center has-black-color has-text-color has-background has-medium-font-size" style="background-color:#d9fcfd">O Conexão Escola &#8211; “Curiosidade está On”, é um quadro educativo baseado no Documento Curricular para GOIÁS &#8211; Ampliado, que busca aprofundar o conhecimento de temas diversos, ampliando o repertório científico, artístico e cultural, com objetivo de possibilitar uma ampliação dos conhecimentos, com vista ao desenvolvimento de aprendizagem e criação de novos projetos, que estimule a comunidade escolar na busca pelo conhecimento.</p>



<figure class="wp-block-image size-large"><img fetchpriority="high" decoding="async" width="1024" height="577" src="https://sme.goiania.go.gov.br/conexaoescola/wp-content/uploads/2023/02/curiosidade-e1675874498818-1024x577.png" alt="" class="wp-image-157032" srcset="https://sme.goiania.go.gov.br/conexaoescola/wp-content/uploads/2023/02/curiosidade-e1675874498818-1024x577.png 1024w, https://sme.goiania.go.gov.br/conexaoescola/wp-content/uploads/2023/02/curiosidade-e1675874498818-300x169.png 300w, https://sme.goiania.go.gov.br/conexaoescola/wp-content/uploads/2023/02/curiosidade-e1675874498818-768x433.png 768w, https://sme.goiania.go.gov.br/conexaoescola/wp-content/uploads/2023/02/curiosidade-e1675874498818.png 1504w" sizes="(max-width: 1024px) 100vw, 1024px" /></figure>



<p class="has-text-align-center has-black-color has-very-light-gray-to-cyan-bluish-gray-gradient-background has-text-color has-background has-large-font-size"><strong>A União Africana</strong></p>



<figure class="wp-block-embed is-type-video is-provider-youtube wp-block-embed-youtube wp-embed-aspect-16-9 wp-has-aspect-ratio"><div class="wp-block-embed__wrapper">
<p class="responsive-video-wrap clr"><iframe title="A Curiosidade Tá On #47- A União Africana" width="1200" height="675" src="https://www.youtube.com/embed/xUcQnT3O_HE?feature=oembed" frameborder="0" allow="accelerometer; autoplay; clipboard-write; encrypted-media; gyroscope; picture-in-picture; web-share" referrerpolicy="strict-origin-when-cross-origin" allowfullscreen></iframe></p>
</div><figcaption class="wp-element-caption">Canal Conexão Escola &#8211; A Curiosidade tá ON &#8211; &#8220;A União Africana&#8221;. Disponível em: <a href="https://youtu.be/xUcQnT3O_HE?feature=shared">https://youtu.be/xUcQnT3O_HE?feature=shared</a></figcaption></figure>



<p class="has-text-align-center has-black-color has-very-light-gray-to-cyan-bluish-gray-gradient-background has-text-color has-background has-large-font-size"><strong>PROPOSTA DE ATIVIDADE</strong></p>



<p class="has-text-align-center has-medium-font-size"><strong><strong>A União Africana</strong></strong></p>



<p class="has-black-color has-text-color has-link-color has-medium-font-size wp-elements-4ebf04cac7abae6b2c3dd6b412efa2e5">A União Africana (UA) é uma organização continental que desempenha um papel central na política, economia e geografia do continente africano. Criada para promover a integração, o desenvolvimento sustentável e a paz entre os países membros, a UA reflete os esforços históricos de emancipação e união das nações africanas após o período de colonização. Entender a importância da União Africana exige uma análise crítica sobre os desafios e as conquistas de um continente diverso em culturas, recursos naturais e questões geopolíticas.</p>



<p class="has-black-color has-text-color has-link-color has-medium-font-size wp-elements-a716cc90a85135b0a463609c541c1bf0">A União Africana foi oficialmente estabelecida em 2001, substituindo a Organização da Unidade Africana (OUA), que existia desde 1963. A UA conta com 55 Estados membros, abrangendo todo o continente africano. Sua sede está localizada em Adis Abeba, Etiópia, e sua estrutura organizacional inclui órgãos como: </p>



<p class="has-black-color has-text-color has-link-color has-medium-font-size wp-elements-15533574a1d5e025cc887f769ba3bee5">Assembleia da União Africana: principal órgão de decisão, composto pelos chefes de Estado e governo dos países membros. </p>



<p class="has-black-color has-text-color has-link-color has-medium-font-size wp-elements-71dcf157785a4e02380d08ec1f4d1a0b">Comissão da União Africana: responsável por implementar as decisões e coordenar as atividades. </p>



<p class="has-black-color has-text-color has-link-color has-medium-font-size wp-elements-c7aacf4af1accc3d171314f1b0c9460e">Parlamento Pan-Africano: um espaço para debates e recomendações que representam os cidadãos africanos.</p>



<p class="has-black-color has-text-color has-link-color has-medium-font-size wp-elements-6b473583aa4d229babeb9a0387341a2e">Os objetivos da UA são amplos, abrangendo a promoção da paz e segurança, a defesa dos direitos humanos, a integração econômica e o desenvolvimento sustentável. Além disso, busca fortalecer a posição do continente no cenário global, promovendo a união e a cooperação entre seus países.</p>



<p class="has-medium-font-size">Caso você tenha interesse em entender um pouco mais sobre a União Africana, acessem as redes sociais do nosso amigo Kinibismael no canal do YouTube África do jeito que nunca viu @africajnviu.</p>



<figure class="wp-block-image size-large"><img decoding="async" width="1024" height="668" src="https://sme.goiania.go.gov.br/conexaoescola/wp-content/uploads/2023/09/uniao-africana1-e1695220191554-1024x668.jpg" alt="" class="wp-image-170061" srcset="https://sme.goiania.go.gov.br/conexaoescola/wp-content/uploads/2023/09/uniao-africana1-e1695220191554-1024x668.jpg 1024w, https://sme.goiania.go.gov.br/conexaoescola/wp-content/uploads/2023/09/uniao-africana1-e1695220191554-300x196.jpg 300w, https://sme.goiania.go.gov.br/conexaoescola/wp-content/uploads/2023/09/uniao-africana1-e1695220191554-768x501.jpg 768w, https://sme.goiania.go.gov.br/conexaoescola/wp-content/uploads/2023/09/uniao-africana1-e1695220191554.jpg 1079w" sizes="(max-width: 1024px) 100vw, 1024px" /></figure>



<p class="has-small-font-size">Disponível em: <a href="https://www.canva.com/photos/MAEbKep9yHg/ ">https://www.canva.com/photos/MAEbKep9yHg/ </a>&gt; acesso em 20/09/2023</p>



<p class="has-text-align-center has-black-color has-very-light-gray-to-cyan-bluish-gray-gradient-background has-text-color has-background has-large-font-size"><strong>Passo a passo da atividade</strong></p>



<p class="has-medium-font-size"><strong>Passo 1 &#8211; </strong>Divida a classe em pequenos grupos e atribua a cada grupo um tópico específico relacionado à União Africana, como: seus órgãos principais, o papel do Conselho de Paz e Segurança, os objetivos da UA (União Africana) e a integração econômica. </p>



<p class="has-medium-font-size"><strong>Passo 2 &#8211; </strong>Peça aos grupos para pesquisarem e criarem um pequeno pôster sobre o tópico atribuído.</p>



<p class="has-medium-font-size"><strong>Passo 3 </strong>&#8211; Cada grupo deverá compartilhar suas descobertas com a classe, por meio do pôster elaborado. </p>



<p class="has-medium-font-size"><strong>Passo 4</strong> &#8211; Após todas as apresentações, promova uma discussão em grupo. Faça perguntas aos alunos, como: quais são os principais objetivos da União Africana? Como a UA promove a paz e a estabilidade na região? Qual é o papel do Conselho de Paz e Segurança? Como a União Africana trabalha para promover a cooperação econômica?</p>



<hr class="wp-block-separator has-alpha-channel-opacity is-style-wide"/>



<figure class="wp-block-table is-style-stripes has-small-font-size"><table class="has-black-color has-text-color"><tbody><tr><td><strong>Habilidades</strong>:</td><td><strong>Componente: </strong>Geografia<br><br>(EF08GE08-B) Analisar as mudanças geopolíticas ocorridas na África e na América a partir do pós-guerra.&nbsp;<br>(EF08GE20-A) Compreender as diversas identidades do continente americano e africano e as interculturalidades originadas pelo processo histórico de ocupação.&nbsp;<br><strong><br>Componente: </strong>História<br><br>(EF08HI26) Identificar e contextualizar o protagonismo das populações locais na resistência ao imperialismo na África e Ásia.<br><br><strong>Componente: </strong>Língua Portuguesa<br><br>(EF69LP35-B) Produzir, revisar e editar textos voltados para a divulgação do conhecimento e de dados e resultados de pesquisas, tais como verbete de enciclopédia, verbete de enciclopédia digital colaborativa e relatório.</td></tr></tbody></table></figure>
