{"id":164300,"date":"2023-06-07T09:34:45","date_gmt":"2023-06-07T12:34:45","guid":{"rendered":"https:\/\/sme.goiania.go.gov.br\/conexaoescola\/?post_type=biblioteca_virtual&#038;p=164300"},"modified":"2023-12-08T14:51:01","modified_gmt":"2023-12-08T17:51:01","slug":"conectarte-arte-dos-poteiros-antonio-e-americo","status":"publish","type":"biblioteca_virtual","link":"https:\/\/sme.goiania.go.gov.br\/conexaoescola\/biblioteca_virtual\/conectarte-arte-dos-poteiros-antonio-e-americo\/","title":{"rendered":"ConectARTE: Arte dos Poteiros, Ant\u00f4nio e Am\u00e9rico"},"content":{"rendered":"\n<p class=\"has-background has-medium-font-size\" style=\"background-color:#ea8df7\"> O Programa apresenta o artista pl\u00e1stico Am\u00e9rico Poteiro que conta o percurso art\u00edstico de seu pai, o artista Ant\u00f4nio Poteiro. Am\u00e9rico apresenta o Instituto Poteiro, que abriga o acervo de obras de Poteiro e nos mostra ainda seu atelier e suas obras de arte.<\/p>\n\n\n\n<figure class=\"wp-block-embed is-type-video is-provider-youtube wp-block-embed-youtube wp-embed-aspect-16-9 wp-has-aspect-ratio\"><div class=\"wp-block-embed__wrapper\">\n<p class=\"responsive-video-wrap clr\"><iframe title=\"Conectarte#36 - Arte dos Poteiros, Ant\u00f4nio e Am\u00e9rico\" width=\"1200\" height=\"675\" src=\"https:\/\/www.youtube.com\/embed\/34xxgT9tH-8?list=PLxRkqxlT0AC09M7AN5yPZgg1EItlwJgz4\" frameborder=\"0\" allow=\"accelerometer; autoplay; clipboard-write; encrypted-media; gyroscope; picture-in-picture; web-share\" allowfullscreen><\/iframe><\/p>\n<\/div><\/figure>\n\n\n\n<p class=\"has-text-align-center has-small-font-size\">Canal <a href=\"https:\/\/www.youtube.com\/@portalconexaoescola703\">Portal Conex\u00e3o Escola<\/a>. &#8220;Arte dos Poteiros, Ant\u00f4nio e Am\u00e9rico&#8221;. Dispon\u00edvel em https:\/\/www.youtube.com\/watch?v=34xxgT9tH-8&amp;list=PLxRkqxlT0AC09M7AN5yPZgg1EItlwJgz4&amp;index=38&amp;t=1s Acesso em 05, jun. 2023.<\/p>\n\n\n\n<div class=\"wp-block-group\"><div class=\"wp-block-group__inner-container is-layout-constrained wp-block-group-is-layout-constrained\">\n<figure class=\"wp-block-table is-style-stripes has-medium-font-size\"><table class=\"has-fixed-layout\"><tbody><tr><td class=\"has-text-align-center\" data-align=\"center\"><strong>Componente<\/strong> <strong>Curricular<\/strong><\/td><td class=\"has-text-align-center\" data-align=\"center\"><strong>Arte\/Arte Visuais<\/strong><\/td><\/tr><tr><td class=\"has-text-align-center\" data-align=\"center\"><strong>Objetivos de Aprendizagem e Desenvolvimento<\/strong><\/td><td class=\"has-text-align-center\" data-align=\"center\">(EJAAV0102) Conhecer e interagir com os diferentes elementos da linguagem art\u00edstica visual: pintura, gravura, murais, grafite, cinema, fotografia, arte digital, instala\u00e7\u00f5es.<\/td><\/tr><tr><td class=\"has-text-align-center\" data-align=\"center\"><strong>Habilidades<\/strong><br>&nbsp;          <\/td><td class=\"has-text-align-center\" data-align=\"center\">(GO-EF07AR08-B)<strong> <\/strong>Identificar e diferenciar as categorias de artista tais como: artistas pl\u00e1sticos, ilustradores, designers, grafiteiros, artes\u00e3os, produtores culturais, curadores, estabelecendo rela\u00e7\u00f5es entre os profissionais e os espa\u00e7os do sistema das artes visuais.<br><\/td><\/tr><\/tbody><\/table><\/figure>\n<\/div><\/div>\n\n\n\n<p class=\"has-text-align-center\">Documento Curricular para RME Goi\u00e2nia &#8211; EJA 2023<\/p>\n\n\n\n<p class=\"has-text-align-center\">Documento Curricular para GOI\u00c1S &#8211; Ampliado  <\/p>\n\n\n\n<p><\/p>\n","protected":false},"featured_media":164569,"template":"","taxonomia_bv":[108],"class_list":["post-164300","biblioteca_virtual","type-biblioteca_virtual","status-publish","has-post-thumbnail","hentry","taxonomia_bv-videos","entry","has-media"],"acf":[],"_links":{"self":[{"href":"https:\/\/sme.goiania.go.gov.br\/conexaoescola\/wp-json\/wp\/v2\/biblioteca_virtual\/164300","targetHints":{"allow":["GET"]}}],"collection":[{"href":"https:\/\/sme.goiania.go.gov.br\/conexaoescola\/wp-json\/wp\/v2\/biblioteca_virtual"}],"about":[{"href":"https:\/\/sme.goiania.go.gov.br\/conexaoescola\/wp-json\/wp\/v2\/types\/biblioteca_virtual"}],"wp:featuredmedia":[{"embeddable":true,"href":"https:\/\/sme.goiania.go.gov.br\/conexaoescola\/wp-json\/wp\/v2\/media\/164569"}],"wp:attachment":[{"href":"https:\/\/sme.goiania.go.gov.br\/conexaoescola\/wp-json\/wp\/v2\/media?parent=164300"}],"wp:term":[{"taxonomy":"taxonomia_bv","embeddable":true,"href":"https:\/\/sme.goiania.go.gov.br\/conexaoescola\/wp-json\/wp\/v2\/taxonomia_bv?post=164300"}],"curies":[{"name":"wp","href":"https:\/\/api.w.org\/{rel}","templated":true}]}}

ConectARTE: Arte dos Poteiros, Antônio e Américo

<p class="has-background has-medium-font-size" style="background-color:#ea8df7"> O Programa apresenta o artista plástico Américo Poteiro que conta o percurso artístico de seu pai, o artista Antônio Poteiro. Américo apresenta o Instituto Poteiro, que abriga o acervo de obras de Poteiro e nos mostra ainda seu atelier e suas obras de arte.</p>



<figure class="wp-block-embed is-type-video is-provider-youtube wp-block-embed-youtube wp-embed-aspect-16-9 wp-has-aspect-ratio"><div class="wp-block-embed__wrapper">
<p class="responsive-video-wrap clr"><iframe title="Conectarte#36 - Arte dos Poteiros, Antônio e Américo" width="1200" height="675" src="https://www.youtube.com/embed/34xxgT9tH-8?list=PLxRkqxlT0AC09M7AN5yPZgg1EItlwJgz4" frameborder="0" allow="accelerometer; autoplay; clipboard-write; encrypted-media; gyroscope; picture-in-picture; web-share" allowfullscreen></iframe></p>
</div></figure>



<p class="has-text-align-center has-small-font-size">Canal <a href="https://www.youtube.com/@portalconexaoescola703">Portal Conexão Escola</a>. &#8220;Arte dos Poteiros, Antônio e Américo&#8221;. Disponível em https://www.youtube.com/watch?v=34xxgT9tH-8&amp;list=PLxRkqxlT0AC09M7AN5yPZgg1EItlwJgz4&amp;index=38&amp;t=1s Acesso em 05, jun. 2023.</p>



<div class="wp-block-group"><div class="wp-block-group__inner-container is-layout-constrained wp-block-group-is-layout-constrained">
<figure class="wp-block-table is-style-stripes has-medium-font-size"><table class="has-fixed-layout"><tbody><tr><td class="has-text-align-center" data-align="center"><strong>Componente</strong> <strong>Curricular</strong></td><td class="has-text-align-center" data-align="center"><strong>Arte/Arte Visuais</strong></td></tr><tr><td class="has-text-align-center" data-align="center"><strong>Objetivos de Aprendizagem e Desenvolvimento</strong></td><td class="has-text-align-center" data-align="center">(EJAAV0102) Conhecer e interagir com os diferentes elementos da linguagem artística visual: pintura, gravura, murais, grafite, cinema, fotografia, arte digital, instalações.</td></tr><tr><td class="has-text-align-center" data-align="center"><strong>Habilidades</strong><br>&nbsp;          </td><td class="has-text-align-center" data-align="center">(GO-EF07AR08-B)<strong> </strong>Identificar e diferenciar as categorias de artista tais como: artistas plásticos, ilustradores, designers, grafiteiros, artesãos, produtores culturais, curadores, estabelecendo relações entre os profissionais e os espaços do sistema das artes visuais.<br></td></tr></tbody></table></figure>
</div></div>



<p class="has-text-align-center">Documento Curricular para RME Goiânia &#8211; EJA 2023</p>



<p class="has-text-align-center">Documento Curricular para GOIÁS &#8211; Ampliado  </p>



<p></p>
