{"id":163303,"date":"2023-05-22T09:15:30","date_gmt":"2023-05-22T12:15:30","guid":{"rendered":"https:\/\/sme.goiania.go.gov.br\/conexaoescola\/?post_type=biblioteca_virtual&#038;p=163303"},"modified":"2023-05-22T09:15:30","modified_gmt":"2023-05-22T12:15:30","slug":"a-curiosidade-ta-on-a-arquitetura-da-cidade-de-berlim","status":"publish","type":"biblioteca_virtual","link":"https:\/\/sme.goiania.go.gov.br\/conexaoescola\/biblioteca_virtual\/a-curiosidade-ta-on-a-arquitetura-da-cidade-de-berlim\/","title":{"rendered":"A CURIOSIDADE T\u00c1 ON: A arquitetura da cidade de Berlim"},"content":{"rendered":"\n<p class=\"has-text-align-center has-black-color has-text-color has-background has-medium-font-size\" style=\"background-color:#d9fcfd\">O Conex\u00e3o Escola &#8211; \u201cCuriosidade est\u00e1 On\u201d, \u00e9 um quadro educativo baseado no Documento Curricular para GOI\u00c1S &#8211; Ampliado, que busca aprofundar o conhecimento de temas diversos, ampliando o repert\u00f3rio cient\u00edfico, art\u00edstico e cultural, com objetivo de possibilitar uma amplia\u00e7\u00e3o dos conhecimentos, com vista ao desenvolvimento de aprendizagem e cria\u00e7\u00e3o de novos projetos, que estimule a comunidade escolar na busca pelo conhecimento.<\/p>\n\n\n\n<figure class=\"wp-block-image size-large\"><img fetchpriority=\"high\" decoding=\"async\" width=\"1024\" height=\"577\" src=\"https:\/\/sme.goiania.go.gov.br\/conexaoescola\/wp-content\/uploads\/2023\/02\/curiosidade-e1675874498818-1024x577.png\" alt=\"\" class=\"wp-image-157032\" srcset=\"https:\/\/sme.goiania.go.gov.br\/conexaoescola\/wp-content\/uploads\/2023\/02\/curiosidade-e1675874498818-1024x577.png 1024w, https:\/\/sme.goiania.go.gov.br\/conexaoescola\/wp-content\/uploads\/2023\/02\/curiosidade-e1675874498818-300x169.png 300w, https:\/\/sme.goiania.go.gov.br\/conexaoescola\/wp-content\/uploads\/2023\/02\/curiosidade-e1675874498818-768x433.png 768w, https:\/\/sme.goiania.go.gov.br\/conexaoescola\/wp-content\/uploads\/2023\/02\/curiosidade-e1675874498818.png 1504w\" sizes=\"(max-width: 1024px) 100vw, 1024px\" \/><\/figure>\n\n\n\n<p class=\"has-text-align-center has-luminous-vivid-orange-color has-text-color has-background has-large-font-size\" style=\"background-color:#ffe9a6\"><strong>A arquitetura da cidade de Berlim<\/strong><\/p>\n\n\n\n<figure class=\"wp-block-embed is-type-video is-provider-youtube wp-block-embed-youtube wp-embed-aspect-16-9 wp-has-aspect-ratio\"><div class=\"wp-block-embed__wrapper\">\n<p class=\"responsive-video-wrap clr\"><iframe title=\"A curiosidade T\u00e1 On #22 - A Arquitetura da Cidade de Berlim\" width=\"1200\" height=\"675\" src=\"https:\/\/www.youtube.com\/embed\/bPyfepymdKA?feature=oembed\" frameborder=\"0\" allow=\"accelerometer; autoplay; clipboard-write; encrypted-media; gyroscope; picture-in-picture; web-share\" allowfullscreen><\/iframe><\/p>\n<\/div><figcaption class=\"wp-element-caption\">Canal Conex\u00e3o Escola &#8211; A Curiosidade t\u00e1 On &#8211; &#8220;A arquitetura da cidade de Berlim&#8221;. Dispon\u00edvel em: <a href=\"https:\/\/youtu.be\/bPyfepymdKA\">https:\/\/youtu.be\/bPyfepymdKA<\/a> <\/figcaption><\/figure>\n\n\n\n<p class=\"has-text-align-center has-luminous-vivid-orange-color has-text-color has-background has-large-font-size\" style=\"background-color:#ffe9a6\"><strong>PROPOSTA DE ATIVIDADE<\/strong><\/p>\n\n\n\n<p class=\"has-text-align-center has-medium-font-size\"><strong>A arquitetura da cidade de Berlim<\/strong><\/p>\n\n\n\n<p class=\"has-medium-font-size\">A cidade de Berlim, tradicionalmente organiza e planeja o seu espa\u00e7o urbano, a cidade \u00e9 um s\u00edmbolo dos movimentos art\u00edsticos, arquitet\u00f4nicos e culturais. Dessa forma, \u00e9 poss\u00edvel perceber na cidade as v\u00e1rias transforma\u00e7\u00f5es arquitet\u00f4nicas que ocorreram no decorrer do tempo.<\/p>\n\n\n\n<p class=\"has-medium-font-size\">As cidades, como um todo, se transformam a partir das necessidades sociais, econ\u00f4micas e culturais. Em Berlim todas as transforma\u00e7\u00f5es que ocorreram na hist\u00f3ria da cidade s\u00e3o vis\u00edveis ao andar pelas ruas, em um momento estamos em uma rua com arquitetura moderna e em outro momento estamos em um ambiente totalmente diferente, onde podemos ver estruturas neocl\u00e1ssicas.<\/p>\n\n\n\n<p class=\"has-medium-font-size\">No decorrer do s\u00e9culo XX a cidade de Berlim passou por grandes guerras, dessa forma, muitas estruturas foram destru\u00eddas, isso influenciou na variedade de formas que encontramos pela cidade.<\/p>\n\n\n\n<p class=\"has-medium-font-size\">O espa\u00e7o urbano de Berlim configurou-se pela uni\u00e3o de diferentes aglomera\u00e7\u00f5es populacionais, em consequ\u00eancia do crescimento da demanda por espa\u00e7os urbanizados, o que provocou a expans\u00e3o de suas \u00e1reas urbanas.<\/p>\n\n\n\n<p class=\"has-medium-font-size\">A ideia de verticaliza\u00e7\u00e3o, que \u00e9 a constru\u00e7\u00e3o dos grandes edif\u00edcios, estabeleceu refer\u00eancias com a modernidade americana e com o avan\u00e7o tecnol\u00f3gico europeu. A verticalidade urbana nos remete a uma l\u00f3gica da conquista do futuro tecnol\u00f3gico, dos avan\u00e7os t\u00e9cnicos e econ\u00f4micos.<\/p>\n\n\n\n<figure class=\"wp-block-image size-large\"><img decoding=\"async\" width=\"1024\" height=\"683\" src=\"https:\/\/sme.goiania.go.gov.br\/conexaoescola\/wp-content\/uploads\/2023\/05\/edificio-com-colunas-1-e1684757162983-1024x683.jpg\" alt=\"\" class=\"wp-image-163305\" srcset=\"https:\/\/sme.goiania.go.gov.br\/conexaoescola\/wp-content\/uploads\/2023\/05\/edificio-com-colunas-1-e1684757162983-1024x683.jpg 1024w, https:\/\/sme.goiania.go.gov.br\/conexaoescola\/wp-content\/uploads\/2023\/05\/edificio-com-colunas-1-e1684757162983-300x200.jpg 300w, https:\/\/sme.goiania.go.gov.br\/conexaoescola\/wp-content\/uploads\/2023\/05\/edificio-com-colunas-1-e1684757162983-768x512.jpg 768w, https:\/\/sme.goiania.go.gov.br\/conexaoescola\/wp-content\/uploads\/2023\/05\/edificio-com-colunas-1-e1684757162983.jpg 1500w\" sizes=\"(max-width: 1024px) 100vw, 1024px\" \/><figcaption class=\"wp-element-caption\">Dispon\u00edvel em:<a href=\" https:\/\/br.freepik.com\/fotos-gratis\/edificio-com-colunas_946262.htm#query=Berlim&amp;position=0&amp;from_view=search&amp;track=sph\"> https:\/\/br.freepik.com\/fotos-gratis\/edificio-com-colunas_946262.htm#query=Berlim&amp;position=0&amp;from_view=search&amp;track=sph<\/a> > acesso em 22\/05\/2023<\/figcaption><\/figure>\n\n\n\n<p class=\"has-text-align-center has-luminous-vivid-orange-color has-text-color has-background has-large-font-size\" style=\"background-color:#d9fcfd\"><strong>Passo a passo da atividade<\/strong><\/p>\n\n\n\n<p class=\"has-black-color has-text-color has-medium-font-size\"><strong>Passo 1 &#8211;<\/strong> Explore algumas cidades do mundo para observar as suas estruturas arquitet\u00f4nicas, para fazer isso utilize\u00a0 o google maps ou Google Earth.<\/p>\n\n\n\n<p class=\"has-medium-font-size\"><strong>Passo 2 &#8211;<\/strong> Escolha uma cidade de cada continente, como exemplo escolhemos as seguintes cidades de cada continente:<\/p>\n\n\n\n<p class=\"has-medium-font-size\">Continente Americano: Goi\u00e2nia (Brasil)<\/p>\n\n\n\n<p class=\"has-medium-font-size\">Continente Europeu: Londres (Inglaterra)<\/p>\n\n\n\n<p class=\"has-medium-font-size\">Continente Africano: Lagos (Nig\u00e9ria)<\/p>\n\n\n\n<p class=\"has-medium-font-size\">Continente Asi\u00e1tico: Busan (Coreia do sul)<\/p>\n\n\n\n<p class=\"has-medium-font-size\">Oceania: Adelaide (Austr\u00e1lia)<\/p>\n\n\n\n<p class=\"has-medium-font-size\"><strong>Passo 3 &#8211;<\/strong> Ao fazer a\u00a0 visita digital em todas as cidades, anote as caracter\u00edsticas, curiosidades e fatos interessantes de cada uma.<\/p>\n\n\n\n<p class=\"has-medium-font-size\"><strong>Passo 4 &#8211;<\/strong> Produza um texto explicando as diferen\u00e7as e semelhan\u00e7as entre as cidades visitadas, selecione algumas imagens para exemplificar a sua fala.<\/p>\n\n\n\n<p class=\"has-medium-font-size\"><strong>Passo 5 &#8211;<\/strong> Ap\u00f3s o processo de produ\u00e7\u00e3o, fa\u00e7a uma roda de conversa na sala de aula, para que todos falem das suas cidades escolhidas.\u00a0<\/p>\n\n\n\n<figure class=\"wp-block-table is-style-stripes has-small-font-size\"><table class=\"has-black-color has-text-color\"><tbody><tr><td><strong>Habilidades<\/strong>:<\/td><td><strong>Componente: <\/strong>Hist\u00f3ria<strong><br><br><\/strong>(GO-EF07HI17-A) Compreender que a modernidade possui suas pr\u00f3prias estruturas, l\u00f3gica, ci\u00eancia, saberes, cultura, com\u00e9rcio, pol\u00edtica, bem como que a Europa e os territ\u00f3rios ocupados sofreram transforma\u00e7\u00f5es nos campos: econ\u00f4mico, social, pol\u00edtico e cultural, por meio de rupturas e continuidades.<br>(EF09HI10) Identificar e relacionar as din\u00e2micas do capitalismo e suas crises, os grandes conflitos mundiais e os conflitos vivenciados na Europa.<br><br><strong>Componente: <\/strong>Geografia<strong><br><\/strong><br>(EF09GE08) Analisar transforma\u00e7\u00f5es territoriais, considerando o movimento de fronteiras, tens\u00f5es, conflitos e m\u00faltiplas regionalidades na Europa, na \u00c1sia e na Oceania.<\/td><\/tr><\/tbody><\/table><\/figure>\n","protected":false},"featured_media":163308,"template":"","taxonomia_bv":[108],"class_list":["post-163303","biblioteca_virtual","type-biblioteca_virtual","status-publish","has-post-thumbnail","hentry","taxonomia_bv-videos","entry","has-media"],"acf":[],"_links":{"self":[{"href":"https:\/\/sme.goiania.go.gov.br\/conexaoescola\/wp-json\/wp\/v2\/biblioteca_virtual\/163303","targetHints":{"allow":["GET"]}}],"collection":[{"href":"https:\/\/sme.goiania.go.gov.br\/conexaoescola\/wp-json\/wp\/v2\/biblioteca_virtual"}],"about":[{"href":"https:\/\/sme.goiania.go.gov.br\/conexaoescola\/wp-json\/wp\/v2\/types\/biblioteca_virtual"}],"wp:featuredmedia":[{"embeddable":true,"href":"https:\/\/sme.goiania.go.gov.br\/conexaoescola\/wp-json\/wp\/v2\/media\/163308"}],"wp:attachment":[{"href":"https:\/\/sme.goiania.go.gov.br\/conexaoescola\/wp-json\/wp\/v2\/media?parent=163303"}],"wp:term":[{"taxonomy":"taxonomia_bv","embeddable":true,"href":"https:\/\/sme.goiania.go.gov.br\/conexaoescola\/wp-json\/wp\/v2\/taxonomia_bv?post=163303"}],"curies":[{"name":"wp","href":"https:\/\/api.w.org\/{rel}","templated":true}]}}

A CURIOSIDADE TÁ ON: A arquitetura da cidade de Berlim

<p class="has-text-align-center has-black-color has-text-color has-background has-medium-font-size" style="background-color:#d9fcfd">O Conexão Escola &#8211; “Curiosidade está On”, é um quadro educativo baseado no Documento Curricular para GOIÁS &#8211; Ampliado, que busca aprofundar o conhecimento de temas diversos, ampliando o repertório científico, artístico e cultural, com objetivo de possibilitar uma ampliação dos conhecimentos, com vista ao desenvolvimento de aprendizagem e criação de novos projetos, que estimule a comunidade escolar na busca pelo conhecimento.</p>



<figure class="wp-block-image size-large"><img fetchpriority="high" decoding="async" width="1024" height="577" src="https://sme.goiania.go.gov.br/conexaoescola/wp-content/uploads/2023/02/curiosidade-e1675874498818-1024x577.png" alt="" class="wp-image-157032" srcset="https://sme.goiania.go.gov.br/conexaoescola/wp-content/uploads/2023/02/curiosidade-e1675874498818-1024x577.png 1024w, https://sme.goiania.go.gov.br/conexaoescola/wp-content/uploads/2023/02/curiosidade-e1675874498818-300x169.png 300w, https://sme.goiania.go.gov.br/conexaoescola/wp-content/uploads/2023/02/curiosidade-e1675874498818-768x433.png 768w, https://sme.goiania.go.gov.br/conexaoescola/wp-content/uploads/2023/02/curiosidade-e1675874498818.png 1504w" sizes="(max-width: 1024px) 100vw, 1024px" /></figure>



<p class="has-text-align-center has-luminous-vivid-orange-color has-text-color has-background has-large-font-size" style="background-color:#ffe9a6"><strong>A arquitetura da cidade de Berlim</strong></p>



<figure class="wp-block-embed is-type-video is-provider-youtube wp-block-embed-youtube wp-embed-aspect-16-9 wp-has-aspect-ratio"><div class="wp-block-embed__wrapper">
<p class="responsive-video-wrap clr"><iframe title="A curiosidade Tá On #22 - A Arquitetura da Cidade de Berlim" width="1200" height="675" src="https://www.youtube.com/embed/bPyfepymdKA?feature=oembed" frameborder="0" allow="accelerometer; autoplay; clipboard-write; encrypted-media; gyroscope; picture-in-picture; web-share" allowfullscreen></iframe></p>
</div><figcaption class="wp-element-caption">Canal Conexão Escola &#8211; A Curiosidade tá On &#8211; &#8220;A arquitetura da cidade de Berlim&#8221;. Disponível em: <a href="https://youtu.be/bPyfepymdKA">https://youtu.be/bPyfepymdKA</a> </figcaption></figure>



<p class="has-text-align-center has-luminous-vivid-orange-color has-text-color has-background has-large-font-size" style="background-color:#ffe9a6"><strong>PROPOSTA DE ATIVIDADE</strong></p>



<p class="has-text-align-center has-medium-font-size"><strong>A arquitetura da cidade de Berlim</strong></p>



<p class="has-medium-font-size">A cidade de Berlim, tradicionalmente organiza e planeja o seu espaço urbano, a cidade é um símbolo dos movimentos artísticos, arquitetônicos e culturais. Dessa forma, é possível perceber na cidade as várias transformações arquitetônicas que ocorreram no decorrer do tempo.</p>



<p class="has-medium-font-size">As cidades, como um todo, se transformam a partir das necessidades sociais, econômicas e culturais. Em Berlim todas as transformações que ocorreram na história da cidade são visíveis ao andar pelas ruas, em um momento estamos em uma rua com arquitetura moderna e em outro momento estamos em um ambiente totalmente diferente, onde podemos ver estruturas neoclássicas.</p>



<p class="has-medium-font-size">No decorrer do século XX a cidade de Berlim passou por grandes guerras, dessa forma, muitas estruturas foram destruídas, isso influenciou na variedade de formas que encontramos pela cidade.</p>



<p class="has-medium-font-size">O espaço urbano de Berlim configurou-se pela união de diferentes aglomerações populacionais, em consequência do crescimento da demanda por espaços urbanizados, o que provocou a expansão de suas áreas urbanas.</p>



<p class="has-medium-font-size">A ideia de verticalização, que é a construção dos grandes edifícios, estabeleceu referências com a modernidade americana e com o avanço tecnológico europeu. A verticalidade urbana nos remete a uma lógica da conquista do futuro tecnológico, dos avanços técnicos e econômicos.</p>



<figure class="wp-block-image size-large"><img decoding="async" width="1024" height="683" src="https://sme.goiania.go.gov.br/conexaoescola/wp-content/uploads/2023/05/edificio-com-colunas-1-e1684757162983-1024x683.jpg" alt="" class="wp-image-163305" srcset="https://sme.goiania.go.gov.br/conexaoescola/wp-content/uploads/2023/05/edificio-com-colunas-1-e1684757162983-1024x683.jpg 1024w, https://sme.goiania.go.gov.br/conexaoescola/wp-content/uploads/2023/05/edificio-com-colunas-1-e1684757162983-300x200.jpg 300w, https://sme.goiania.go.gov.br/conexaoescola/wp-content/uploads/2023/05/edificio-com-colunas-1-e1684757162983-768x512.jpg 768w, https://sme.goiania.go.gov.br/conexaoescola/wp-content/uploads/2023/05/edificio-com-colunas-1-e1684757162983.jpg 1500w" sizes="(max-width: 1024px) 100vw, 1024px" /><figcaption class="wp-element-caption">Disponível em:<a href=" https://br.freepik.com/fotos-gratis/edificio-com-colunas_946262.htm#query=Berlim&amp;position=0&amp;from_view=search&amp;track=sph"> https://br.freepik.com/fotos-gratis/edificio-com-colunas_946262.htm#query=Berlim&amp;position=0&amp;from_view=search&amp;track=sph</a> > acesso em 22/05/2023</figcaption></figure>



<p class="has-text-align-center has-luminous-vivid-orange-color has-text-color has-background has-large-font-size" style="background-color:#d9fcfd"><strong>Passo a passo da atividade</strong></p>



<p class="has-black-color has-text-color has-medium-font-size"><strong>Passo 1 &#8211;</strong> Explore algumas cidades do mundo para observar as suas estruturas arquitetônicas, para fazer isso utilize  o google maps ou Google Earth.</p>



<p class="has-medium-font-size"><strong>Passo 2 &#8211;</strong> Escolha uma cidade de cada continente, como exemplo escolhemos as seguintes cidades de cada continente:</p>



<p class="has-medium-font-size">Continente Americano: Goiânia (Brasil)</p>



<p class="has-medium-font-size">Continente Europeu: Londres (Inglaterra)</p>



<p class="has-medium-font-size">Continente Africano: Lagos (Nigéria)</p>



<p class="has-medium-font-size">Continente Asiático: Busan (Coreia do sul)</p>



<p class="has-medium-font-size">Oceania: Adelaide (Austrália)</p>



<p class="has-medium-font-size"><strong>Passo 3 &#8211;</strong> Ao fazer a  visita digital em todas as cidades, anote as características, curiosidades e fatos interessantes de cada uma.</p>



<p class="has-medium-font-size"><strong>Passo 4 &#8211;</strong> Produza um texto explicando as diferenças e semelhanças entre as cidades visitadas, selecione algumas imagens para exemplificar a sua fala.</p>



<p class="has-medium-font-size"><strong>Passo 5 &#8211;</strong> Após o processo de produção, faça uma roda de conversa na sala de aula, para que todos falem das suas cidades escolhidas. </p>



<figure class="wp-block-table is-style-stripes has-small-font-size"><table class="has-black-color has-text-color"><tbody><tr><td><strong>Habilidades</strong>:</td><td><strong>Componente: </strong>História<strong><br><br></strong>(GO-EF07HI17-A) Compreender que a modernidade possui suas próprias estruturas, lógica, ciência, saberes, cultura, comércio, política, bem como que a Europa e os territórios ocupados sofreram transformações nos campos: econômico, social, político e cultural, por meio de rupturas e continuidades.<br>(EF09HI10) Identificar e relacionar as dinâmicas do capitalismo e suas crises, os grandes conflitos mundiais e os conflitos vivenciados na Europa.<br><br><strong>Componente: </strong>Geografia<strong><br></strong><br>(EF09GE08) Analisar transformações territoriais, considerando o movimento de fronteiras, tensões, conflitos e múltiplas regionalidades na Europa, na Ásia e na Oceania.</td></tr></tbody></table></figure>
