{"id":159100,"date":"2023-03-17T15:02:58","date_gmt":"2023-03-17T18:02:58","guid":{"rendered":"https:\/\/sme.goiania.go.gov.br\/conexaoescola\/?post_type=biblioteca_virtual&#038;p=159100"},"modified":"2023-03-17T15:02:58","modified_gmt":"2023-03-17T18:02:58","slug":"programa-inteligencia-socioemocional-relacao-interpessoal","status":"publish","type":"biblioteca_virtual","link":"https:\/\/sme.goiania.go.gov.br\/conexaoescola\/biblioteca_virtual\/programa-inteligencia-socioemocional-relacao-interpessoal\/","title":{"rendered":"PROGRAMA INTELIG\u00caNCIA SOCIOEMOCIONAL: Rela\u00e7\u00e3o Interpessoal"},"content":{"rendered":"\n<p class=\"has-text-align-center has-vivid-cyan-blue-to-vivid-purple-gradient-background has-background has-medium-font-size\"><strong>A Base Nacional Comum Curricular (BNCC) e o Documento Curricular para Goi\u00e1s Ampliado (DC-GO Ampliado) destacam a import\u00e2ncia da explana\u00e7\u00e3o, do estudo efetivo, das compet\u00eancias socioemocionais em todos os n\u00edveis e modalidades de ensino. E \u00e9 pensando nisso, que o Conex\u00e3o Escola busca abordar essas compet\u00eancias numa linguagem que atenda ao p\u00fablico infanto-juvenil e que auxilie o trabalho desempenhado pelos professores nas institui\u00e7\u00f5es de ensino da Secretaria Municipal de Educa\u00e7\u00e3o (Goi\u00e2nia \u2013 Goi\u00e1s), atrav\u00e9s da \u201cS\u00e9rie: Programa Intelig\u00eancia Socioemocional\u201d<\/strong>.<\/p>\n\n\n\n<figure class=\"wp-block-image size-large\"><img fetchpriority=\"high\" decoding=\"async\" width=\"1024\" height=\"576\" src=\"https:\/\/sme.goiania.go.gov.br\/conexaoescola\/wp-content\/uploads\/2023\/03\/RELACAO-INTRAPESSOAL-X-1-1024x576.png\" alt=\"\" class=\"wp-image-159102\" srcset=\"https:\/\/sme.goiania.go.gov.br\/conexaoescola\/wp-content\/uploads\/2023\/03\/RELACAO-INTRAPESSOAL-X-1-1024x576.png 1024w, https:\/\/sme.goiania.go.gov.br\/conexaoescola\/wp-content\/uploads\/2023\/03\/RELACAO-INTRAPESSOAL-X-1-300x169.png 300w, https:\/\/sme.goiania.go.gov.br\/conexaoescola\/wp-content\/uploads\/2023\/03\/RELACAO-INTRAPESSOAL-X-1-768x432.png 768w, https:\/\/sme.goiania.go.gov.br\/conexaoescola\/wp-content\/uploads\/2023\/03\/RELACAO-INTRAPESSOAL-X-1.png 1280w\" sizes=\"(max-width: 1024px) 100vw, 1024px\" \/><\/figure>\n\n\n\n<p class=\"has-text-align-center has-white-color has-vivid-cyan-blue-to-vivid-purple-gradient-background has-text-color has-background has-large-font-size\"><strong>RELA\u00c7\u00c3O INTERPESSOAL<\/strong><\/p>\n\n\n\n<figure class=\"wp-block-embed is-type-video is-provider-youtube wp-block-embed-youtube wp-embed-aspect-16-9 wp-has-aspect-ratio\"><div class=\"wp-block-embed__wrapper\">\n<p class=\"responsive-video-wrap clr\"><iframe title=\"Rela\u00e7\u00e3o Interpessoal - Programa Intelig\u00eancia Socioemocional - Aula 5\" width=\"1200\" height=\"675\" src=\"https:\/\/www.youtube.com\/embed\/VKUgL4yfAHw?feature=oembed\" frameborder=\"0\" allow=\"accelerometer; autoplay; clipboard-write; encrypted-media; gyroscope; picture-in-picture; web-share\" allowfullscreen><\/iframe><\/p>\n<\/div><figcaption class=\"wp-element-caption\">Canal Portal Conex\u00e3o Escola \u2013 Rela\u00e7\u00e3o Interpessoal \u2013 Programa Intelig\u00eancia Socioemocional. Dispon\u00edvel em: &lt;<a href=\"https:\/\/youtu.be\/VKUgL4yfAHw\">https:\/\/youtu.be\/VKUgL4yfAHw<\/a>>. Acesso em: 17, mar. 2023.<\/figcaption><\/figure>\n\n\n\n<p class=\"has-text-align-center has-vivid-cyan-blue-to-vivid-purple-gradient-background has-background has-medium-font-size\"><strong>Rela\u00e7\u00e3o interpessoal \u00e9 o termo utilizado para descrever a intera\u00e7\u00e3o entre duas ou mais pessoas, e como elas se relacionam e se comunicam umas com as outras. \u00c9 a maneira pela qual as pessoas se conectam e se envolvem emocionalmente umas com as outras. As rela\u00e7\u00f5es interpessoais podem ser positivas, negativas ou neutras, dependendo da qualidade e do tipo de intera\u00e7\u00e3o que ocorre entre as pessoas envolvidas. Elas podem incluir rela\u00e7\u00f5es de amizade, trabalho, fam\u00edlia, entre outras. Ter habilidades de relacionamento interpessoal pode ser fundamental para uma vida pessoal e profissional bem-sucedida.<\/strong><\/p>\n\n\n\n<p class=\"has-text-align-center has-vivid-cyan-blue-to-vivid-purple-gradient-background has-background has-medium-font-size\"><strong>Para saber mais sobre \u201cRela\u00e7\u00e3o Interpessoal\u201d, assista ao v\u00eddeo por completo.<\/strong><\/p>\n\n\n\n<hr class=\"wp-block-separator has-alpha-channel-opacity\"\/>\n\n\n\n<figure class=\"wp-block-table is-style-stripes\"><table><tbody><tr><td><strong>Documentos norteadores:<\/strong><\/td><td><strong>\u2013 Base Nacional Comum Curricular (BNCC)<br>\u2013 Documento Curricular para Goi\u00e1s \u2013 Ampliado (DC-GO)<br>\u2013 O Estatuto da Crian\u00e7a e do Adolescente<\/strong><\/td><\/tr><\/tbody><\/table><\/figure>\n","protected":false},"featured_media":159104,"template":"","taxonomia_bv":[108],"class_list":["post-159100","biblioteca_virtual","type-biblioteca_virtual","status-publish","has-post-thumbnail","hentry","taxonomia_bv-videos","entry","has-media"],"acf":[],"_links":{"self":[{"href":"https:\/\/sme.goiania.go.gov.br\/conexaoescola\/wp-json\/wp\/v2\/biblioteca_virtual\/159100","targetHints":{"allow":["GET"]}}],"collection":[{"href":"https:\/\/sme.goiania.go.gov.br\/conexaoescola\/wp-json\/wp\/v2\/biblioteca_virtual"}],"about":[{"href":"https:\/\/sme.goiania.go.gov.br\/conexaoescola\/wp-json\/wp\/v2\/types\/biblioteca_virtual"}],"wp:featuredmedia":[{"embeddable":true,"href":"https:\/\/sme.goiania.go.gov.br\/conexaoescola\/wp-json\/wp\/v2\/media\/159104"}],"wp:attachment":[{"href":"https:\/\/sme.goiania.go.gov.br\/conexaoescola\/wp-json\/wp\/v2\/media?parent=159100"}],"wp:term":[{"taxonomy":"taxonomia_bv","embeddable":true,"href":"https:\/\/sme.goiania.go.gov.br\/conexaoescola\/wp-json\/wp\/v2\/taxonomia_bv?post=159100"}],"curies":[{"name":"wp","href":"https:\/\/api.w.org\/{rel}","templated":true}]}}

PROGRAMA INTELIGÊNCIA SOCIOEMOCIONAL: Relação Interpessoal

<p class="has-text-align-center has-vivid-cyan-blue-to-vivid-purple-gradient-background has-background has-medium-font-size"><strong>A Base Nacional Comum Curricular (BNCC) e o Documento Curricular para Goiás Ampliado (DC-GO Ampliado) destacam a importância da explanação, do estudo efetivo, das competências socioemocionais em todos os níveis e modalidades de ensino. E é pensando nisso, que o Conexão Escola busca abordar essas competências numa linguagem que atenda ao público infanto-juvenil e que auxilie o trabalho desempenhado pelos professores nas instituições de ensino da Secretaria Municipal de Educação (Goiânia – Goiás), através da “Série: Programa Inteligência Socioemocional”</strong>.</p>



<figure class="wp-block-image size-large"><img fetchpriority="high" decoding="async" width="1024" height="576" src="https://sme.goiania.go.gov.br/conexaoescola/wp-content/uploads/2023/03/RELACAO-INTRAPESSOAL-X-1-1024x576.png" alt="" class="wp-image-159102" srcset="https://sme.goiania.go.gov.br/conexaoescola/wp-content/uploads/2023/03/RELACAO-INTRAPESSOAL-X-1-1024x576.png 1024w, https://sme.goiania.go.gov.br/conexaoescola/wp-content/uploads/2023/03/RELACAO-INTRAPESSOAL-X-1-300x169.png 300w, https://sme.goiania.go.gov.br/conexaoescola/wp-content/uploads/2023/03/RELACAO-INTRAPESSOAL-X-1-768x432.png 768w, https://sme.goiania.go.gov.br/conexaoescola/wp-content/uploads/2023/03/RELACAO-INTRAPESSOAL-X-1.png 1280w" sizes="(max-width: 1024px) 100vw, 1024px" /></figure>



<p class="has-text-align-center has-white-color has-vivid-cyan-blue-to-vivid-purple-gradient-background has-text-color has-background has-large-font-size"><strong>RELAÇÃO INTERPESSOAL</strong></p>



<figure class="wp-block-embed is-type-video is-provider-youtube wp-block-embed-youtube wp-embed-aspect-16-9 wp-has-aspect-ratio"><div class="wp-block-embed__wrapper">
<p class="responsive-video-wrap clr"><iframe title="Relação Interpessoal - Programa Inteligência Socioemocional - Aula 5" width="1200" height="675" src="https://www.youtube.com/embed/VKUgL4yfAHw?feature=oembed" frameborder="0" allow="accelerometer; autoplay; clipboard-write; encrypted-media; gyroscope; picture-in-picture; web-share" allowfullscreen></iframe></p>
</div><figcaption class="wp-element-caption">Canal Portal Conexão Escola – Relação Interpessoal – Programa Inteligência Socioemocional. Disponível em: &lt;<a href="https://youtu.be/VKUgL4yfAHw">https://youtu.be/VKUgL4yfAHw</a>>. Acesso em: 17, mar. 2023.</figcaption></figure>



<p class="has-text-align-center has-vivid-cyan-blue-to-vivid-purple-gradient-background has-background has-medium-font-size"><strong>Relação interpessoal é o termo utilizado para descrever a interação entre duas ou mais pessoas, e como elas se relacionam e se comunicam umas com as outras. É a maneira pela qual as pessoas se conectam e se envolvem emocionalmente umas com as outras. As relações interpessoais podem ser positivas, negativas ou neutras, dependendo da qualidade e do tipo de interação que ocorre entre as pessoas envolvidas. Elas podem incluir relações de amizade, trabalho, família, entre outras. Ter habilidades de relacionamento interpessoal pode ser fundamental para uma vida pessoal e profissional bem-sucedida.</strong></p>



<p class="has-text-align-center has-vivid-cyan-blue-to-vivid-purple-gradient-background has-background has-medium-font-size"><strong>Para saber mais sobre “Relação Interpessoal”, assista ao vídeo por completo.</strong></p>



<hr class="wp-block-separator has-alpha-channel-opacity"/>



<figure class="wp-block-table is-style-stripes"><table><tbody><tr><td><strong>Documentos norteadores:</strong></td><td><strong>– Base Nacional Comum Curricular (BNCC)<br>– Documento Curricular para Goiás – Ampliado (DC-GO)<br>– O Estatuto da Criança e do Adolescente</strong></td></tr></tbody></table></figure>
