{"id":157618,"date":"2023-02-23T10:51:07","date_gmt":"2023-02-23T13:51:07","guid":{"rendered":"https:\/\/sme.goiania.go.gov.br\/conexaoescola\/?post_type=biblioteca_virtual&#038;p=157618"},"modified":"2023-02-24T08:00:16","modified_gmt":"2023-02-24T11:00:16","slug":"programa-educacao-infantil-projeto-araras","status":"publish","type":"biblioteca_virtual","link":"https:\/\/sme.goiania.go.gov.br\/conexaoescola\/biblioteca_virtual\/programa-educacao-infantil-projeto-araras\/","title":{"rendered":"PROGRAMA EDUCA\u00c7\u00c3O INFANTIL Projeto Araras"},"content":{"rendered":"<div class=\"wp-block-image\">\n<figure class=\"aligncenter size-full\"><img fetchpriority=\"high\" decoding=\"async\" width=\"940\" height=\"788\" src=\"https:\/\/sme.goiania.go.gov.br\/conexaoescola\/wp-content\/uploads\/2023\/02\/19-2.png\" alt=\"\" class=\"wp-image-157621\" srcset=\"https:\/\/sme.goiania.go.gov.br\/conexaoescola\/wp-content\/uploads\/2023\/02\/19-2.png 940w, https:\/\/sme.goiania.go.gov.br\/conexaoescola\/wp-content\/uploads\/2023\/02\/19-2-300x251.png 300w, https:\/\/sme.goiania.go.gov.br\/conexaoescola\/wp-content\/uploads\/2023\/02\/19-2-768x644.png 768w\" sizes=\"(max-width: 940px) 100vw, 940px\" \/><figcaption class=\"wp-element-caption\">Foto: Acervo CMEI Setor Uni\u00e3o<\/figcaption><\/figure><\/div>\n\n\n<p class=\"has-text-align-center has-black-color has-text-color has-background has-medium-font-size\" style=\"background:linear-gradient(266deg,rgb(122,220,180) 67%,rgb(0,208,130) 100%)\"><strong>O Programa Conex\u00e3o Escola da Educa\u00e7\u00e3o Infantil \u00e9 um programa que apresenta pr\u00e1ticas educativas e pedag\u00f3gicas desenvolvidas na Rede Municipal de Educa\u00e7\u00e3o de Goi\u00e2nia, valoriza a literatura infantil e incentiva a amplia\u00e7\u00e3o de repert\u00f3rios art\u00edsticos, culturais e cient\u00edficos da comunidade escolar.<\/strong><\/p>\n\n\n\n<p class=\"has-text-align-center has-black-color has-text-color has-background has-medium-font-size\" style=\"background:radial-gradient(rgb(202,248,128) 0%,rgb(113,206,126) 56%)\"><strong>Confira o programa &#8220;<mark style=\"background-color:rgba(0, 0, 0, 0)\" class=\"has-inline-color has-white-color\">Vamos descobrir a natureza<\/mark>&#8221; que apresentou os seguintes quadros:<\/strong> <\/p>\n\n\n\n<p class=\"has-text-align-center has-black-color has-text-color has-background has-medium-font-size\" style=\"background:linear-gradient(135deg,rgb(202,248,128) 2%,rgb(113,206,126) 61%)\"><strong><mark style=\"background-color:rgba(0, 0, 0, 0)\" class=\"has-inline-color has-black-color\"><mark>Pr\u00e1tica em Rede<\/mark>&nbsp;com<\/mark> o projeto &#8220;Araras&#8221; desenvolvido pela professora Sandra com o apoio de toda a turma do CMEI Setor Uni\u00e3o<\/strong>.<\/p>\n\n\n\n<p class=\"has-text-align-center has-black-color has-text-color has-background has-medium-font-size\" style=\"background:linear-gradient(135deg,rgb(202,248,128) 2%,rgb(113,206,126) 61%)\"><strong><mark>Leitura em Conex\u00e3o<\/mark>&nbsp;com trechos do Documento Curricular da Educa\u00e7\u00e3o Infantil da Secretaria Municipal de Educa\u00e7\u00e3o de Goi\u00e2nia<\/strong><\/p>\n\n\n\n<p class=\"has-text-align-center has-black-color has-text-color has-background has-medium-font-size\" style=\"background:linear-gradient(135deg,rgb(202,248,128) 2%,rgb(113,206,126) 61%)\"><strong><mark>Arte e Movimento<\/mark>\u00a0com a equipe do Canal Taquit\u00e1!<\/strong><\/p>\n\n\n\n<hr class=\"wp-block-separator has-alpha-channel-opacity\"\/>\n\n\n\n<figure class=\"wp-block-embed is-type-video is-provider-youtube wp-block-embed-youtube wp-embed-aspect-16-9 wp-has-aspect-ratio\"><div class=\"wp-block-embed__wrapper\">\n<p class=\"responsive-video-wrap clr\"><iframe title=\"Educa\u00e7\u00e3o Infantil - Programa 91 - Vamos descobrir a natureza\" width=\"1200\" height=\"675\" src=\"https:\/\/www.youtube.com\/embed\/OVxppi1XM_U?list=PLxRkqxlT0AC0j512pZbZbyVcF3PknFym7\" frameborder=\"0\" allow=\"accelerometer; autoplay; clipboard-write; encrypted-media; gyroscope; picture-in-picture; web-share\" allowfullscreen><\/iframe><\/p>\n<\/div><\/figure>\n\n\n\n<hr class=\"wp-block-separator has-alpha-channel-opacity\"\/>\n\n\n\n<figure class=\"wp-block-table\"><table><tbody><tr><td>Unidade Educacional<\/td><td>CMEI Setor Uni\u00e3o<\/td><\/tr><tr><td>Parceiro<\/td><td>Canal Taquit\u00e1<\/td><\/tr><tr><td>Curadoria<\/td><td>NEC<\/td><\/tr><\/tbody><\/table><\/figure>\n","protected":false},"featured_media":157620,"template":"","taxonomia_bv":[108],"class_list":["post-157618","biblioteca_virtual","type-biblioteca_virtual","status-publish","has-post-thumbnail","hentry","taxonomia_bv-videos","entry","has-media"],"acf":[],"_links":{"self":[{"href":"https:\/\/sme.goiania.go.gov.br\/conexaoescola\/wp-json\/wp\/v2\/biblioteca_virtual\/157618","targetHints":{"allow":["GET"]}}],"collection":[{"href":"https:\/\/sme.goiania.go.gov.br\/conexaoescola\/wp-json\/wp\/v2\/biblioteca_virtual"}],"about":[{"href":"https:\/\/sme.goiania.go.gov.br\/conexaoescola\/wp-json\/wp\/v2\/types\/biblioteca_virtual"}],"wp:featuredmedia":[{"embeddable":true,"href":"https:\/\/sme.goiania.go.gov.br\/conexaoescola\/wp-json\/wp\/v2\/media\/157620"}],"wp:attachment":[{"href":"https:\/\/sme.goiania.go.gov.br\/conexaoescola\/wp-json\/wp\/v2\/media?parent=157618"}],"wp:term":[{"taxonomy":"taxonomia_bv","embeddable":true,"href":"https:\/\/sme.goiania.go.gov.br\/conexaoescola\/wp-json\/wp\/v2\/taxonomia_bv?post=157618"}],"curies":[{"name":"wp","href":"https:\/\/api.w.org\/{rel}","templated":true}]}}

PROGRAMA EDUCAÇÃO INFANTIL Projeto Araras

<div class="wp-block-image">
<figure class="aligncenter size-full"><img fetchpriority="high" decoding="async" width="940" height="788" src="https://sme.goiania.go.gov.br/conexaoescola/wp-content/uploads/2023/02/19-2.png" alt="" class="wp-image-157621" srcset="https://sme.goiania.go.gov.br/conexaoescola/wp-content/uploads/2023/02/19-2.png 940w, https://sme.goiania.go.gov.br/conexaoescola/wp-content/uploads/2023/02/19-2-300x251.png 300w, https://sme.goiania.go.gov.br/conexaoescola/wp-content/uploads/2023/02/19-2-768x644.png 768w" sizes="(max-width: 940px) 100vw, 940px" /><figcaption class="wp-element-caption">Foto: Acervo CMEI Setor União</figcaption></figure></div>


<p class="has-text-align-center has-black-color has-text-color has-background has-medium-font-size" style="background:linear-gradient(266deg,rgb(122,220,180) 67%,rgb(0,208,130) 100%)"><strong>O Programa Conexão Escola da Educação Infantil é um programa que apresenta práticas educativas e pedagógicas desenvolvidas na Rede Municipal de Educação de Goiânia, valoriza a literatura infantil e incentiva a ampliação de repertórios artísticos, culturais e científicos da comunidade escolar.</strong></p>



<p class="has-text-align-center has-black-color has-text-color has-background has-medium-font-size" style="background:radial-gradient(rgb(202,248,128) 0%,rgb(113,206,126) 56%)"><strong>Confira o programa &#8220;<mark style="background-color:rgba(0, 0, 0, 0)" class="has-inline-color has-white-color">Vamos descobrir a natureza</mark>&#8221; que apresentou os seguintes quadros:</strong> </p>



<p class="has-text-align-center has-black-color has-text-color has-background has-medium-font-size" style="background:linear-gradient(135deg,rgb(202,248,128) 2%,rgb(113,206,126) 61%)"><strong><mark style="background-color:rgba(0, 0, 0, 0)" class="has-inline-color has-black-color"><mark>Prática em Rede</mark>&nbsp;com</mark> o projeto &#8220;Araras&#8221; desenvolvido pela professora Sandra com o apoio de toda a turma do CMEI Setor União</strong>.</p>



<p class="has-text-align-center has-black-color has-text-color has-background has-medium-font-size" style="background:linear-gradient(135deg,rgb(202,248,128) 2%,rgb(113,206,126) 61%)"><strong><mark>Leitura em Conexão</mark>&nbsp;com trechos do Documento Curricular da Educação Infantil da Secretaria Municipal de Educação de Goiânia</strong></p>



<p class="has-text-align-center has-black-color has-text-color has-background has-medium-font-size" style="background:linear-gradient(135deg,rgb(202,248,128) 2%,rgb(113,206,126) 61%)"><strong><mark>Arte e Movimento</mark> com a equipe do Canal Taquitá!</strong></p>



<hr class="wp-block-separator has-alpha-channel-opacity"/>



<figure class="wp-block-embed is-type-video is-provider-youtube wp-block-embed-youtube wp-embed-aspect-16-9 wp-has-aspect-ratio"><div class="wp-block-embed__wrapper">
<p class="responsive-video-wrap clr"><iframe title="Educação Infantil - Programa 91 - Vamos descobrir a natureza" width="1200" height="675" src="https://www.youtube.com/embed/OVxppi1XM_U?list=PLxRkqxlT0AC0j512pZbZbyVcF3PknFym7" frameborder="0" allow="accelerometer; autoplay; clipboard-write; encrypted-media; gyroscope; picture-in-picture; web-share" allowfullscreen></iframe></p>
</div></figure>



<hr class="wp-block-separator has-alpha-channel-opacity"/>



<figure class="wp-block-table"><table><tbody><tr><td>Unidade Educacional</td><td>CMEI Setor União</td></tr><tr><td>Parceiro</td><td>Canal Taquitá</td></tr><tr><td>Curadoria</td><td>NEC</td></tr></tbody></table></figure>
