{"id":157480,"date":"2023-02-16T17:08:17","date_gmt":"2023-02-16T20:08:17","guid":{"rendered":"https:\/\/sme.goiania.go.gov.br\/conexaoescola\/?post_type=biblioteca_virtual&#038;p=157480"},"modified":"2023-02-16T17:08:17","modified_gmt":"2023-02-16T20:08:17","slug":"conectarte-artes-visuais-o-museu-de-esculturas-a-ceu-aberto","status":"publish","type":"biblioteca_virtual","link":"https:\/\/sme.goiania.go.gov.br\/conexaoescola\/biblioteca_virtual\/conectarte-artes-visuais-o-museu-de-esculturas-a-ceu-aberto\/","title":{"rendered":"ConectARTE: Artes Visuais &#8211; O Museu de Esculturas a C\u00e9u Aberto"},"content":{"rendered":"\n<p class=\"has-background\" style=\"background-color:#b1cae4\">O programa apresenta o Museu de Esculturas a C\u00e9u Aberto, suas obras e seu hist\u00f3rico. O Museu, localizado na Pra\u00e7a Universit\u00e1ria em Goi\u00e2nia &#8211; GO \u00e9 considerado um dos maiores da Am\u00e9rica Latina e abriga 22 esculturas de produ\u00e7\u00e3o livre por artistas goianos, com materiais e t\u00e9cnicas mistas e diversas e 2 pain\u00e9is em cer\u00e2mica dos artistas goianos Am\u00e9rico Netto e Luiz Olinto.<br><\/p>\n\n\n\n<figure class=\"wp-block-embed is-type-video is-provider-youtube wp-block-embed-youtube wp-embed-aspect-16-9 wp-has-aspect-ratio\"><div class=\"wp-block-embed__wrapper\">\n<p class=\"responsive-video-wrap clr\"><iframe title=\"Conectarte #20  - O Museu de Esculturas a C\u00e9u Aberto da Pra\u00e7a Universit\u00e1ria de Goi\u00e2nia (GO)\" width=\"1200\" height=\"675\" src=\"https:\/\/www.youtube.com\/embed\/O3ZLcH9QD9g?feature=oembed\" frameborder=\"0\" allow=\"accelerometer; autoplay; clipboard-write; encrypted-media; gyroscope; picture-in-picture; web-share\" allowfullscreen><\/iframe><\/p>\n<\/div><figcaption class=\"wp-element-caption\">Canal <a href=\"https:\/\/www.youtube.com\/@portalconexaoescola703\">Portal Conex\u00e3o Escola<\/a>. &#8220;O Museu de Esculturas a C\u00e9u Aberto da Pra\u00e7a Universit\u00e1ria de Goi\u00e2nia (GO)&#8221;. Dispon\u00edvel em https:\/\/www.youtube.com\/watch?v=O3ZLcH9QD9g&amp;list=PLxRkqxlT0AC09M7AN5yPZgg1EItlwJgz4&amp;index=22 Acesso em 16, fev. 2023<\/figcaption><\/figure>\n\n\n\n<div class=\"wp-block-group\"><div class=\"wp-block-group__inner-container is-layout-constrained wp-block-group-is-layout-constrained\">\n<figure class=\"wp-block-table is-style-regular\"><table class=\"has-fixed-layout\"><tbody><tr><td class=\"has-text-align-center\" data-align=\"center\"><strong>Componente<\/strong> <strong>Curricular<\/strong><\/td><td class=\"has-text-align-center\" data-align=\"center\"><strong>Arte\/Arte Visuais<\/strong><\/td><\/tr><tr><td class=\"has-text-align-center\" data-align=\"center\"><strong>Objetivos de Aprendizagem e Desenvolvimento<\/strong><\/td><td class=\"has-text-align-center\" data-align=\"center\">(EJAAV0121) Vivenciar experi\u00eancias est\u00e9ticas em diferentes espa\u00e7os: museus, galerias, cinema, teatro, centros culturais, feiras, pra\u00e7as, circo, dentre outros, articulando-as com as produ\u00e7\u00f5es art\u00edsticas pessoais.<\/td><\/tr><tr><td class=\"has-text-align-center\" data-align=\"center\"><strong>Habilidades<\/strong><br>&nbsp;          <\/td><td class=\"has-text-align-center\" data-align=\"center\">(GO-EF07AR08-A) Reconhecer algumas categorias do sistema das artes visuais, tais como: museus, galerias, institui\u00e7\u00f5es, espa\u00e7os culturais, centros culturais, funda\u00e7\u00f5es, ateli\u00eas de artistas, artes\u00e3os, curadores, e prender de forma significativa as rela\u00e7\u00f5es entre o sujeito e as experi\u00eancias em artes visuais, assim como ampliar o seu repert\u00f3rio imag\u00e9tico, est\u00e9tico, o pensamento cr\u00edtico e sens\u00edvel.<\/td><\/tr><\/tbody><\/table><\/figure>\n<\/div><\/div>\n\n\n\n<p class=\"has-text-align-center\">Documento Curricular para RME Goi\u00e2nia &#8211; EJA 2023<\/p>\n\n\n\n<p class=\"has-text-align-center\">Documento Curricular para GOI\u00c1S &#8211; Ampliado  <\/p>\n\n\n\n<p><\/p>\n","protected":false},"featured_media":157481,"template":"","taxonomia_bv":[108],"class_list":["post-157480","biblioteca_virtual","type-biblioteca_virtual","status-publish","has-post-thumbnail","hentry","taxonomia_bv-videos","entry","has-media"],"acf":[],"_links":{"self":[{"href":"https:\/\/sme.goiania.go.gov.br\/conexaoescola\/wp-json\/wp\/v2\/biblioteca_virtual\/157480","targetHints":{"allow":["GET"]}}],"collection":[{"href":"https:\/\/sme.goiania.go.gov.br\/conexaoescola\/wp-json\/wp\/v2\/biblioteca_virtual"}],"about":[{"href":"https:\/\/sme.goiania.go.gov.br\/conexaoescola\/wp-json\/wp\/v2\/types\/biblioteca_virtual"}],"wp:featuredmedia":[{"embeddable":true,"href":"https:\/\/sme.goiania.go.gov.br\/conexaoescola\/wp-json\/wp\/v2\/media\/157481"}],"wp:attachment":[{"href":"https:\/\/sme.goiania.go.gov.br\/conexaoescola\/wp-json\/wp\/v2\/media?parent=157480"}],"wp:term":[{"taxonomy":"taxonomia_bv","embeddable":true,"href":"https:\/\/sme.goiania.go.gov.br\/conexaoescola\/wp-json\/wp\/v2\/taxonomia_bv?post=157480"}],"curies":[{"name":"wp","href":"https:\/\/api.w.org\/{rel}","templated":true}]}}

ConectARTE: Artes Visuais &#8211; O Museu de Esculturas a Céu Aberto

<p class="has-background" style="background-color:#b1cae4">O programa apresenta o Museu de Esculturas a Céu Aberto, suas obras e seu histórico. O Museu, localizado na Praça Universitária em Goiânia &#8211; GO é considerado um dos maiores da América Latina e abriga 22 esculturas de produção livre por artistas goianos, com materiais e técnicas mistas e diversas e 2 painéis em cerâmica dos artistas goianos Américo Netto e Luiz Olinto.<br></p>



<figure class="wp-block-embed is-type-video is-provider-youtube wp-block-embed-youtube wp-embed-aspect-16-9 wp-has-aspect-ratio"><div class="wp-block-embed__wrapper">
<p class="responsive-video-wrap clr"><iframe title="Conectarte #20  - O Museu de Esculturas a Céu Aberto da Praça Universitária de Goiânia (GO)" width="1200" height="675" src="https://www.youtube.com/embed/O3ZLcH9QD9g?feature=oembed" frameborder="0" allow="accelerometer; autoplay; clipboard-write; encrypted-media; gyroscope; picture-in-picture; web-share" allowfullscreen></iframe></p>
</div><figcaption class="wp-element-caption">Canal <a href="https://www.youtube.com/@portalconexaoescola703">Portal Conexão Escola</a>. &#8220;O Museu de Esculturas a Céu Aberto da Praça Universitária de Goiânia (GO)&#8221;. Disponível em https://www.youtube.com/watch?v=O3ZLcH9QD9g&amp;list=PLxRkqxlT0AC09M7AN5yPZgg1EItlwJgz4&amp;index=22 Acesso em 16, fev. 2023</figcaption></figure>



<div class="wp-block-group"><div class="wp-block-group__inner-container is-layout-constrained wp-block-group-is-layout-constrained">
<figure class="wp-block-table is-style-regular"><table class="has-fixed-layout"><tbody><tr><td class="has-text-align-center" data-align="center"><strong>Componente</strong> <strong>Curricular</strong></td><td class="has-text-align-center" data-align="center"><strong>Arte/Arte Visuais</strong></td></tr><tr><td class="has-text-align-center" data-align="center"><strong>Objetivos de Aprendizagem e Desenvolvimento</strong></td><td class="has-text-align-center" data-align="center">(EJAAV0121) Vivenciar experiências estéticas em diferentes espaços: museus, galerias, cinema, teatro, centros culturais, feiras, praças, circo, dentre outros, articulando-as com as produções artísticas pessoais.</td></tr><tr><td class="has-text-align-center" data-align="center"><strong>Habilidades</strong><br>&nbsp;          </td><td class="has-text-align-center" data-align="center">(GO-EF07AR08-A) Reconhecer algumas categorias do sistema das artes visuais, tais como: museus, galerias, instituições, espaços culturais, centros culturais, fundações, ateliês de artistas, artesãos, curadores, e prender de forma significativa as relações entre o sujeito e as experiências em artes visuais, assim como ampliar o seu repertório imagético, estético, o pensamento crítico e sensível.</td></tr></tbody></table></figure>
</div></div>



<p class="has-text-align-center">Documento Curricular para RME Goiânia &#8211; EJA 2023</p>



<p class="has-text-align-center">Documento Curricular para GOIÁS &#8211; Ampliado  </p>



<p></p>
