{"id":157444,"date":"2023-02-15T11:44:19","date_gmt":"2023-02-15T14:44:19","guid":{"rendered":"https:\/\/sme.goiania.go.gov.br\/conexaoescola\/?post_type=biblioteca_virtual&#038;p=157444"},"modified":"2023-03-31T09:50:45","modified_gmt":"2023-03-31T12:50:45","slug":"conectarte-artes-visuais-arte-e-artesanato-parte-ii-2","status":"publish","type":"biblioteca_virtual","link":"https:\/\/sme.goiania.go.gov.br\/conexaoescola\/biblioteca_virtual\/conectarte-artes-visuais-arte-e-artesanato-parte-ii-2\/","title":{"rendered":"ConectARTE: Artes Visuais &#8211; Entrevista com Divino Moreira &#8211; Parte II"},"content":{"rendered":"\n<p class=\"has-background\" style=\"background-color:#d08148\">O v\u00eddeo apresenta a continua\u00e7\u00e3o da entrevista com o artista\/artes\u00e3o Divino Moreira, que conta sobre sua trajet\u00f3ria na arte desde a sua inf\u00e2ncia como &#8220;inventador&#8221; de brinquedos at\u00e9 os dias atuais, produzindo pe\u00e7as art\u00edsticas utilizando a madeira como mat\u00e9ria prima. Foram tantas hist\u00f3rias que foi necess\u00e1rio dividir os v\u00eddeos em duas partes, para n\u00e3o perder nenhuma informa\u00e7\u00e3o. <\/p>\n\n\n\n<figure class=\"wp-block-embed is-type-video is-provider-youtube wp-block-embed-youtube wp-embed-aspect-16-9 wp-has-aspect-ratio\"><div class=\"wp-block-embed__wrapper\">\n<p class=\"responsive-video-wrap clr\"><iframe title=\"Conectarte #8 - Entrevista Com Divino Moreira - Parte II\" width=\"1200\" height=\"675\" src=\"https:\/\/www.youtube.com\/embed\/C3V0tRal3xA?feature=oembed\" frameborder=\"0\" allow=\"accelerometer; autoplay; clipboard-write; encrypted-media; gyroscope; picture-in-picture; web-share\" allowfullscreen><\/iframe><\/p>\n<\/div><figcaption class=\"wp-element-caption\">Canal <a href=\"https:\/\/www.youtube.com\/@portalconexaoescola703\">Portal Conex\u00e3o Escola<\/a>. &#8220;Entrevista Com Divino Moreira &#8211; Parte II&#8221;. Dispon\u00edvel em https:\/\/www.youtube.com\/watch?v=C3V0tRal3xA&amp;list=PLxRkqxlT0AC09M7AN5yPZgg1EItlwJgz4&amp;index=10 Acesso em 15, fev. 2023<\/figcaption><\/figure>\n\n\n\n<div class=\"wp-block-group\"><div class=\"wp-block-group__inner-container is-layout-constrained wp-block-group-is-layout-constrained\">\n<figure class=\"wp-block-table is-style-regular\"><table class=\"has-fixed-layout\"><tbody><tr><td class=\"has-text-align-center\" data-align=\"center\"><strong>Componente<\/strong> <strong>Curricular<\/strong><\/td><td class=\"has-text-align-center\" data-align=\"center\"><strong>Arte\/Arte Visuais<\/strong><\/td><\/tr><tr><td class=\"has-text-align-center\" data-align=\"center\"><strong>Objetivos de Aprendizagem e Desenvolvimento<\/strong><\/td><td class=\"has-text-align-center\" data-align=\"center\">(EJAAV0815) Identificar e dialogar sobre os aspectos hist\u00f3ricos, sociais e pol\u00edticos presentes nas produ\u00e7\u00f5es art\u00edsticas, problematizando as diferentes narrativas e categoriza\u00e7\u00f5es da arte (arte tradicional, arte contempor\u00e2nea, artesanato, folclore, arquitetura, arte digital, design publicidade, dentre outros).<\/td><\/tr><tr><td class=\"has-text-align-center\" data-align=\"center\"><strong>Habilidades<\/strong><br>&nbsp;          <\/td><td class=\"has-text-align-center\" data-align=\"center\"><br>(GO-EF08AR33) Analisar aspectos hist\u00f3ricos, sociais e pol\u00edticos da produ\u00e7\u00e3o art\u00edstica, problematizando as narrativas euroc\u00eantricas e as diversas categoriza\u00e7\u00f5es da arte: arte, artesanato, folclore, design e fazer rela\u00e7\u00e3o direta e indireta entre eles.<br>&nbsp;<br><\/td><\/tr><\/tbody><\/table><\/figure>\n<\/div><\/div>\n\n\n\n<p class=\"has-text-align-center\">Documento Curricular para RME Goi\u00e2nia &#8211; EJA 2023<\/p>\n\n\n\n<p class=\"has-text-align-center\">Documento Curricular para GOI\u00c1S &#8211; Ampliado  <\/p>\n\n\n\n<p><\/p>\n","protected":false},"featured_media":157445,"template":"","taxonomia_bv":[108],"class_list":["post-157444","biblioteca_virtual","type-biblioteca_virtual","status-publish","has-post-thumbnail","hentry","taxonomia_bv-videos","entry","has-media"],"acf":[],"_links":{"self":[{"href":"https:\/\/sme.goiania.go.gov.br\/conexaoescola\/wp-json\/wp\/v2\/biblioteca_virtual\/157444","targetHints":{"allow":["GET"]}}],"collection":[{"href":"https:\/\/sme.goiania.go.gov.br\/conexaoescola\/wp-json\/wp\/v2\/biblioteca_virtual"}],"about":[{"href":"https:\/\/sme.goiania.go.gov.br\/conexaoescola\/wp-json\/wp\/v2\/types\/biblioteca_virtual"}],"wp:featuredmedia":[{"embeddable":true,"href":"https:\/\/sme.goiania.go.gov.br\/conexaoescola\/wp-json\/wp\/v2\/media\/157445"}],"wp:attachment":[{"href":"https:\/\/sme.goiania.go.gov.br\/conexaoescola\/wp-json\/wp\/v2\/media?parent=157444"}],"wp:term":[{"taxonomy":"taxonomia_bv","embeddable":true,"href":"https:\/\/sme.goiania.go.gov.br\/conexaoescola\/wp-json\/wp\/v2\/taxonomia_bv?post=157444"}],"curies":[{"name":"wp","href":"https:\/\/api.w.org\/{rel}","templated":true}]}}

<p class="has-background" style="background-color:#d08148">O vídeo apresenta a continuação da entrevista com o artista/artesão Divino Moreira, que conta sobre sua trajetória na arte desde a sua infância como &#8220;inventador&#8221; de brinquedos até os dias atuais, produzindo peças artísticas utilizando a madeira como matéria prima. Foram tantas histórias que foi necessário dividir os vídeos em duas partes, para não perder nenhuma informação. </p>



<figure class="wp-block-embed is-type-video is-provider-youtube wp-block-embed-youtube wp-embed-aspect-16-9 wp-has-aspect-ratio"><div class="wp-block-embed__wrapper">
<p class="responsive-video-wrap clr"><iframe title="Conectarte #8 - Entrevista Com Divino Moreira - Parte II" width="1200" height="675" src="https://www.youtube.com/embed/C3V0tRal3xA?feature=oembed" frameborder="0" allow="accelerometer; autoplay; clipboard-write; encrypted-media; gyroscope; picture-in-picture; web-share" allowfullscreen></iframe></p>
</div><figcaption class="wp-element-caption">Canal <a href="https://www.youtube.com/@portalconexaoescola703">Portal Conexão Escola</a>. &#8220;Entrevista Com Divino Moreira &#8211; Parte II&#8221;. Disponível em https://www.youtube.com/watch?v=C3V0tRal3xA&amp;list=PLxRkqxlT0AC09M7AN5yPZgg1EItlwJgz4&amp;index=10 Acesso em 15, fev. 2023</figcaption></figure>



<div class="wp-block-group"><div class="wp-block-group__inner-container is-layout-constrained wp-block-group-is-layout-constrained">
<figure class="wp-block-table is-style-regular"><table class="has-fixed-layout"><tbody><tr><td class="has-text-align-center" data-align="center"><strong>Componente</strong> <strong>Curricular</strong></td><td class="has-text-align-center" data-align="center"><strong>Arte/Arte Visuais</strong></td></tr><tr><td class="has-text-align-center" data-align="center"><strong>Objetivos de Aprendizagem e Desenvolvimento</strong></td><td class="has-text-align-center" data-align="center">(EJAAV0815) Identificar e dialogar sobre os aspectos históricos, sociais e políticos presentes nas produções artísticas, problematizando as diferentes narrativas e categorizações da arte (arte tradicional, arte contemporânea, artesanato, folclore, arquitetura, arte digital, design publicidade, dentre outros).</td></tr><tr><td class="has-text-align-center" data-align="center"><strong>Habilidades</strong><br>&nbsp;          </td><td class="has-text-align-center" data-align="center"><br>(GO-EF08AR33) Analisar aspectos históricos, sociais e políticos da produção artística, problematizando as narrativas eurocêntricas e as diversas categorizações da arte: arte, artesanato, folclore, design e fazer relação direta e indireta entre eles.<br>&nbsp;<br></td></tr></tbody></table></figure>
</div></div>



<p class="has-text-align-center">Documento Curricular para RME Goiânia &#8211; EJA 2023</p>



<p class="has-text-align-center">Documento Curricular para GOIÁS &#8211; Ampliado  </p>



<p></p>
