{"id":3481,"date":"2020-06-15T09:47:00","date_gmt":"2020-06-15T12:47:00","guid":{"rendered":"http:\/\/sme.goiania.go.gov.br\/conexaoescola\/?post_type=atividades_acessivei&#038;p=3481"},"modified":"2020-07-07T08:27:01","modified_gmt":"2020-07-07T11:27:01","slug":"os-5-sentidos","status":"publish","type":"atividades_acessivei","link":"https:\/\/sme.goiania.go.gov.br\/conexaoescola\/atividades_acessivei\/os-5-sentidos\/","title":{"rendered":"Os 5 Sentidos"},"content":{"rendered":"\n<p style=\"font-size:23px\"><strong>Ol\u00e1!<\/strong><\/p>\n\n\n\n<p style=\"background-color:#dff1fc;font-size:21px\" class=\"has-text-color has-background has-very-dark-gray-color\"><strong>Voc\u00ea sabia que a crian\u00e7a aprende pelos 5 sentidos?<\/strong><\/p>\n\n\n\n<p style=\"font-size:22px\" class=\"has-text-color has-very-dark-gray-color\"><strong>Aqui est\u00e3o eles:<\/strong> <\/p>\n\n\n\n<p style=\"font-size:21px\" class=\"has-text-color has-background has-vivid-cyan-blue-color has-very-light-gray-background-color\"><strong>Audi\u00e7\u00e3o, Vis\u00e3o, Tato, Paladar e Olfato<\/strong><\/p>\n\n\n\n<p style=\"background-color:#dff1fc;font-size:21px\" class=\"has-text-color has-background has-very-dark-gray-color\"><strong>Ent\u00e3o, convido voc\u00ea a  aprender 5 atividades diferentes para estimular estes sentidos.<\/strong><\/p>\n\n\n\n<p style=\"font-size:21px\" class=\"has-background has-very-light-gray-background-color\"><strong>Assista o V\u00eddeo Abaixo para Aprender e se Divertir!<\/strong><\/p>\n\n\n\n<figure class=\"wp-block-embed-youtube wp-block-embed is-type-video is-provider-youtube wp-embed-aspect-16-9 wp-has-aspect-ratio\"><div class=\"wp-block-embed__wrapper\">\n<p class=\"responsive-video-wrap clr\"><iframe title=\"MASSAS SENSORIAIS - 5 EXCELENTES ATIVIDADES PARA DESENVOLVER HABILIDADES\" width=\"1200\" height=\"675\" src=\"https:\/\/www.youtube.com\/embed\/NR6AvLSEniI?feature=oembed\" frameborder=\"0\" allow=\"accelerometer; autoplay; encrypted-media; gyroscope; picture-in-picture\" allowfullscreen><\/iframe><\/p>\n<\/div><\/figure>\n\n\n\n<hr class=\"wp-block-separator\"\/>\n\n\n\n<p style=\"background-color:#dff1fc;font-size:21px\" class=\"has-background\"><strong>E ent\u00e3o? Gostou ?<\/strong>                                                   <strong>Agora Vamos Colocar essas Atividades Na Pr\u00e1tica?<\/strong>                                                                       <strong>Voc\u00ea vai perceber que \u00e9 poss\u00edvel aprender brincando, em qualquer lugar.<\/strong><\/p>\n\n\n\n<hr class=\"wp-block-separator\"\/>\n\n\n\n<p style=\"background-color:#fce7af;font-size:23px\" class=\"has-background\"><strong>ATIVIDADE:<\/strong><\/p>\n\n\n\n<p style=\"font-size:21px\"><strong>1-  <\/strong>Observe as cinco ideias que voc\u00ea pode realizar com as massas sensoriais (macarr\u00e3o).<\/p>\n\n\n\n<p style=\"font-size:21px\"><strong>2- <\/strong>Pinte o macarr\u00e3o com cores diferentes. Use tinta guache e um saco pl\u00e1stico; espalhe as massas e deixe secar. <\/p>\n\n\n\n<p style=\"font-size:21px\">3- Agora vamos brincar? <strong>Use a sua imagina\u00e7\u00e3o!<\/strong><\/p>\n\n\n\n<p style=\"background-color:#dff1fc;font-size:23px\" class=\"has-background\">Inclua a brincadeira na rotina de seu filho e de sua fam\u00edlia, todos v\u00e3o gostar da ideia, ser\u00e1 uma \u00f3tima oportunidade de CONEX\u00c3O entre voc\u00eas.<\/p>\n\n\n\n<p style=\"background-color:#ff9898;font-size:23px\" class=\"has-text-color has-background has-text-align-center has-very-light-gray-color\"><strong>BOM DIVERTIMENTO!<\/strong><\/p>\n\n\n\n<hr class=\"wp-block-separator\"\/>\n\n\n\n<p class=\"has-medium-font-size\"><strong>Necessidade Educacional Especial \u2013 Atividades acess\u00edveis<\/strong><\/p>\n\n\n\n<p class=\"has-medium-font-size\"><strong><strong>Defici\u00eancia Intelectual<\/strong><\/strong><\/p>\n","protected":false},"featured_media":3482,"template":"","aa_categoria":[57],"class_list":["post-3481","atividades_acessivei","type-atividades_acessivei","status-publish","has-post-thumbnail","hentry","aa_categoria-atividades-acessiveis","entry","has-media"],"acf":[],"_links":{"self":[{"href":"https:\/\/sme.goiania.go.gov.br\/conexaoescola\/wp-json\/wp\/v2\/atividades_acessivei\/3481","targetHints":{"allow":["GET"]}}],"collection":[{"href":"https:\/\/sme.goiania.go.gov.br\/conexaoescola\/wp-json\/wp\/v2\/atividades_acessivei"}],"about":[{"href":"https:\/\/sme.goiania.go.gov.br\/conexaoescola\/wp-json\/wp\/v2\/types\/atividades_acessivei"}],"wp:featuredmedia":[{"embeddable":true,"href":"https:\/\/sme.goiania.go.gov.br\/conexaoescola\/wp-json\/wp\/v2\/media\/3482"}],"wp:attachment":[{"href":"https:\/\/sme.goiania.go.gov.br\/conexaoescola\/wp-json\/wp\/v2\/media?parent=3481"}],"wp:term":[{"taxonomy":"aa_categoria","embeddable":true,"href":"https:\/\/sme.goiania.go.gov.br\/conexaoescola\/wp-json\/wp\/v2\/aa_categoria?post=3481"}],"curies":[{"name":"wp","href":"https:\/\/api.w.org\/{rel}","templated":true}]}}

<p style="font-size:23px"><strong>Olá!</strong></p>



<p style="background-color:#dff1fc;font-size:21px" class="has-text-color has-background has-very-dark-gray-color"><strong>Você sabia que a criança aprende pelos 5 sentidos?</strong></p>



<p style="font-size:22px" class="has-text-color has-very-dark-gray-color"><strong>Aqui estão eles:</strong> </p>



<p style="font-size:21px" class="has-text-color has-background has-vivid-cyan-blue-color has-very-light-gray-background-color"><strong>Audição, Visão, Tato, Paladar e Olfato</strong></p>



<p style="background-color:#dff1fc;font-size:21px" class="has-text-color has-background has-very-dark-gray-color"><strong>Então, convido você a  aprender 5 atividades diferentes para estimular estes sentidos.</strong></p>



<p style="font-size:21px" class="has-background has-very-light-gray-background-color"><strong>Assista o Vídeo Abaixo para Aprender e se Divertir!</strong></p>



<figure class="wp-block-embed-youtube wp-block-embed is-type-video is-provider-youtube wp-embed-aspect-16-9 wp-has-aspect-ratio"><div class="wp-block-embed__wrapper">
<p class="responsive-video-wrap clr"><iframe title="MASSAS SENSORIAIS - 5 EXCELENTES ATIVIDADES PARA DESENVOLVER HABILIDADES" width="1200" height="675" src="https://www.youtube.com/embed/NR6AvLSEniI?feature=oembed" frameborder="0" allow="accelerometer; autoplay; encrypted-media; gyroscope; picture-in-picture" allowfullscreen></iframe></p>
</div></figure>



<hr class="wp-block-separator"/>



<p style="background-color:#dff1fc;font-size:21px" class="has-background"><strong>E então? Gostou ?</strong>                                                   <strong>Agora Vamos Colocar essas Atividades Na Prática?</strong>                                                                       <strong>Você vai perceber que é possível aprender brincando, em qualquer lugar.</strong></p>



<hr class="wp-block-separator"/>



<p style="background-color:#fce7af;font-size:23px" class="has-background"><strong>ATIVIDADE:</strong></p>



<p style="font-size:21px"><strong>1-  </strong>Observe as cinco ideias que você pode realizar com as massas sensoriais (macarrão).</p>



<p style="font-size:21px"><strong>2- </strong>Pinte o macarrão com cores diferentes. Use tinta guache e um saco plástico; espalhe as massas e deixe secar. </p>



<p style="font-size:21px">3- Agora vamos brincar? <strong>Use a sua imaginação!</strong></p>



<p style="background-color:#dff1fc;font-size:23px" class="has-background">Inclua a brincadeira na rotina de seu filho e de sua família, todos vão gostar da ideia, será uma ótima oportunidade de CONEXÃO entre vocês.</p>



<p style="background-color:#ff9898;font-size:23px" class="has-text-color has-background has-text-align-center has-very-light-gray-color"><strong>BOM DIVERTIMENTO!</strong></p>



<hr class="wp-block-separator"/>



<p class="has-medium-font-size"><strong>Necessidade Educacional Especial – Atividades acessíveis</strong></p>



<p class="has-medium-font-size"><strong><strong>Deficiência Intelectual</strong></strong></p>
